162.254.121.55 - - [25/Oct/2022:19:30:41 -0700] "GET /wp-content/plugins/wp-facebook-reviews/public/css/wprev-fb-combine.css?ver=11.0 HTTP/1.1" 200 1859 "https://wellnessconceptsclinic.com/" "Mozilla/5.0 (iPhone; CPU iPhone OS 15_6_1 like Mac OS X) AppleWebKit/605.1.15 (KHTML, like Gecko) Version/15.6.1 Mobile/15E148 Safari/604.1" "wellnessconceptsclinic.com"
162.254.121.55 - - [25/Oct/2022:19:30:41 -0700] "GET /wp-content/plugins/wp-yelp-review-slider/public/css/wprs_unslider-dots.css?ver=6.3 HTTP/1.1" 200 247 "https://wellnessconceptsclinic.com/" "Mozilla/5.0 (iPhone; CPU iPhone OS 15_6_1 like Mac OS X) AppleWebKit/605.1.15 (KHTML, like Gecko) Version/15.6.1 Mobile/15E148 Safari/604.1" "wellnessconceptsclinic.com"
162.254.121.55 - - [25/Oct/2022:19:30:41 -0700] "GET /wp-content/plugins/wp-yelp-review-slider/public/css/wpyelp_w3.css?ver=6.3 HTTP/1.1" 200 499 "https://wellnessconceptsclinic.com/" "Mozilla/5.0 (iPhone; CPU iPhone OS 15_6_1 like Mac OS X) AppleWebKit/605.1.15 (KHTML, like Gecko) Version/15.6.1 Mobile/15E148 Safari/604.1" "wellnessconceptsclinic.com"
162.254.121.55 - - [25/Oct/2022:19:30:41 -0700] "GET /wp-content/plugins/tabs-responsive/assets/css/bootstrap-front.css?ver=5.9.5 HTTP/1.1" 200 2640 "https://wellnessconceptsclinic.com/" "Mozilla/5.0 (iPhone; CPU iPhone OS 15_6_1 like Mac OS X) AppleWebKit/605.1.15 (KHTML, like Gecko) Version/15.6.1 Mobile/15E148 Safari/604.1" "wellnessconceptsclinic.com"
162.254.121.55 - - [25/Oct/2022:19:30:41 -0700] "GET /wp-content/plugins/tabs-responsive/assets/css/animate.css?ver=5.9.5 HTTP/1.1" 200 4936 "https://wellnessconceptsclinic.com/" "Mozilla/5.0 (iPhone; CPU iPhone OS 15_6_1 like Mac OS X) AppleWebKit/605.1.15 (KHTML, like Gecko) Version/15.6.1 Mobile/15E148 Safari/604.1" "wellnessconceptsclinic.com"
162.254.121.55 - - [25/Oct/2022:19:30:41 -0700] "GET /wp-content/uploads/wtfdivi/wp_head.css?ver=1620759003 HTTP/1.1" 200 441 "https://wellnessconceptsclinic.com/" "Mozilla/5.0 (iPhone; CPU iPhone OS 15_6_1 like Mac OS X) AppleWebKit/605.1.15 (KHTML, like Gecko) Version/15.6.1 Mobile/15E148 Safari/604.1" "wellnessconceptsclinic.com"
162.254.121.55 - - [25/Oct/2022:19:30:41 -0700] "GET /wp-content/plugins/wp-yelp-review-slider/public/css/wprev-public_template1.css?ver=6.3 HTTP/1.1" 200 1198 "https://wellnessconceptsclinic.com/" "Mozilla/5.0 (iPhone; CPU iPhone OS 15_6_1 like Mac OS X) AppleWebKit/605.1.15 (KHTML, like Gecko) Version/15.6.1 Mobile/15E148 Safari/604.1" "wellnessconceptsclinic.com"
162.254.121.55 - - [25/Oct/2022:19:30:41 -0700] "GET /wp-content/plugins/wp-yelp-review-slider/public/css/wprs_unslider.css?ver=6.3 HTTP/1.1" 200 533 "https://wellnessconceptsclinic.com/" "Mozilla/5.0 (iPhone; CPU iPhone OS 15_6_1 like Mac OS X) AppleWebKit/605.1.15 (KHTML, like Gecko) Version/15.6.1 Mobile/15E148 Safari/604.1" "wellnessconceptsclinic.com"
162.254.121.55 - - [25/Oct/2022:19:30:41 -0700] "GET /wp-content/plugins/tabs-responsive/assets/css/font-awesome/css/font-awesome.min.css?ver=5.9.5 HTTP/1.1" 200 4696 "https://wellnessconceptsclinic.com/" "Mozilla/5.0 (iPhone; CPU iPhone OS 15_6_1 like Mac OS X) AppleWebKit/605.1.15 (KHTML, like Gecko) Version/15.6.1 Mobile/15E148 Safari/604.1" "wellnessconceptsclinic.com"
162.254.121.55 - - [25/Oct/2022:19:30:42 -0700] "GET /wp-includes/js/jquery/jquery-migrate.min.js?ver=3.3.2 HTTP/1.1" 200 4169 "https://wellnessconceptsclinic.com/" "Mozilla/5.0 (iPhone; CPU iPhone OS 15_6_1 like Mac OS X) AppleWebKit/605.1.15 (KHTML, like Gecko) Version/15.6.1 Mobile/15E148 Safari/604.1" "wellnessconceptsclinic.com"
162.254.121.55 - - [25/Oct/2022:19:30:42 -0700] "GET /wp-content/plugins/wp-yelp-review-slider/public/js/wprev-public.js?ver=6.3 HTTP/1.1" 200 609 "https://wellnessconceptsclinic.com/" "Mozilla/5.0 (iPhone; CPU iPhone OS 15_6_1 like Mac OS X) AppleWebKit/605.1.15 (KHTML, like Gecko) Version/15.6.1 Mobile/15E148 Safari/604.1" "wellnessconceptsclinic.com"
162.254.121.55 - - [25/Oct/2022:19:30:42 -0700] "GET /wp-content/plugins/wp-facebook-reviews/public/js/wprs-unslider-min.js?ver=11.0 HTTP/1.1" 200 2349 "https://wellnessconceptsclinic.com/" "Mozilla/5.0 (iPhone; CPU iPhone OS 15_6_1 like Mac OS X) AppleWebKit/605.1.15 (KHTML, like Gecko) Version/15.6.1 Mobile/15E148 Safari/604.1" "wellnessconceptsclinic.com"
162.254.121.55 - - [25/Oct/2022:19:30:42 -0700] "GET /wp-includes/js/jquery/jquery.min.js?ver=3.6.0 HTTP/1.1" 200 30908 "https://wellnessconceptsclinic.com/" "Mozilla/5.0 (iPhone; CPU iPhone OS 15_6_1 like Mac OS X) AppleWebKit/605.1.15 (KHTML, like Gecko) Version/15.6.1 Mobile/15E148 Safari/604.1" "wellnessconceptsclinic.com"
162.254.121.55 - - [25/Oct/2022:19:30:42 -0700] "GET /wp-content/plugins/wp-yelp-review-slider/public/js/wprs-unslider-min.js?ver=6.3 HTTP/1.1" 200 2349 "https://wellnessconceptsclinic.com/" "Mozilla/5.0 (iPhone; CPU iPhone OS 15_6_1 like Mac OS X) AppleWebKit/605.1.15 (KHTML, like Gecko) Version/15.6.1 Mobile/15E148 Safari/604.1" "wellnessconceptsclinic.com"
162.254.121.55 - - [25/Oct/2022:19:30:42 -0700] "GET /wp-content/plugins/wp-facebook-reviews/public/js/wprev-public.js?ver=11.0 HTTP/1.1" 200 610 "https://wellnessconceptsclinic.com/" "Mozilla/5.0 (iPhone; CPU iPhone OS 15_6_1 like Mac OS X) AppleWebKit/605.1.15 (KHTML, like Gecko) Version/15.6.1 Mobile/15E148 Safari/604.1" "wellnessconceptsclinic.com"
162.254.121.55 - - [25/Oct/2022:19:30:42 -0700] "GET /wp-content/et-cache/9/et-core-unified-deferred-9.min.css?ver=1666715048 HTTP/1.1" 200 682 "https://wellnessconceptsclinic.com/" "Mozilla/5.0 (iPhone; CPU iPhone OS 15_6_1 like Mac OS X) AppleWebKit/605.1.15 (KHTML, like Gecko) Version/15.6.1 Mobile/15E148 Safari/604.1" "wellnessconceptsclinic.com"
162.254.121.55 - - [25/Oct/2022:19:30:42 -0700] "GET /wp-content/uploads/wtfdivi/wp_footer.js?ver=1620759003 HTTP/1.1" 200 183 "https://wellnessconceptsclinic.com/" "Mozilla/5.0 (iPhone; CPU iPhone OS 15_6_1 like Mac OS X) AppleWebKit/605.1.15 (KHTML, like Gecko) Version/15.6.1 Mobile/15E148 Safari/604.1" "wellnessconceptsclinic.com"
162.254.121.55 - - [25/Oct/2022:19:30:42 -0700] "GET /wp-content/plugins/tabs-responsive/assets/js/tabs-custom.js?ver=5.9.5 HTTP/1.1" 200 13700 "https://wellnessconceptsclinic.com/" "Mozilla/5.0 (iPhone; CPU iPhone OS 15_6_1 like Mac OS X) AppleWebKit/605.1.15 (KHTML, like Gecko) Version/15.6.1 Mobile/15E148 Safari/604.1" "wellnessconceptsclinic.com"
162.254.121.55 - - [25/Oct/2022:19:30:42 -0700] "GET /wp-content/plugins/divi-booster/core/icons/socicon/fonts/Socicon.woff2?87visu HTTP/1.1" 200 64512 "https://wellnessconceptsclinic.com/" "Mozilla/5.0 (iPhone; CPU iPhone OS 15_6_1 like Mac OS X) AppleWebKit/605.1.15 (KHTML, like Gecko) Version/15.6.1 Mobile/15E148 Safari/604.1" "wellnessconceptsclinic.com"
162.254.121.55 - - [25/Oct/2022:19:30:42 -0700] "GET /wp-content/plugins/divi-booster/core/icons/divi-booster-icons/icomoon/style.css?ver=3.9.9 HTTP/1.1" 200 453 "https://wellnessconceptsclinic.com/" "Mozilla/5.0 (iPhone; CPU iPhone OS 15_6_1 like Mac OS X) AppleWebKit/605.1.15 (KHTML, like Gecko) Version/15.6.1 Mobile/15E148 Safari/604.1" "wellnessconceptsclinic.com"
162.254.121.55 - - [25/Oct/2022:19:30:42 -0700] "GET /wp-content/themes/Divi/includes/builder/feature/dynamic-assets/assets/js/jquery.fitvids.js?ver=4.18.0 HTTP/1.1" 200 1341 "https://wellnessconceptsclinic.com/" "Mozilla/5.0 (iPhone; CPU iPhone OS 15_6_1 like Mac OS X) AppleWebKit/605.1.15 (KHTML, like Gecko) Version/15.6.1 Mobile/15E148 Safari/604.1" "wellnessconceptsclinic.com"
162.254.121.55 - - [25/Oct/2022:19:30:42 -0700] "GET /wp-content/plugins/tabs-responsive/assets/js/bootstrap.js?ver=5.9.5 HTTP/1.1" 200 20 "https://wellnessconceptsclinic.com/" "Mozilla/5.0 (iPhone; CPU iPhone OS 15_6_1 like Mac OS X) AppleWebKit/605.1.15 (KHTML, like Gecko) Version/15.6.1 Mobile/15E148 Safari/604.1" "wellnessconceptsclinic.com"
162.254.121.55 - - [25/Oct/2022:19:30:42 -0700] "GET /wp-content/themes/Divi/js/scripts.min.js?ver=4.18.0 HTTP/1.1" 200 70295 "https://wellnessconceptsclinic.com/" "Mozilla/5.0 (iPhone; CPU iPhone OS 15_6_1 like Mac OS X) AppleWebKit/605.1.15 (KHTML, like Gecko) Version/15.6.1 Mobile/15E148 Safari/604.1" "wellnessconceptsclinic.com"
162.254.121.55 - - [25/Oct/2022:19:30:42 -0700] "GET /wp-content/plugins/divi-booster/core/icons/socicon/style.css?ver=3.9.9 HTTP/1.1" 200 2812 "https://wellnessconceptsclinic.com/" "Mozilla/5.0 (iPhone; CPU iPhone OS 15_6_1 like Mac OS X) AppleWebKit/605.1.15 (KHTML, like Gecko) Version/15.6.1 Mobile/15E148 Safari/604.1" "wellnessconceptsclinic.com"
162.254.121.55 - - [25/Oct/2022:19:30:42 -0700] "GET /wp-content/themes/Divi/core/admin/js/common.js?ver=4.18.0 HTTP/1.1" 200 566 "https://wellnessconceptsclinic.com/" "Mozilla/5.0 (iPhone; CPU iPhone OS 15_6_1 like Mac OS X) AppleWebKit/605.1.15 (KHTML, like Gecko) Version/15.6.1 Mobile/15E148 Safari/604.1" "wellnessconceptsclinic.com"
162.254.121.55 - - [25/Oct/2022:19:30:42 -0700] "GET /wp-content/themes/Divi/core/admin/fonts/modules/all/modules.ttf HTTP/1.1" 200 92400 "https://wellnessconceptsclinic.com/" "Mozilla/5.0 (iPhone; CPU iPhone OS 15_6_1 like Mac OS X) AppleWebKit/605.1.15 (KHTML, like Gecko) Version/15.6.1 Mobile/15E148 Safari/604.1" "wellnessconceptsclinic.com"
162.254.121.55 - - [25/Oct/2022:19:30:42 -0700] "GET /wellness/wp-content/uploads/2018/11/Screen-Shot-2018-11-06-at-9.58.39-AM.png HTTP/1.1" 200 26036 "https://wellnessconceptsclinic.com/" "Mozilla/5.0 (iPhone; CPU iPhone OS 15_6_1 like Mac OS X) AppleWebKit/605.1.15 (KHTML, like Gecko) Version/15.6.1 Mobile/15E148 Safari/604.1" "wellnessconceptsclinic.com"
162.254.121.55 - - [25/Oct/2022:19:30:42 -0700] "GET /wp-content/uploads/2022/02/pic-2022.jpg HTTP/1.1" 404 88 "https://wellnessconceptsclinic.com/" "Mozilla/5.0 (iPhone; CPU iPhone OS 15_6_1 like Mac OS X) AppleWebKit/605.1.15 (KHTML, like Gecko) Version/15.6.1 Mobile/15E148 Safari/604.1" "wellnessconceptsclinic.com"
162.254.121.55 - - [25/Oct/2022:19:30:43 -0700] "GET /wp-content/uploads/2022/01/MCR-Acu-pic.png HTTP/1.1" 200 23193 "https://wellnessconceptsclinic.com/" "Mozilla/5.0 (iPhone; CPU iPhone OS 15_6_1 like Mac OS X) AppleWebKit/605.1.15 (KHTML, like Gecko) Version/15.6.1 Mobile/15E148 Safari/604.1" "wellnessconceptsclinic.com"
162.254.121.55 - - [25/Oct/2022:19:30:43 -0700] "GET /wp-content/uploads/2022/10/heatingpad-1.png HTTP/1.1" 200 20389 "https://wellnessconceptsclinic.com/" "Mozilla/5.0 (iPhone; CPU iPhone OS 15_6_1 like Mac OS X) AppleWebKit/605.1.15 (KHTML, like Gecko) Version/15.6.1 Mobile/15E148 Safari/604.1" "wellnessconceptsclinic.com"
162.254.121.55 - - [25/Oct/2022:19:30:43 -0700] "GET /wp-content/uploads/2021/10/Oct-2021-website-ad.jpg HTTP/1.1" 200 37692 "https://wellnessconceptsclinic.com/" "Mozilla/5.0 (iPhone; CPU iPhone OS 15_6_1 like Mac OS X) AppleWebKit/605.1.15 (KHTML, like Gecko) Version/15.6.1 Mobile/15E148 Safari/604.1" "wellnessconceptsclinic.com"
162.254.121.55 - - [25/Oct/2022:19:30:43 -0700] "GET /wp-content/uploads/2022/10/pic.jpg HTTP/1.1" 200 61825 "https://wellnessconceptsclinic.com/" "Mozilla/5.0 (iPhone; CPU iPhone OS 15_6_1 like Mac OS X) AppleWebKit/605.1.15 (KHTML, like Gecko) Version/15.6.1 Mobile/15E148 Safari/604.1" "wellnessconceptsclinic.com"
162.254.121.55 - - [25/Oct/2022:19:30:43 -0700] "GET /wp-content/uploads/2021/05/185300231_1124006634769468_196384368853979452_n.jpg HTTP/1.1" 200 146243 "-" "Mozilla/5.0 (iPhone; CPU iPhone OS 15_6_1 like Mac OS X) AppleWebKit/605.1.15 (KHTML, like Gecko) Version/15.6.1 Mobile/15E148 Safari/604.1" "wellnessconceptsclinic.com"
162.254.121.55 - - [25/Oct/2022:19:30:43 -0700] "GET /wp-includes/css/dist/block-library/style.min.css?ver=5.9.5 HTTP/1.1" 200 11206 "https://wellnessconceptsclinic.com/" "Mozilla/5.0 (iPhone; CPU iPhone OS 15_6_1 like Mac OS X) AppleWebKit/605.1.15 (KHTML, like Gecko) Version/15.6.1 Mobile/15E148 Safari/604.1" "wellnessconceptsclinic.com"
162.254.121.55 - - [25/Oct/2022:19:30:43 -0700] "GET /wp-content/uploads/2022/10/October-1-2022.jpg HTTP/1.1" 200 112285 "https://wellnessconceptsclinic.com/" "Mozilla/5.0 (iPhone; CPU iPhone OS 15_6_1 like Mac OS X) AppleWebKit/605.1.15 (KHTML, like Gecko) Version/15.6.1 Mobile/15E148 Safari/604.1" "wellnessconceptsclinic.com"
162.254.121.55 - - [25/Oct/2022:19:30:43 -0700] "GET /wp-content/themes/Divi/includes/builder/images/marker.png HTTP/1.1" 200 1940 "https://wellnessconceptsclinic.com/" "Mozilla/5.0 (iPhone; CPU iPhone OS 15_6_1 like Mac OS X) AppleWebKit/605.1.15 (KHTML, like Gecko) Version/15.6.1 Mobile/15E148 Safari/604.1" "wellnessconceptsclinic.com"
162.254.121.55 - - [25/Oct/2022:19:30:44 -0700] "GET /wp-content/uploads/2021/02/cropped-IMG_9103_1.14760356_std-2-32x32.jpg HTTP/1.1" 200 1164 "https://wellnessconceptsclinic.com/" "Mozilla/5.0 (iPhone; CPU iPhone OS 15_6_1 like Mac OS X) AppleWebKit/605.1.15 (KHTML, like Gecko) Version/15.6.1 Mobile/15E148 Safari/604.1" "wellnessconceptsclinic.com"
162.254.121.55 - - [25/Oct/2022:19:30:44 -0700] "GET /wp-content/uploads/2021/02/cropped-IMG_9103_1.14760356_std-2-192x192.jpg HTTP/1.1" 200 5530 "https://wellnessconceptsclinic.com/" "Mozilla/5.0 (iPhone; CPU iPhone OS 15_6_1 like Mac OS X) AppleWebKit/605.1.15 (KHTML, like Gecko) Version/15.6.1 Mobile/15E148 Safari/604.1" "wellnessconceptsclinic.com"
45.116.79.41 - - [25/Oct/2022:19:30:47 -0700] "GET /wp-includes/Text/Diff/Renderer/ HTTP/1.1" 200 387 "binance.com" "Mozilla/5.0 (Windows NT 10.0; Win64; x64) AppleWebKit/537.36 (KHTML, like Gecko) Chrome/90.0.4430.85 Safari/537.36" "wellnessconceptsclinic.com"
45.116.79.41 - - [25/Oct/2022:19:31:03 -0700] "GET /wp-includes/Text/Diff/Renderer/ HTTP/1.1" 200 387 "binance.com" "Mozilla/5.0 (Windows NT 10.0; Win64; x64) AppleWebKit/537.36 (KHTML, like Gecko) Chrome/90.0.4430.85 Safari/537.36" "wellnessconceptsclinic.com"
45.116.79.41 - - [25/Oct/2022:19:31:16 -0700] "GET /wp-includes/blocks/ HTTP/1.1" 500 - "binance.com" "Mozilla/5.0 (Windows NT 10.0; Win64; x64) AppleWebKit/537.36 (KHTML, like Gecko) Chrome/90.0.4430.85 Safari/537.36" "wellnessconceptsclinic.com"
45.116.79.41 - - [25/Oct/2022:19:31:22 -0700] "GET /wp-includes/pomo/ HTTP/1.1" 200 472 "binance.com" "Mozilla/5.0 (Windows NT 10.0; Win64; x64) AppleWebKit/537.36 (KHTML, like Gecko) Chrome/90.0.4430.85 Safari/537.36" "wellnessconceptsclinic.com"
45.116.79.41 - - [25/Oct/2022:19:31:30 -0700] "GET /wp-includes/pomo/ HTTP/1.1" 200 472 "binance.com" "Mozilla/5.0 (Windows NT 10.0; Win64; x64) AppleWebKit/537.36 (KHTML, like Gecko) Chrome/90.0.4430.85 Safari/537.36" "wellnessconceptsclinic.com"
162.254.121.55 - - [25/Oct/2022:19:31:23 -0700] "GET /?page_id=609 HTTP/1.1" 200 125508 "https://wellnessconceptsclinic.com/" "Mozilla/5.0 (iPhone; CPU iPhone OS 15_6_1 like Mac OS X) AppleWebKit/605.1.15 (KHTML, like Gecko) Version/15.6.1 Mobile/15E148 Safari/604.1" "wellnessconceptsclinic.com"
162.254.121.55 - - [25/Oct/2022:19:31:34 -0700] "GET /wp-content/et-cache/global/et-divi-customizer-global.min.css?ver=1666717433 HTTP/1.1" 200 796 "https://wellnessconceptsclinic.com/?page_id=609" "Mozilla/5.0 (iPhone; CPU iPhone OS 15_6_1 like Mac OS X) AppleWebKit/605.1.15 (KHTML, like Gecko) Version/15.6.1 Mobile/15E148 Safari/604.1" "wellnessconceptsclinic.com"
162.254.121.55 - - [25/Oct/2022:19:31:34 -0700] "GET /wp-content/uploads/2021/05/185300231_1124006634769468_196384368853979452_n.jpg HTTP/1.1" 200 146243 "-" "Mozilla/5.0 (iPhone; CPU iPhone OS 15_6_1 like Mac OS X) AppleWebKit/605.1.15 (KHTML, like Gecko) Version/15.6.1 Mobile/15E148 Safari/604.1" "wellnessconceptsclinic.com"
45.116.79.41 - - [25/Oct/2022:19:31:38 -0700] "GET /wp-includes/sitemaps/ HTTP/1.1" 200 507 "binance.com" "Mozilla/5.0 (Windows NT 10.0; Win64; x64) AppleWebKit/537.36 (KHTML, like Gecko) Chrome/90.0.4430.85 Safari/537.36" "wellnessconceptsclinic.com"
45.116.79.41 - - [25/Oct/2022:19:31:44 -0700] "GET /wp-includes/sitemaps/ HTTP/1.1" 200 507 "binance.com" "Mozilla/5.0 (Windows NT 10.0; Win64; x64) AppleWebKit/537.36 (KHTML, like Gecko) Chrome/90.0.4430.85 Safari/537.36" "wellnessconceptsclinic.com"
45.116.79.41 - - [25/Oct/2022:19:31:58 -0700] "GET /wp-includes/sitemaps/providers/ HTTP/1.1" 200 437 "binance.com" "Mozilla/5.0 (Windows NT 10.0; Win64; x64) AppleWebKit/537.36 (KHTML, like Gecko) Chrome/90.0.4430.85 Safari/537.36" "wellnessconceptsclinic.com"
162.254.121.55 - - [25/Oct/2022:19:31:48 -0700] "GET /?page_id=31 HTTP/1.1" 200 140483 "https://wellnessconceptsclinic.com/" "Mozilla/5.0 (iPhone; CPU iPhone OS 15_6_1 like Mac OS X) AppleWebKit/605.1.15 (KHTML, like Gecko) Version/15.6.1 Mobile/15E148 Safari/604.1" "wellnessconceptsclinic.com"
162.254.121.55 - - [25/Oct/2022:19:31:59 -0700] "GET /wp-content/uploads/2018/11/accupuncture.jpg HTTP/1.1" 200 139648 "https://wellnessconceptsclinic.com/?page_id=31" "Mozilla/5.0 (iPhone; CPU iPhone OS 15_6_1 like Mac OS X) AppleWebKit/605.1.15 (KHTML, like Gecko) Version/15.6.1 Mobile/15E148 Safari/604.1" "wellnessconceptsclinic.com"
162.254.121.55 - - [25/Oct/2022:19:31:59 -0700] "GET /wp-content/uploads/2021/05/185300231_1124006634769468_196384368853979452_n.jpg HTTP/1.1" 200 146243 "-" "Mozilla/5.0 (iPhone; CPU iPhone OS 15_6_1 like Mac OS X) AppleWebKit/605.1.15 (KHTML, like Gecko) Version/15.6.1 Mobile/15E148 Safari/604.1" "wellnessconceptsclinic.com"
45.116.79.41 - - [25/Oct/2022:19:32:08 -0700] "GET /wp-includes/sitemaps/providers/ HTTP/1.1" 200 437 "binance.com" "Mozilla/5.0 (Windows NT 10.0; Win64; x64) AppleWebKit/537.36 (KHTML, like Gecko) Chrome/90.0.4430.85 Safari/537.36" "wellnessconceptsclinic.com"
107.77.208.230 - - [25/Oct/2022:19:32:10 -0700] "GET / HTTP/1.1" 200 180441 "https://www.google.com/" "Mozilla/5.0 (Linux; Android 12; SAMSUNG SM-G975U) AppleWebKit/537.36 (KHTML, like Gecko) SamsungBrowser/18.0 Chrome/99.0.4844.88 Mobile Safari/537.36" "wellnessconceptsclinic.com"
45.116.79.41 - - [25/Oct/2022:19:32:21 -0700] "GET /wp-includes/widgets/ HTTP/1.1" 200 668 "binance.com" "Mozilla/5.0 (Windows NT 10.0; Win64; x64) AppleWebKit/537.36 (KHTML, like Gecko) Chrome/90.0.4430.85 Safari/537.36" "wellnessconceptsclinic.com"
162.254.121.55 - - [25/Oct/2022:19:32:16 -0700] "GET /?page_id=64 HTTP/1.1" 200 143855 "https://wellnessconceptsclinic.com/?page_id=31" "Mozilla/5.0 (iPhone; CPU iPhone OS 15_6_1 like Mac OS X) AppleWebKit/605.1.15 (KHTML, like Gecko) Version/15.6.1 Mobile/15E148 Safari/604.1" "wellnessconceptsclinic.com"
162.254.121.55 - - [25/Oct/2022:19:32:22 -0700] "GET /wp-content/uploads/2018/11/Dr.-Jill-2-Copy.jpg HTTP/1.1" 200 273342 "https://wellnessconceptsclinic.com/?page_id=64" "Mozilla/5.0 (iPhone; CPU iPhone OS 15_6_1 like Mac OS X) AppleWebKit/605.1.15 (KHTML, like Gecko) Version/15.6.1 Mobile/15E148 Safari/604.1" "wellnessconceptsclinic.com"
162.254.121.55 - - [25/Oct/2022:19:32:22 -0700] "GET /wp-content/uploads/2019/11/drjill-fishing.jpg HTTP/1.1" 200 56963 "https://wellnessconceptsclinic.com/?page_id=64" "Mozilla/5.0 (iPhone; CPU iPhone OS 15_6_1 like Mac OS X) AppleWebKit/605.1.15 (KHTML, like Gecko) Version/15.6.1 Mobile/15E148 Safari/604.1" "wellnessconceptsclinic.com"
162.254.121.55 - - [25/Oct/2022:19:32:22 -0700] "GET /wp-content/uploads/2018/11/k-life-2009.266134058_large.jpg HTTP/1.1" 200 91182 "https://wellnessconceptsclinic.com/?page_id=64" "Mozilla/5.0 (iPhone; CPU iPhone OS 15_6_1 like Mac OS X) AppleWebKit/605.1.15 (KHTML, like Gecko) Version/15.6.1 Mobile/15E148 Safari/604.1" "wellnessconceptsclinic.com"
162.254.121.55 - - [25/Oct/2022:19:32:22 -0700] "GET /wp-content/uploads/2019/06/Dr.-Jill-Award.jpg HTTP/1.1" 200 192734 "https://wellnessconceptsclinic.com/?page_id=64" "Mozilla/5.0 (iPhone; CPU iPhone OS 15_6_1 like Mac OS X) AppleWebKit/605.1.15 (KHTML, like Gecko) Version/15.6.1 Mobile/15E148 Safari/604.1" "wellnessconceptsclinic.com"
162.254.121.55 - - [25/Oct/2022:19:32:22 -0700] "GET /wp-content/uploads/2021/05/185300231_1124006634769468_196384368853979452_n.jpg HTTP/1.1" 200 146243 "-" "Mozilla/5.0 (iPhone; CPU iPhone OS 15_6_1 like Mac OS X) AppleWebKit/605.1.15 (KHTML, like Gecko) Version/15.6.1 Mobile/15E148 Safari/604.1" "wellnessconceptsclinic.com"
79.124.8.3 - - [25/Oct/2022:19:32:14 -0700] "POST /wp-login.php HTTP/1.1" 200 7593 "-" "Mozilla/5.0 (Windows NT 6.1; WOW64) AppleWebKit/537.36 (KHTML, like Gecko) Chrome/56.0.2924.90 Safari/537.36 2345Explorer/9.3.2.17331" "wellnessconceptsclinic.com"
107.77.208.230 - - [25/Oct/2022:19:32:16 -0700] "GET / HTTP/1.1" 200 180441 "https://www.google.com/" "Mozilla/5.0 (Linux; Android 12; SAMSUNG SM-G975U) AppleWebKit/537.36 (KHTML, like Gecko) SamsungBrowser/18.0 Chrome/99.0.4844.88 Mobile Safari/537.36" "wellnessconceptsclinic.com"
107.77.208.230 - - [25/Oct/2022:19:32:15 -0700] "GET / HTTP/1.1" 200 180441 "https://www.google.com/" "Mozilla/5.0 (Linux; Android 12; SAMSUNG SM-G975U) AppleWebKit/537.36 (KHTML, like Gecko) SamsungBrowser/18.0 Chrome/99.0.4844.88 Mobile Safari/537.36" "wellnessconceptsclinic.com"
45.116.79.41 - - [25/Oct/2022:19:32:37 -0700] "GET /wp-includes/widgets/ HTTP/1.1" 200 668 "binance.com" "Mozilla/5.0 (Windows NT 10.0; Win64; x64) AppleWebKit/537.36 (KHTML, like Gecko) Chrome/90.0.4430.85 Safari/537.36" "wellnessconceptsclinic.com"
45.116.79.41 - - [25/Oct/2022:19:32:45 -0700] "GET /wp-includes/widgets/class-wp-widget-block.php HTTP/1.1" 500 - "binance.com" "Mozilla/5.0 (Windows NT 10.0; Win64; x64) AppleWebKit/537.36 (KHTML, like Gecko) Chrome/90.0.4430.85 Safari/537.36" "wellnessconceptsclinic.com"
45.116.79.41 - - [25/Oct/2022:19:32:50 -0700] "GET /wp-includes/css/ HTTP/1.1" 200 923 "binance.com" "Mozilla/5.0 (Windows NT 10.0; Win64; x64) AppleWebKit/537.36 (KHTML, like Gecko) Chrome/90.0.4430.85 Safari/537.36" "wellnessconceptsclinic.com"
79.124.8.3 - - [25/Oct/2022:19:32:44 -0700] "POST /wp-login.php HTTP/1.1" 200 7593 "-" "Mozilla/5.0 (Windows NT 6.1; WOW64) AppleWebKit/537.36 (KHTML, like Gecko) Chrome/56.0.2924.90 Safari/537.36 2345Explorer/9.3.2.17331" "wellnessconceptsclinic.com"
79.124.8.3 - - [25/Oct/2022:19:32:50 -0700] "POST /wp-login.php HTTP/1.1" 200 7593 "-" "Mozilla/5.0 (Windows NT 6.1; WOW64) AppleWebKit/537.36 (KHTML, like Gecko) Chrome/56.0.2924.90 Safari/537.36 2345Explorer/9.3.2.17331" "wellnessconceptsclinic.com"
45.116.79.41 - - [25/Oct/2022:19:33:01 -0700] "GET /wp-includes/css/dist/ HTTP/1.1" 200 559 "binance.com" "Mozilla/5.0 (Windows NT 10.0; Win64; x64) AppleWebKit/537.36 (KHTML, like Gecko) Chrome/90.0.4430.85 Safari/537.36" "wellnessconceptsclinic.com"
45.116.79.41 - - [25/Oct/2022:19:33:07 -0700] "GET /wp-includes/fonts/ HTTP/1.1" 200 457 "binance.com" "Mozilla/5.0 (Windows NT 10.0; Win64; x64) AppleWebKit/537.36 (KHTML, like Gecko) Chrome/90.0.4430.85 Safari/537.36" "wellnessconceptsclinic.com"
45.116.79.41 - - [25/Oct/2022:19:33:15 -0700] "GET /wp-includes/images/ HTTP/1.1" 200 836 "binance.com" "Mozilla/5.0 (Windows NT 10.0; Win64; x64) AppleWebKit/537.36 (KHTML, like Gecko) Chrome/90.0.4430.85 Safari/537.36" "wellnessconceptsclinic.com"
45.116.79.41 - - [25/Oct/2022:19:33:24 -0700] "GET /wp-includes/images/crystal/ HTTP/1.1" 200 547 "binance.com" "Mozilla/5.0 (Windows NT 10.0; Win64; x64) AppleWebKit/537.36 (KHTML, like Gecko) Chrome/90.0.4430.85 Safari/537.36" "wellnessconceptsclinic.com"
45.116.79.41 - - [25/Oct/2022:19:33:28 -0700] "GET /wp-includes/images/media/ HTTP/1.1" 200 516 "binance.com" "Mozilla/5.0 (Windows NT 10.0; Win64; x64) AppleWebKit/537.36 (KHTML, like Gecko) Chrome/90.0.4430.85 Safari/537.36" "wellnessconceptsclinic.com"
79.124.8.3 - - [25/Oct/2022:19:33:25 -0700] "POST /wp-login.php HTTP/1.1" 200 7593 "-" "Mozilla/5.0 (Windows NT 6.1; WOW64) AppleWebKit/537.36 (KHTML, like Gecko) Chrome/56.0.2924.90 Safari/537.36 2345Explorer/9.3.2.17331" "wellnessconceptsclinic.com"
45.116.79.41 - - [25/Oct/2022:19:33:34 -0700] "GET /wp-includes/images/smilies/ HTTP/1.1" 200 754 "binance.com" "Mozilla/5.0 (Windows NT 10.0; Win64; x64) AppleWebKit/537.36 (KHTML, like Gecko) Chrome/90.0.4430.85 Safari/537.36" "wellnessconceptsclinic.com"
79.124.8.3 - - [25/Oct/2022:19:33:32 -0700] "POST /wp-login.php HTTP/1.1" 200 7593 "-" "Mozilla/5.0 (Windows NT 6.1; WOW64) AppleWebKit/537.36 (KHTML, like Gecko) Chrome/56.0.2924.90 Safari/537.36 2345Explorer/9.3.2.17331" "wellnessconceptsclinic.com"
45.116.79.41 - - [25/Oct/2022:19:33:42 -0700] "GET /wp-includes/images/wlw/ HTTP/1.1" 200 420 "binance.com" "Mozilla/5.0 (Windows NT 10.0; Win64; x64) AppleWebKit/537.36 (KHTML, like Gecko) Chrome/90.0.4430.85 Safari/537.36" "wellnessconceptsclinic.com"
79.124.8.3 - - [25/Oct/2022:19:33:38 -0700] "POST /wp-login.php HTTP/1.1" 200 7593 "-" "Mozilla/5.0 (Windows NT 6.1; WOW64) AppleWebKit/537.36 (KHTML, like Gecko) Chrome/56.0.2924.90 Safari/537.36 2345Explorer/9.3.2.17331" "wellnessconceptsclinic.com"
45.116.79.41 - - [25/Oct/2022:19:33:50 -0700] "GET /wp-includes/js/%20 HTTP/1.1" 404 88 "binance.com" "Mozilla/5.0 (Windows NT 10.0; Win64; x64) AppleWebKit/537.36 (KHTML, like Gecko) Chrome/90.0.4430.85 Safari/537.36" "wellnessconceptsclinic.com"
45.116.79.41 - - [25/Oct/2022:19:33:56 -0700] "GET /wp-includes/js/codemirror/ HTTP/1.1" 200 519 "binance.com" "Mozilla/5.0 (Windows NT 10.0; Win64; x64) AppleWebKit/537.36 (KHTML, like Gecko) Chrome/90.0.4430.85 Safari/537.36" "wellnessconceptsclinic.com"
45.116.79.41 - - [25/Oct/2022:19:34:02 -0700] "GET /wp-includes/js/plupload/ HTTP/1.1" 200 536 "binance.com" "Mozilla/5.0 (Windows NT 10.0; Win64; x64) AppleWebKit/537.36 (KHTML, like Gecko) Chrome/90.0.4430.85 Safari/537.36" "wellnessconceptsclinic.com"
79.124.8.3 - - [25/Oct/2022:19:34:06 -0700] "POST /wp-login.php HTTP/1.1" 200 7593 "-" "Mozilla/5.0 (Windows NT 6.1; WOW64) AppleWebKit/537.36 (KHTML, like Gecko) Chrome/56.0.2924.90 Safari/537.36 2345Explorer/9.3.2.17331" "wellnessconceptsclinic.com"
79.124.8.3 - - [25/Oct/2022:19:34:14 -0700] "POST /wp-login.php HTTP/1.1" 200 7593 "-" "Mozilla/5.0 (Windows NT 6.1; WOW64) AppleWebKit/537.36 (KHTML, like Gecko) Chrome/56.0.2924.90 Safari/537.36 2345Explorer/9.3.2.17331" "wellnessconceptsclinic.com"
79.124.8.3 - - [25/Oct/2022:19:34:19 -0700] "POST /wp-login.php HTTP/1.1" 200 7593 "-" "Mozilla/5.0 (Windows NT 6.1; WOW64) AppleWebKit/537.36 (KHTML, like Gecko) Chrome/56.0.2924.90 Safari/537.36 2345Explorer/9.3.2.17331" "wellnessconceptsclinic.com"
79.124.8.3 - - [25/Oct/2022:19:34:25 -0700] "POST /wp-login.php HTTP/1.1" 200 7593 "-" "Mozilla/5.0 (Windows NT 6.1; WOW64) AppleWebKit/537.36 (KHTML, like Gecko) Chrome/56.0.2924.90 Safari/537.36 2345Explorer/9.3.2.17331" "wellnessconceptsclinic.com"
79.124.8.3 - - [25/Oct/2022:19:34:30 -0700] "POST /wp-login.php HTTP/1.1" 200 7593 "-" "Mozilla/5.0 (Windows NT 6.1; WOW64) AppleWebKit/537.36 (KHTML, like Gecko) Chrome/56.0.2924.90 Safari/537.36 2345Explorer/9.3.2.17331" "wellnessconceptsclinic.com"
79.124.8.3 - - [25/Oct/2022:19:34:36 -0700] "POST /wp-login.php HTTP/1.1" 200 7593 "-" "Mozilla/5.0 (Windows NT 6.1; WOW64) AppleWebKit/537.36 (KHTML, like Gecko) Chrome/56.0.2924.90 Safari/537.36 2345Explorer/9.3.2.17331" "wellnessconceptsclinic.com"
79.124.8.3 - - [25/Oct/2022:19:34:42 -0700] "POST /wp-login.php HTTP/1.1" 200 7593 "-" "Mozilla/5.0 (Windows NT 6.1; WOW64) AppleWebKit/537.36 (KHTML, like Gecko) Chrome/56.0.2924.90 Safari/537.36 2345Explorer/9.3.2.17331" "wellnessconceptsclinic.com"
79.124.8.3 - - [25/Oct/2022:19:34:48 -0700] "POST /wp-login.php HTTP/1.1" 200 7593 "-" "Mozilla/5.0 (Windows NT 6.1; WOW64) AppleWebKit/537.36 (KHTML, like Gecko) Chrome/56.0.2924.90 Safari/537.36 2345Explorer/9.3.2.17331" "wellnessconceptsclinic.com"
79.124.8.3 - - [25/Oct/2022:19:34:54 -0700] "POST /wp-login.php HTTP/1.1" 200 7593 "-" "Mozilla/5.0 (Windows NT 6.1; WOW64) AppleWebKit/537.36 (KHTML, like Gecko) Chrome/56.0.2924.90 Safari/537.36 2345Explorer/9.3.2.17331" "wellnessconceptsclinic.com"
79.124.8.3 - - [25/Oct/2022:19:34:59 -0700] "POST /wp-login.php HTTP/1.1" 200 7593 "-" "Mozilla/5.0 (Windows NT 6.1; WOW64) AppleWebKit/537.36 (KHTML, like Gecko) Chrome/56.0.2924.90 Safari/537.36 2345Explorer/9.3.2.17331" "wellnessconceptsclinic.com"
79.124.8.3 - - [25/Oct/2022:19:35:04 -0700] "POST /wp-login.php HTTP/1.1" 200 7593 "-" "Mozilla/5.0 (Windows NT 6.1; WOW64) AppleWebKit/537.36 (KHTML, like Gecko) Chrome/56.0.2924.90 Safari/537.36 2345Explorer/9.3.2.17331" "wellnessconceptsclinic.com"
79.124.8.3 - - [25/Oct/2022:19:35:09 -0700] "POST /wp-login.php HTTP/1.1" 200 7593 "-" "Mozilla/5.0 (Windows NT 6.1; WOW64) AppleWebKit/537.36 (KHTML, like Gecko) Chrome/56.0.2924.90 Safari/537.36 2345Explorer/9.3.2.17331" "wellnessconceptsclinic.com"
79.124.8.3 - - [25/Oct/2022:19:35:16 -0700] "POST /wp-login.php HTTP/1.1" 200 7593 "-" "Mozilla/5.0 (Windows NT 6.1; WOW64) AppleWebKit/537.36 (KHTML, like Gecko) Chrome/56.0.2924.90 Safari/537.36 2345Explorer/9.3.2.17331" "wellnessconceptsclinic.com"
79.124.8.3 - - [25/Oct/2022:19:35:26 -0700] "POST /wp-login.php HTTP/1.1" 200 7593 "-" "Mozilla/5.0 (Windows NT 6.1; WOW64) AppleWebKit/537.36 (KHTML, like Gecko) Chrome/56.0.2924.90 Safari/537.36 2345Explorer/9.3.2.17331" "wellnessconceptsclinic.com"
8.210.68.127 - - [25/Oct/2022:19:35:39 -0700] "GET /wp-content/plugins/gutenberg/handler.php HTTP/1.1" 404 73 "http://wellnessconceptsclinic.com/wp-content/plugins/gutenberg/handler.php" "Mozilla/5.0 (Windows; U; Windows NT 5.1; en-US) AppleWebKit/533.4 (KHTML, like Gecko) Chrome/5.0.375.99 Safari/533.4" "wellnessconceptsclinic.com"
79.124.8.3 - - [25/Oct/2022:19:35:32 -0700] "POST /wp-login.php HTTP/1.1" 200 7593 "-" "Mozilla/5.0 (Windows NT 6.1; WOW64) AppleWebKit/537.36 (KHTML, like Gecko) Chrome/56.0.2924.90 Safari/537.36 2345Explorer/9.3.2.17331" "wellnessconceptsclinic.com"
8.210.68.127 - - [25/Oct/2022:19:35:43 -0700] "GET /wp-content/plugins/gutenberg/handler.php HTTP/1.1" 404 73 "http://wellnessconceptsclinic.com/wp-content/plugins/gutenberg/handler.php" "Mozilla/5.0 (Windows; U; Windows NT 5.1; en-US) AppleWebKit/533.4 (KHTML, like Gecko) Chrome/5.0.375.99 Safari/533.4" "wellnessconceptsclinic.com"
79.124.8.3 - - [25/Oct/2022:19:35:39 -0700] "POST /wp-login.php HTTP/1.1" 200 7593 "-" "Mozilla/5.0 (Windows NT 6.1; WOW64) AppleWebKit/537.36 (KHTML, like Gecko) Chrome/56.0.2924.90 Safari/537.36 2345Explorer/9.3.2.17331" "wellnessconceptsclinic.com"
79.124.8.3 - - [25/Oct/2022:19:35:45 -0700] "POST /wp-login.php HTTP/1.1" 200 7593 "-" "Mozilla/5.0 (Windows NT 6.1; WOW64) AppleWebKit/537.36 (KHTML, like Gecko) Chrome/56.0.2924.90 Safari/537.36 2345Explorer/9.3.2.17331" "wellnessconceptsclinic.com"
79.124.8.3 - - [25/Oct/2022:19:35:50 -0700] "POST /wp-login.php HTTP/1.1" 200 7593 "-" "Mozilla/5.0 (Windows NT 6.1; WOW64) AppleWebKit/537.36 (KHTML, like Gecko) Chrome/56.0.2924.90 Safari/537.36 2345Explorer/9.3.2.17331" "wellnessconceptsclinic.com"
79.124.8.3 - - [25/Oct/2022:19:36:06 -0700] "POST /wp-login.php HTTP/1.1" 200 7593 "-" "Mozilla/5.0 (Windows NT 6.1; WOW64) AppleWebKit/537.36 (KHTML, like Gecko) Chrome/56.0.2924.90 Safari/537.36 2345Explorer/9.3.2.17331" "wellnessconceptsclinic.com"
79.124.8.3 - - [25/Oct/2022:19:36:13 -0700] "POST /wp-login.php HTTP/1.1" 200 7593 "-" "Mozilla/5.0 (Windows NT 6.1; WOW64) AppleWebKit/537.36 (KHTML, like Gecko) Chrome/56.0.2924.90 Safari/537.36 2345Explorer/9.3.2.17331" "wellnessconceptsclinic.com"
79.124.8.3 - - [25/Oct/2022:19:36:20 -0700] "POST /wp-login.php HTTP/1.1" 200 7593 "-" "Mozilla/5.0 (Windows NT 6.1; WOW64) AppleWebKit/537.36 (KHTML, like Gecko) Chrome/56.0.2924.90 Safari/537.36 2345Explorer/9.3.2.17331" "wellnessconceptsclinic.com"
79.124.8.3 - - [25/Oct/2022:19:36:27 -0700] "POST /wp-login.php HTTP/1.1" 200 7593 "-" "Mozilla/5.0 (Windows NT 6.1; WOW64) AppleWebKit/537.36 (KHTML, like Gecko) Chrome/56.0.2924.90 Safari/537.36 2345Explorer/9.3.2.17331" "wellnessconceptsclinic.com"
103.229.126.79 - - [25/Oct/2022:19:36:36 -0700] "GET /wp-content/themes/seotheme/db.php?u HTTP/1.1" 404 88 "www.google.com" "Mozlila/5.0 (Linux; Android 7.0; SM-G892A Bulid/NRD90M; wv) AppleWebKit/537.36 (KHTML, like Gecko) Version/4.0 Chrome/60.0.3112.107 Moblie Safari/537.36" "wellnessconceptsclinic.com"
79.124.8.3 - - [25/Oct/2022:19:36:35 -0700] "POST /wp-login.php HTTP/1.1" 200 7593 "-" "Mozilla/5.0 (Windows NT 6.1; WOW64) AppleWebKit/537.36 (KHTML, like Gecko) Chrome/56.0.2924.90 Safari/537.36 2345Explorer/9.3.2.17331" "wellnessconceptsclinic.com"
188.166.181.230 - - [25/Oct/2022:19:36:34 -0700] "GET / HTTP/1.1" 200 184568 "-" "Mozilla/5.0 (Windows NT 10.0; Win64; x64) AppleWebKit/537.36 (KHTML, like Gecko) Chrome/78.0.3904.108 Safari/537.36" "wellnessconceptsclinic.com"
188.166.181.230 - - [25/Oct/2022:19:36:46 -0700] "GET /wp-includes/wlwmanifest.xml HTTP/1.1" 200 1045 "-" "Mozilla/5.0 (Windows NT 10.0; Win64; x64) AppleWebKit/537.36 (KHTML, like Gecko) Chrome/78.0.3904.108 Safari/537.36" "wellnessconceptsclinic.com"
79.124.8.3 - - [25/Oct/2022:19:36:40 -0700] "POST /wp-login.php HTTP/1.1" 200 7593 "-" "Mozilla/5.0 (Windows NT 6.1; WOW64) AppleWebKit/537.36 (KHTML, like Gecko) Chrome/56.0.2924.90 Safari/537.36 2345Explorer/9.3.2.17331" "wellnessconceptsclinic.com"
103.229.126.79 - - [25/Oct/2022:19:36:46 -0700] "GET /wp-content/themes/seotheme/db.php?u HTTP/1.1" 404 88 "www.google.com" "Mozlila/5.0 (Linux; Android 7.0; SM-G892A Bulid/NRD90M; wv) AppleWebKit/537.36 (KHTML, like Gecko) Version/4.0 Chrome/60.0.3112.107 Moblie Safari/537.36" "wellnessconceptsclinic.com"
188.166.181.230 - - [25/Oct/2022:19:36:47 -0700] "GET /?author=1 HTTP/1.1" 200 79542 "-" "Mozilla/5.0 (Windows NT 10.0; Win64; x64) AppleWebKit/537.36 (KHTML, like Gecko) Chrome/78.0.3904.108 Safari/537.36" "wellnessconceptsclinic.com"
79.124.8.3 - - [25/Oct/2022:19:36:47 -0700] "POST /wp-login.php HTTP/1.1" 200 7593 "-" "Mozilla/5.0 (Windows NT 6.1; WOW64) AppleWebKit/537.36 (KHTML, like Gecko) Chrome/56.0.2924.90 Safari/537.36 2345Explorer/9.3.2.17331" "wellnessconceptsclinic.com"
20.172.104.78 - - [25/Oct/2022:19:36:58 -0700] "GET /wp-admin/css/ HTTP/1.1" 200 1573 "binance.com" "Mozilla/5.0 (Windows NT 10.0; Win64; x64) AppleWebKit/537.36 (KHTML, like Gecko) Chrome/90.0.4430.85 Safari/537.36" "wellnessconceptsclinic.com"
79.124.8.3 - - [25/Oct/2022:19:36:54 -0700] "POST /wp-login.php HTTP/1.1" 200 7593 "-" "Mozilla/5.0 (Windows NT 6.1; WOW64) AppleWebKit/537.36 (KHTML, like Gecko) Chrome/56.0.2924.90 Safari/537.36 2345Explorer/9.3.2.17331" "wellnessconceptsclinic.com"
188.166.181.230 - - [25/Oct/2022:19:36:55 -0700] "GET /?author=2 HTTP/1.1" 200 79589 "-" "Mozilla/5.0 (Windows NT 10.0; Win64; x64) AppleWebKit/537.36 (KHTML, like Gecko) Chrome/78.0.3904.108 Safari/537.36" "wellnessconceptsclinic.com"
20.172.104.78 - - [25/Oct/2022:19:37:02 -0700] "GET /wp-content/uploads/2022/10/ HTTP/1.1" 200 1704 "binance.com" "Mozilla/5.0 (Windows NT 10.0; Win64; x64) AppleWebKit/537.36 (KHTML, like Gecko) Chrome/90.0.4430.85 Safari/537.36" "wellnessconceptsclinic.com"
188.166.181.230 - - [25/Oct/2022:19:37:03 -0700] "GET /wp-json/wp/v2/users/ HTTP/1.1" 404 73 "-" "Mozilla/5.0 (Windows NT 10.0; Win64; x64) AppleWebKit/537.36 (KHTML, like Gecko) Chrome/78.0.3904.108 Safari/537.36" "wellnessconceptsclinic.com"
188.166.181.230 - - [25/Oct/2022:19:37:04 -0700] "GET /wp-json/oembed/1.0/embed?url=https://wellnessconceptsclinic.com/ HTTP/1.1" 404 73 "-" "Mozilla/5.0 (Windows NT 10.0; Win64; x64) AppleWebKit/537.36 (KHTML, like Gecko) Chrome/78.0.3904.108 Safari/537.36" "wellnessconceptsclinic.com"
188.166.181.230 - - [25/Oct/2022:19:37:04 -0700] "POST /xmlrpc.php HTTP/1.1" 500 4973 "-" "Mozilla/5.0 (Windows NT 10.0; Win64; x64) AppleWebKit/537.36 (KHTML, like Gecko) Chrome/78.0.3904.108 Safari/537.36" "wellnessconceptsclinic.com"
20.172.104.78 - - [25/Oct/2022:19:37:06 -0700] "GET /wp-content/uploads/2022/09/ HTTP/1.1" 200 1181 "binance.com" "Mozilla/5.0 (Windows NT 10.0; Win64; x64) AppleWebKit/537.36 (KHTML, like Gecko) Chrome/90.0.4430.85 Safari/537.36" "wellnessconceptsclinic.com"
79.124.8.3 - - [25/Oct/2022:19:37:00 -0700] "POST /wp-login.php HTTP/1.1" 200 7593 "-" "Mozilla/5.0 (Windows NT 6.1; WOW64) AppleWebKit/537.36 (KHTML, like Gecko) Chrome/56.0.2924.90 Safari/537.36 2345Explorer/9.3.2.17331" "wellnessconceptsclinic.com"
20.172.104.78 - - [25/Oct/2022:19:37:08 -0700] "GET /wp-content/uploads/ HTTP/1.1" 200 393 "binance.com" "Mozilla/5.0 (Windows NT 10.0; Win64; x64) AppleWebKit/537.36 (KHTML, like Gecko) Chrome/90.0.4430.85 Safari/537.36" "wellnessconceptsclinic.com"
20.172.104.78 - - [25/Oct/2022:19:37:12 -0700] "GET /wp-content/upgrade/ HTTP/1.1" 200 324 "binance.com" "Mozilla/5.0 (Windows NT 10.0; Win64; x64) AppleWebKit/537.36 (KHTML, like Gecko) Chrome/90.0.4430.85 Safari/537.36" "wellnessconceptsclinic.com"
79.124.8.3 - - [25/Oct/2022:19:37:07 -0700] "POST /wp-login.php HTTP/1.1" 200 7593 "-" "Mozilla/5.0 (Windows NT 6.1; WOW64) AppleWebKit/537.36 (KHTML, like Gecko) Chrome/56.0.2924.90 Safari/537.36 2345Explorer/9.3.2.17331" "wellnessconceptsclinic.com"
20.172.104.78 - - [25/Oct/2022:19:37:14 -0700] "GET /wp-content/languages/ HTTP/1.1" 404 88 "binance.com" "Mozilla/5.0 (Windows NT 10.0; Win64; x64) AppleWebKit/537.36 (KHTML, like Gecko) Chrome/90.0.4430.85 Safari/537.36" "wellnessconceptsclinic.com"
20.172.104.78 - - [25/Oct/2022:19:37:16 -0700] "GET /wp-admin/includes/ HTTP/1.1" 200 2011 "binance.com" "Mozilla/5.0 (Windows NT 10.0; Win64; x64) AppleWebKit/537.36 (KHTML, like Gecko) Chrome/90.0.4430.85 Safari/537.36" "wellnessconceptsclinic.com"
20.172.104.78 - - [25/Oct/2022:19:37:19 -0700] "GET /wp-admin/includes/ HTTP/1.1" 200 2011 "binance.com" "Mozilla/5.0 (Windows NT 10.0; Win64; x64) AppleWebKit/537.36 (KHTML, like Gecko) Chrome/90.0.4430.85 Safari/537.36" "wellnessconceptsclinic.com"
79.124.8.3 - - [25/Oct/2022:19:37:13 -0700] "POST /wp-login.php HTTP/1.1" 200 7593 "-" "Mozilla/5.0 (Windows NT 6.1; WOW64) AppleWebKit/537.36 (KHTML, like Gecko) Chrome/56.0.2924.90 Safari/537.36 2345Explorer/9.3.2.17331" "wellnessconceptsclinic.com"
79.124.8.3 - - [25/Oct/2022:19:37:22 -0700] "POST /wp-login.php HTTP/1.1" 500 4957 "-" "Mozilla/5.0 (Windows NT 6.1; WOW64) AppleWebKit/537.36 (KHTML, like Gecko) Chrome/56.0.2924.90 Safari/537.36 2345Explorer/9.3.2.17331" "wellnessconceptsclinic.com"
20.172.104.78 - - [25/Oct/2022:19:37:22 -0700] "GET /wp-admin/maint/ HTTP/1.1" 200 371 "binance.com" "Mozilla/5.0 (Windows NT 10.0; Win64; x64) AppleWebKit/537.36 (KHTML, like Gecko) Chrome/90.0.4430.85 Safari/537.36" "wellnessconceptsclinic.com"
79.124.8.3 - - [25/Oct/2022:19:37:23 -0700] "POST /wp-login.php HTTP/1.1" 500 4957 "-" "Mozilla/5.0 (Windows NT 6.1; WOW64) AppleWebKit/537.36 (KHTML, like Gecko) Chrome/56.0.2924.90 Safari/537.36 2345Explorer/9.3.2.17331" "wellnessconceptsclinic.com"
20.172.104.78 - - [25/Oct/2022:19:37:25 -0700] "GET /wp-admin/maint/ HTTP/1.1" 200 371 "binance.com" "Mozilla/5.0 (Windows NT 10.0; Win64; x64) AppleWebKit/537.36 (KHTML, like Gecko) Chrome/90.0.4430.85 Safari/537.36" "wellnessconceptsclinic.com"
20.172.104.78 - - [25/Oct/2022:19:37:28 -0700] "GET /wp-admin/network/ HTTP/1.1" 302 - "binance.com" "Mozilla/5.0 (Windows NT 10.0; Win64; x64) AppleWebKit/537.36 (KHTML, like Gecko) Chrome/90.0.4430.85 Safari/537.36" "wellnessconceptsclinic.com"
20.172.104.78 - - [25/Oct/2022:19:37:34 -0700] "GET /wp-login.php?redirect_to=https%3A%2F%2Fwellnessconceptsclinic.com%2Fwp-admin%2Fnetwork%2F&reauth=1 HTTP/1.1" 200 7173 "binance.com" "Mozilla/5.0 (Windows NT 10.0; Win64; x64) AppleWebKit/537.36 (KHTML, like Gecko) Chrome/90.0.4430.85 Safari/537.36" "wellnessconceptsclinic.com"
20.172.104.78 - - [25/Oct/2022:19:37:50 -0700] "GET /wp-admin/user/ HTTP/1.1" 302 - "binance.com" "Mozilla/5.0 (Windows NT 10.0; Win64; x64) AppleWebKit/537.36 (KHTML, like Gecko) Chrome/90.0.4430.85 Safari/537.36" "wellnessconceptsclinic.com"
20.172.104.78 - - [25/Oct/2022:19:37:57 -0700] "GET /wp-login.php?redirect_to=https%3A%2F%2Fwellnessconceptsclinic.com%2Fwp-admin%2Fuser%2F&reauth=1 HTTP/1.1" 200 7170 "binance.com" "Mozilla/5.0 (Windows NT 10.0; Win64; x64) AppleWebKit/537.36 (KHTML, like Gecko) Chrome/90.0.4430.85 Safari/537.36" "wellnessconceptsclinic.com"
20.172.104.78 - - [25/Oct/2022:19:38:06 -0700] "GET /wp-admin/css/ HTTP/1.1" 200 1573 "binance.com" "Mozilla/5.0 (Windows NT 10.0; Win64; x64) AppleWebKit/537.36 (KHTML, like Gecko) Chrome/90.0.4430.85 Safari/537.36" "wellnessconceptsclinic.com"
20.172.104.78 - - [25/Oct/2022:19:38:08 -0700] "GET /wp-admin/css/colors/ HTTP/1.1" 200 554 "binance.com" "Mozilla/5.0 (Windows NT 10.0; Win64; x64) AppleWebKit/537.36 (KHTML, like Gecko) Chrome/90.0.4430.85 Safari/537.36" "wellnessconceptsclinic.com"
20.172.104.78 - - [25/Oct/2022:19:38:12 -0700] "GET /wp-admin/css/colors/blue/ HTTP/1.1" 200 439 "binance.com" "Mozilla/5.0 (Windows NT 10.0; Win64; x64) AppleWebKit/537.36 (KHTML, like Gecko) Chrome/90.0.4430.85 Safari/537.36" "wellnessconceptsclinic.com"
20.172.104.78 - - [25/Oct/2022:19:38:14 -0700] "GET /wp-admin/css/colors/coffee/ HTTP/1.1" 200 440 "binance.com" "Mozilla/5.0 (Windows NT 10.0; Win64; x64) AppleWebKit/537.36 (KHTML, like Gecko) Chrome/90.0.4430.85 Safari/537.36" "wellnessconceptsclinic.com"
20.172.104.78 - - [25/Oct/2022:19:38:16 -0700] "GET /wp-admin/css/colors/ectoplasm/ HTTP/1.1" 200 442 "binance.com" "Mozilla/5.0 (Windows NT 10.0; Win64; x64) AppleWebKit/537.36 (KHTML, like Gecko) Chrome/90.0.4430.85 Safari/537.36" "wellnessconceptsclinic.com"
20.172.104.78 - - [25/Oct/2022:19:38:18 -0700] "GET /wp-admin/css/colors/light/ HTTP/1.1" 200 441 "binance.com" "Mozilla/5.0 (Windows NT 10.0; Win64; x64) AppleWebKit/537.36 (KHTML, like Gecko) Chrome/90.0.4430.85 Safari/537.36" "wellnessconceptsclinic.com"
20.172.104.78 - - [25/Oct/2022:19:38:19 -0700] "GET /wp-admin/css/colors/midnight/ HTTP/1.1" 200 442 "binance.com" "Mozilla/5.0 (Windows NT 10.0; Win64; x64) AppleWebKit/537.36 (KHTML, like Gecko) Chrome/90.0.4430.85 Safari/537.36" "wellnessconceptsclinic.com"
20.172.104.78 - - [25/Oct/2022:19:38:21 -0700] "GET /wp-admin/css/colors/modern/ HTTP/1.1" 200 440 "binance.com" "Mozilla/5.0 (Windows NT 10.0; Win64; x64) AppleWebKit/537.36 (KHTML, like Gecko) Chrome/90.0.4430.85 Safari/537.36" "wellnessconceptsclinic.com"
20.172.104.78 - - [25/Oct/2022:19:38:22 -0700] "GET /wp-admin/css/colors/ocean/ HTTP/1.1" 200 439 "binance.com" "Mozilla/5.0 (Windows NT 10.0; Win64; x64) AppleWebKit/537.36 (KHTML, like Gecko) Chrome/90.0.4430.85 Safari/537.36" "wellnessconceptsclinic.com"
20.172.104.78 - - [25/Oct/2022:19:38:25 -0700] "GET /wp-admin/css/colors/sunrise/%20 HTTP/1.1" 404 88 "binance.com" "Mozilla/5.0 (Windows NT 10.0; Win64; x64) AppleWebKit/537.36 (KHTML, like Gecko) Chrome/90.0.4430.85 Safari/537.36" "wellnessconceptsclinic.com"
20.172.104.78 - - [25/Oct/2022:19:38:27 -0700] "GET /wp-admin/images/ HTTP/1.1" 200 1477 "binance.com" "Mozilla/5.0 (Windows NT 10.0; Win64; x64) AppleWebKit/537.36 (KHTML, like Gecko) Chrome/90.0.4430.85 Safari/537.36" "wellnessconceptsclinic.com"
20.172.104.78 - - [25/Oct/2022:19:38:30 -0700] "GET /wp-admin/js/ HTTP/1.1" 200 1792 "binance.com" "Mozilla/5.0 (Windows NT 10.0; Win64; x64) AppleWebKit/537.36 (KHTML, like Gecko) Chrome/90.0.4430.85 Safari/537.36" "wellnessconceptsclinic.com"
20.172.104.78 - - [25/Oct/2022:19:38:33 -0700] "GET /wp-admin/js/widgets/ HTTP/1.1" 200 587 "binance.com" "Mozilla/5.0 (Windows NT 10.0; Win64; x64) AppleWebKit/537.36 (KHTML, like Gecko) Chrome/90.0.4430.85 Safari/537.36" "wellnessconceptsclinic.com"
20.172.104.78 - - [25/Oct/2022:19:38:36 -0700] "GET /wp-includes/ID3/ HTTP/1.1" 200 711 "binance.com" "Mozilla/5.0 (Windows NT 10.0; Win64; x64) AppleWebKit/537.36 (KHTML, like Gecko) Chrome/90.0.4430.85 Safari/537.36" "wellnessconceptsclinic.com"
20.172.104.78 - - [25/Oct/2022:19:38:39 -0700] "GET /wp-includes/ID3/ HTTP/1.1" 200 711 "binance.com" "Mozilla/5.0 (Windows NT 10.0; Win64; x64) AppleWebKit/537.36 (KHTML, like Gecko) Chrome/90.0.4430.85 Safari/537.36" "wellnessconceptsclinic.com"
20.172.104.78 - - [25/Oct/2022:19:38:42 -0700] "GET /wp-includes/IXR/ HTTP/1.1" 200 574 "binance.com" "Mozilla/5.0 (Windows NT 10.0; Win64; x64) AppleWebKit/537.36 (KHTML, like Gecko) Chrome/90.0.4430.85 Safari/537.36" "wellnessconceptsclinic.com"
20.172.104.78 - - [25/Oct/2022:19:38:45 -0700] "GET /wp-includes/IXR/ HTTP/1.1" 200 574 "binance.com" "Mozilla/5.0 (Windows NT 10.0; Win64; x64) AppleWebKit/537.36 (KHTML, like Gecko) Chrome/90.0.4430.85 Safari/537.36" "wellnessconceptsclinic.com"
20.172.104.78 - - [25/Oct/2022:19:38:46 -0700] "GET /wp-includes/PHPMailer/ HTTP/1.1" 200 416 "binance.com" "Mozilla/5.0 (Windows NT 10.0; Win64; x64) AppleWebKit/537.36 (KHTML, like Gecko) Chrome/90.0.4430.85 Safari/537.36" "wellnessconceptsclinic.com"
20.172.104.78 - - [25/Oct/2022:19:38:48 -0700] "GET /wp-includes/PHPMailer/ HTTP/1.1" 200 416 "binance.com" "Mozilla/5.0 (Windows NT 10.0; Win64; x64) AppleWebKit/537.36 (KHTML, like Gecko) Chrome/90.0.4430.85 Safari/537.36" "wellnessconceptsclinic.com"
20.172.104.78 - - [25/Oct/2022:19:38:50 -0700] "GET /wp-includes/Text/ HTTP/1.1" 200 407 "binance.com" "Mozilla/5.0 (Windows NT 10.0; Win64; x64) AppleWebKit/537.36 (KHTML, like Gecko) Chrome/90.0.4430.85 Safari/537.36" "wellnessconceptsclinic.com"
20.172.104.78 - - [25/Oct/2022:19:38:53 -0700] "GET /wp-includes/Text/ HTTP/1.1" 200 407 "binance.com" "Mozilla/5.0 (Windows NT 10.0; Win64; x64) AppleWebKit/537.36 (KHTML, like Gecko) Chrome/90.0.4430.85 Safari/537.36" "wellnessconceptsclinic.com"
20.172.104.78 - - [25/Oct/2022:19:38:55 -0700] "GET /wp-includes/Text/Diff/ HTTP/1.1" 200 419 "binance.com" "Mozilla/5.0 (Windows NT 10.0; Win64; x64) AppleWebKit/537.36 (KHTML, like Gecko) Chrome/90.0.4430.85 Safari/537.36" "wellnessconceptsclinic.com"
20.172.104.78 - - [25/Oct/2022:19:38:57 -0700] "GET /wp-includes/Text/Diff/ HTTP/1.1" 200 419 "binance.com" "Mozilla/5.0 (Windows NT 10.0; Win64; x64) AppleWebKit/537.36 (KHTML, like Gecko) Chrome/90.0.4430.85 Safari/537.36" "wellnessconceptsclinic.com"
20.172.104.78 - - [25/Oct/2022:19:39:00 -0700] "GET /wp-includes/Text/Diff/Engine/ HTTP/1.1" 200 449 "binance.com" "Mozilla/5.0 (Windows NT 10.0; Win64; x64) AppleWebKit/537.36 (KHTML, like Gecko) Chrome/90.0.4430.85 Safari/537.36" "wellnessconceptsclinic.com"
20.172.104.78 - - [25/Oct/2022:19:39:03 -0700] "GET /wp-includes/Text/Diff/Engine/ HTTP/1.1" 200 449 "binance.com" "Mozilla/5.0 (Windows NT 10.0; Win64; x64) AppleWebKit/537.36 (KHTML, like Gecko) Chrome/90.0.4430.85 Safari/537.36" "wellnessconceptsclinic.com"
20.172.104.78 - - [25/Oct/2022:19:39:05 -0700] "GET /wp-includes/Text/Diff/Renderer/ HTTP/1.1" 200 387 "binance.com" "Mozilla/5.0 (Windows NT 10.0; Win64; x64) AppleWebKit/537.36 (KHTML, like Gecko) Chrome/90.0.4430.85 Safari/537.36" "wellnessconceptsclinic.com"
20.172.104.78 - - [25/Oct/2022:19:39:07 -0700] "GET /wp-includes/Text/Diff/Renderer/ HTTP/1.1" 200 387 "binance.com" "Mozilla/5.0 (Windows NT 10.0; Win64; x64) AppleWebKit/537.36 (KHTML, like Gecko) Chrome/90.0.4430.85 Safari/537.36" "wellnessconceptsclinic.com"
20.172.104.78 - - [25/Oct/2022:19:39:09 -0700] "GET /wp-includes/blocks/ HTTP/1.1" 500 - "binance.com" "Mozilla/5.0 (Windows NT 10.0; Win64; x64) AppleWebKit/537.36 (KHTML, like Gecko) Chrome/90.0.4430.85 Safari/537.36" "wellnessconceptsclinic.com"
20.172.104.78 - - [25/Oct/2022:19:39:35 -0700] "GET /wp-includes/pomo/ HTTP/1.1" 200 472 "binance.com" "Mozilla/5.0 (Windows NT 10.0; Win64; x64) AppleWebKit/537.36 (KHTML, like Gecko) Chrome/90.0.4430.85 Safari/537.36" "wellnessconceptsclinic.com"
20.172.104.78 - - [25/Oct/2022:19:39:39 -0700] "GET /wp-includes/pomo/ HTTP/1.1" 200 472 "binance.com" "Mozilla/5.0 (Windows NT 10.0; Win64; x64) AppleWebKit/537.36 (KHTML, like Gecko) Chrome/90.0.4430.85 Safari/537.36" "wellnessconceptsclinic.com"
20.172.104.78 - - [25/Oct/2022:19:39:55 -0700] "GET /wp-includes/sitemaps/ HTTP/1.1" 200 507 "binance.com" "Mozilla/5.0 (Windows NT 10.0; Win64; x64) AppleWebKit/537.36 (KHTML, like Gecko) Chrome/90.0.4430.85 Safari/537.36" "wellnessconceptsclinic.com"
20.172.104.78 - - [25/Oct/2022:19:39:59 -0700] "GET /wp-includes/sitemaps/ HTTP/1.1" 200 507 "binance.com" "Mozilla/5.0 (Windows NT 10.0; Win64; x64) AppleWebKit/537.36 (KHTML, like Gecko) Chrome/90.0.4430.85 Safari/537.36" "wellnessconceptsclinic.com"
20.172.104.78 - - [25/Oct/2022:19:40:02 -0700] "GET /wp-includes/sitemaps/providers/ HTTP/1.1" 200 437 "binance.com" "Mozilla/5.0 (Windows NT 10.0; Win64; x64) AppleWebKit/537.36 (KHTML, like Gecko) Chrome/90.0.4430.85 Safari/537.36" "wellnessconceptsclinic.com"
20.172.104.78 - - [25/Oct/2022:19:40:04 -0700] "GET /wp-includes/sitemaps/providers/ HTTP/1.1" 200 437 "binance.com" "Mozilla/5.0 (Windows NT 10.0; Win64; x64) AppleWebKit/537.36 (KHTML, like Gecko) Chrome/90.0.4430.85 Safari/537.36" "wellnessconceptsclinic.com"
20.172.104.78 - - [25/Oct/2022:19:40:07 -0700] "GET /wp-includes/widgets/ HTTP/1.1" 200 668 "binance.com" "Mozilla/5.0 (Windows NT 10.0; Win64; x64) AppleWebKit/537.36 (KHTML, like Gecko) Chrome/90.0.4430.85 Safari/537.36" "wellnessconceptsclinic.com"
20.172.104.78 - - [25/Oct/2022:19:40:08 -0700] "GET /wp-includes/widgets/ HTTP/1.1" 200 668 "binance.com" "Mozilla/5.0 (Windows NT 10.0; Win64; x64) AppleWebKit/537.36 (KHTML, like Gecko) Chrome/90.0.4430.85 Safari/537.36" "wellnessconceptsclinic.com"
20.172.104.78 - - [25/Oct/2022:19:40:11 -0700] "GET /wp-includes/widgets/class-wp-widget-block.php HTTP/1.1" 500 - "binance.com" "Mozilla/5.0 (Windows NT 10.0; Win64; x64) AppleWebKit/537.36 (KHTML, like Gecko) Chrome/90.0.4430.85 Safari/537.36" "wellnessconceptsclinic.com"
20.172.104.78 - - [25/Oct/2022:19:40:14 -0700] "GET /wp-includes/css/ HTTP/1.1" 200 923 "binance.com" "Mozilla/5.0 (Windows NT 10.0; Win64; x64) AppleWebKit/537.36 (KHTML, like Gecko) Chrome/90.0.4430.85 Safari/537.36" "wellnessconceptsclinic.com"
20.172.104.78 - - [25/Oct/2022:19:40:17 -0700] "GET /wp-includes/css/dist/ HTTP/1.1" 200 559 "binance.com" "Mozilla/5.0 (Windows NT 10.0; Win64; x64) AppleWebKit/537.36 (KHTML, like Gecko) Chrome/90.0.4430.85 Safari/537.36" "wellnessconceptsclinic.com"
