31.13.127.13 - - [08/Feb/2023:08:22:15 -0800] "GET /favicon.ico HTTP/1.1" 404 88 "https://www.wellnessconceptsclinic.com/?utm_source=Facebook&utm_medium=Facebook_Right_Column&utm_campaign=Wellness%2BConcepts%2BClinic%252C%2BLLC%2B%257C%2BLEAD_GENERATION%2B%257C%2B%2528R%2529%2B%252449%2B-%2BThermographic%2BNeuropathy%2B%2B%257C%2BTHERMOGRAPHIC%2BSCAN%2BAND%2BREPORT%252C%2BEVALUATION%252C%2BDR.%2BCONSULTATION&utm_term=Custom%2BLocation%2B%257C%2BAll%2B%257C%2B%2528R%2529%2B%252449%2B-%2BThermographic%2BNeuropathy%2B%2B%257C%2BTHERMOGRAPHIC%2BSCAN%2BAND%2BREPORT%252C%2BEVALUATION%252C%2BDR.%2BCONSULTATION&utm_content=Ad%2B3&campaign_id=6314098899549&fbclid=IwAR1BhItnF5Bl6X_g2-qJzQTF8HbspRd_A99yIerJZcTtgFyXSL-lu0CNmhk" "Mozilla/5.0 (Windows NT 10.0; Win64; x64) AppleWebKit/537.36 (KHTML, like Gecko) Chrome/108.0.0.0 Safari/537.36" "www.wellnessconceptsclinic.com"
66.220.149.119 - - [08/Feb/2023:08:22:09 -0800] "GET /?utm_source=Facebook&utm_medium=Facebook_Right_Column&utm_campaign=Wellness%2BConcepts%2BClinic%252C%2BLLC%2B%257C%2BLEAD_GENERATION%2B%257C%2B%2528R%2529%2B%252449%2B-%2BThermographic%2BNeuropathy%2B%2B%257C%2BTHERMOGRAPHIC%2BSCAN%2BAND%2BREPORT%252C%2BEVALUATION%252C%2BDR.%2BCONSULTATION&utm_term=Custom%2BLocation%2B%257C%2BAll%2B%257C%2B%2528R%2529%2B%252449%2B-%2BThermographic%2BNeuropathy%2B%2B%257C%2BTHERMOGRAPHIC%2BSCAN%2BAND%2BREPORT%252C%2BEVALUATION%252C%2BDR.%2BCONSULTATION&utm_content=Ad%2B2&campaign_id=6314098899549&fbclid=IwAR2ci8yj_UVzE_akNk84B83OG053arNlAungz_AQTIaza0n8jS1Wp1BgHKA HTTP/1.1" 200 180756 "-" "Mozilla/5.0 (iPhone; CPU iPhone OS 16_1_1 like Mac OS X) AppleWebKit/605.1.15 (KHTML, like Gecko) Version/16.1 Mobile/15E148 Safari/604.1" "wellnessconceptsclinic.com"
66.220.149.7 - - [08/Feb/2023:08:22:15 -0800] "GET /wp-content/uploads/wtfdivi/wp_head.css?ver=1620759003 HTTP/1.1" 200 441 "https://wellnessconceptsclinic.com/?utm_source=Facebook&utm_medium=Facebook_Right_Column&utm_campaign=Wellness%2BConcepts%2BClinic%252C%2BLLC%2B%257C%2BLEAD_GENERATION%2B%257C%2B%2528R%2529%2B%252449%2B-%2BThermographic%2BNeuropathy%2B%2B%257C%2BTHERMOGRAPHIC%2BSCAN%2BAND%2BREPORT%252C%2BEVALUATION%252C%2BDR.%2BCONSULTATION&utm_term=Custom%2BLocation%2B%257C%2BAll%2B%257C%2B%2528R%2529%2B%252449%2B-%2BThermographic%2BNeuropathy%2B%2B%257C%2BTHERMOGRAPHIC%2BSCAN%2BAND%2BREPORT%252C%2BEVALUATION%252C%2BDR.%2BCONSULTATION&utm_content=Ad%2B2&campaign_id=6314098899549&fbclid=IwAR2ci8yj_UVzE_akNk84B83OG053arNlAungz_AQTIaza0n8jS1Wp1BgHKA" "Mozilla/5.0 (iPhone; CPU iPhone OS 16_1_1 like Mac OS X) AppleWebKit/605.1.15 (KHTML, like Gecko) Version/16.1 Mobile/15E148 Safari/604.1" "wellnessconceptsclinic.com"
66.220.149.13 - - [08/Feb/2023:08:22:15 -0800] "GET /wp-content/plugins/tabs-responsive/assets/css/bootstrap-front.css?ver=5.9.5 HTTP/1.1" 200 2640 "https://wellnessconceptsclinic.com/?utm_source=Facebook&utm_medium=Facebook_Right_Column&utm_campaign=Wellness%2BConcepts%2BClinic%252C%2BLLC%2B%257C%2BLEAD_GENERATION%2B%257C%2B%2528R%2529%2B%252449%2B-%2BThermographic%2BNeuropathy%2B%2B%257C%2BTHERMOGRAPHIC%2BSCAN%2BAND%2BREPORT%252C%2BEVALUATION%252C%2BDR.%2BCONSULTATION&utm_term=Custom%2BLocation%2B%257C%2BAll%2B%257C%2B%2528R%2529%2B%252449%2B-%2BThermographic%2BNeuropathy%2B%2B%257C%2BTHERMOGRAPHIC%2BSCAN%2BAND%2BREPORT%252C%2BEVALUATION%252C%2BDR.%2BCONSULTATION&utm_content=Ad%2B2&campaign_id=6314098899549&fbclid=IwAR2ci8yj_UVzE_akNk84B83OG053arNlAungz_AQTIaza0n8jS1Wp1BgHKA" "Mozilla/5.0 (iPhone; CPU iPhone OS 16_1_1 like Mac OS X) AppleWebKit/605.1.15 (KHTML, like Gecko) Version/16.1 Mobile/15E148 Safari/604.1" "wellnessconceptsclinic.com"
66.220.149.1 - - [08/Feb/2023:08:22:15 -0800] "GET /wp-content/plugins/tabs-responsive/assets/css/font-awesome/css/font-awesome.min.css?ver=5.9.5 HTTP/1.1" 200 4696 "https://wellnessconceptsclinic.com/?utm_source=Facebook&utm_medium=Facebook_Right_Column&utm_campaign=Wellness%2BConcepts%2BClinic%252C%2BLLC%2B%257C%2BLEAD_GENERATION%2B%257C%2B%2528R%2529%2B%252449%2B-%2BThermographic%2BNeuropathy%2B%2B%257C%2BTHERMOGRAPHIC%2BSCAN%2BAND%2BREPORT%252C%2BEVALUATION%252C%2BDR.%2BCONSULTATION&utm_term=Custom%2BLocation%2B%257C%2BAll%2B%257C%2B%2528R%2529%2B%252449%2B-%2BThermographic%2BNeuropathy%2B%2B%257C%2BTHERMOGRAPHIC%2BSCAN%2BAND%2BREPORT%252C%2BEVALUATION%252C%2BDR.%2BCONSULTATION&utm_content=Ad%2B2&campaign_id=6314098899549&fbclid=IwAR2ci8yj_UVzE_akNk84B83OG053arNlAungz_AQTIaza0n8jS1Wp1BgHKA" "Mozilla/5.0 (iPhone; CPU iPhone OS 16_1_1 like Mac OS X) AppleWebKit/605.1.15 (KHTML, like Gecko) Version/16.1 Mobile/15E148 Safari/604.1" "wellnessconceptsclinic.com"
66.220.149.1 - - [08/Feb/2023:08:22:15 -0800] "GET /wp-content/plugins/wp-facebook-reviews/public/css/wprev-fb-combine.css?ver=11.0 HTTP/1.1" 200 1859 "https://wellnessconceptsclinic.com/?utm_source=Facebook&utm_medium=Facebook_Right_Column&utm_campaign=Wellness%2BConcepts%2BClinic%252C%2BLLC%2B%257C%2BLEAD_GENERATION%2B%257C%2B%2528R%2529%2B%252449%2B-%2BThermographic%2BNeuropathy%2B%2B%257C%2BTHERMOGRAPHIC%2BSCAN%2BAND%2BREPORT%252C%2BEVALUATION%252C%2BDR.%2BCONSULTATION&utm_term=Custom%2BLocation%2B%257C%2BAll%2B%257C%2B%2528R%2529%2B%252449%2B-%2BThermographic%2BNeuropathy%2B%2B%257C%2BTHERMOGRAPHIC%2BSCAN%2BAND%2BREPORT%252C%2BEVALUATION%252C%2BDR.%2BCONSULTATION&utm_content=Ad%2B2&campaign_id=6314098899549&fbclid=IwAR2ci8yj_UVzE_akNk84B83OG053arNlAungz_AQTIaza0n8jS1Wp1BgHKA" "Mozilla/5.0 (iPhone; CPU iPhone OS 16_1_1 like Mac OS X) AppleWebKit/605.1.15 (KHTML, like Gecko) Version/16.1 Mobile/15E148 Safari/604.1" "wellnessconceptsclinic.com"
66.220.149.13 - - [08/Feb/2023:08:22:15 -0800] "GET /wp-content/plugins/wp-yelp-review-slider/public/css/wprev-public_template1.css?ver=6.3 HTTP/1.1" 200 1198 "https://wellnessconceptsclinic.com/?utm_source=Facebook&utm_medium=Facebook_Right_Column&utm_campaign=Wellness%2BConcepts%2BClinic%252C%2BLLC%2B%257C%2BLEAD_GENERATION%2B%257C%2B%2528R%2529%2B%252449%2B-%2BThermographic%2BNeuropathy%2B%2B%257C%2BTHERMOGRAPHIC%2BSCAN%2BAND%2BREPORT%252C%2BEVALUATION%252C%2BDR.%2BCONSULTATION&utm_term=Custom%2BLocation%2B%257C%2BAll%2B%257C%2B%2528R%2529%2B%252449%2B-%2BThermographic%2BNeuropathy%2B%2B%257C%2BTHERMOGRAPHIC%2BSCAN%2BAND%2BREPORT%252C%2BEVALUATION%252C%2BDR.%2BCONSULTATION&utm_content=Ad%2B2&campaign_id=6314098899549&fbclid=IwAR2ci8yj_UVzE_akNk84B83OG053arNlAungz_AQTIaza0n8jS1Wp1BgHKA" "Mozilla/5.0 (iPhone; CPU iPhone OS 16_1_1 like Mac OS X) AppleWebKit/605.1.15 (KHTML, like Gecko) Version/16.1 Mobile/15E148 Safari/604.1" "wellnessconceptsclinic.com"
66.220.149.7 - - [08/Feb/2023:08:22:15 -0800] "GET /wp-content/plugins/tabs-responsive/assets/css/animate.css?ver=5.9.5 HTTP/1.1" 200 4936 "https://wellnessconceptsclinic.com/?utm_source=Facebook&utm_medium=Facebook_Right_Column&utm_campaign=Wellness%2BConcepts%2BClinic%252C%2BLLC%2B%257C%2BLEAD_GENERATION%2B%257C%2B%2528R%2529%2B%252449%2B-%2BThermographic%2BNeuropathy%2B%2B%257C%2BTHERMOGRAPHIC%2BSCAN%2BAND%2BREPORT%252C%2BEVALUATION%252C%2BDR.%2BCONSULTATION&utm_term=Custom%2BLocation%2B%257C%2BAll%2B%257C%2B%2528R%2529%2B%252449%2B-%2BThermographic%2BNeuropathy%2B%2B%257C%2BTHERMOGRAPHIC%2BSCAN%2BAND%2BREPORT%252C%2BEVALUATION%252C%2BDR.%2BCONSULTATION&utm_content=Ad%2B2&campaign_id=6314098899549&fbclid=IwAR2ci8yj_UVzE_akNk84B83OG053arNlAungz_AQTIaza0n8jS1Wp1BgHKA" "Mozilla/5.0 (iPhone; CPU iPhone OS 16_1_1 like Mac OS X) AppleWebKit/605.1.15 (KHTML, like Gecko) Version/16.1 Mobile/15E148 Safari/604.1" "wellnessconceptsclinic.com"
66.220.149.13 - - [08/Feb/2023:08:22:15 -0800] "GET /wp-content/plugins/wp-yelp-review-slider/public/css/wpyelp_w3.css?ver=6.3 HTTP/1.1" 200 499 "https://wellnessconceptsclinic.com/?utm_source=Facebook&utm_medium=Facebook_Right_Column&utm_campaign=Wellness%2BConcepts%2BClinic%252C%2BLLC%2B%257C%2BLEAD_GENERATION%2B%257C%2B%2528R%2529%2B%252449%2B-%2BThermographic%2BNeuropathy%2B%2B%257C%2BTHERMOGRAPHIC%2BSCAN%2BAND%2BREPORT%252C%2BEVALUATION%252C%2BDR.%2BCONSULTATION&utm_term=Custom%2BLocation%2B%257C%2BAll%2B%257C%2B%2528R%2529%2B%252449%2B-%2BThermographic%2BNeuropathy%2B%2B%257C%2BTHERMOGRAPHIC%2BSCAN%2BAND%2BREPORT%252C%2BEVALUATION%252C%2BDR.%2BCONSULTATION&utm_content=Ad%2B2&campaign_id=6314098899549&fbclid=IwAR2ci8yj_UVzE_akNk84B83OG053arNlAungz_AQTIaza0n8jS1Wp1BgHKA" "Mozilla/5.0 (iPhone; CPU iPhone OS 16_1_1 like Mac OS X) AppleWebKit/605.1.15 (KHTML, like Gecko) Version/16.1 Mobile/15E148 Safari/604.1" "wellnessconceptsclinic.com"
66.220.149.1 - - [08/Feb/2023:08:22:15 -0800] "GET /wp-content/plugins/wp-yelp-review-slider/public/css/wprs_unslider-dots.css?ver=6.3 HTTP/1.1" 200 247 "https://wellnessconceptsclinic.com/?utm_source=Facebook&utm_medium=Facebook_Right_Column&utm_campaign=Wellness%2BConcepts%2BClinic%252C%2BLLC%2B%257C%2BLEAD_GENERATION%2B%257C%2B%2528R%2529%2B%252449%2B-%2BThermographic%2BNeuropathy%2B%2B%257C%2BTHERMOGRAPHIC%2BSCAN%2BAND%2BREPORT%252C%2BEVALUATION%252C%2BDR.%2BCONSULTATION&utm_term=Custom%2BLocation%2B%257C%2BAll%2B%257C%2B%2528R%2529%2B%252449%2B-%2BThermographic%2BNeuropathy%2B%2B%257C%2BTHERMOGRAPHIC%2BSCAN%2BAND%2BREPORT%252C%2BEVALUATION%252C%2BDR.%2BCONSULTATION&utm_content=Ad%2B2&campaign_id=6314098899549&fbclid=IwAR2ci8yj_UVzE_akNk84B83OG053arNlAungz_AQTIaza0n8jS1Wp1BgHKA" "Mozilla/5.0 (iPhone; CPU iPhone OS 16_1_1 like Mac OS X) AppleWebKit/605.1.15 (KHTML, like Gecko) Version/16.1 Mobile/15E148 Safari/604.1" "wellnessconceptsclinic.com"
66.220.149.7 - - [08/Feb/2023:08:22:15 -0800] "GET /wp-content/plugins/wp-yelp-review-slider/public/css/wprs_unslider.css?ver=6.3 HTTP/1.1" 200 533 "https://wellnessconceptsclinic.com/?utm_source=Facebook&utm_medium=Facebook_Right_Column&utm_campaign=Wellness%2BConcepts%2BClinic%252C%2BLLC%2B%257C%2BLEAD_GENERATION%2B%257C%2B%2528R%2529%2B%252449%2B-%2BThermographic%2BNeuropathy%2B%2B%257C%2BTHERMOGRAPHIC%2BSCAN%2BAND%2BREPORT%252C%2BEVALUATION%252C%2BDR.%2BCONSULTATION&utm_term=Custom%2BLocation%2B%257C%2BAll%2B%257C%2B%2528R%2529%2B%252449%2B-%2BThermographic%2BNeuropathy%2B%2B%257C%2BTHERMOGRAPHIC%2BSCAN%2BAND%2BREPORT%252C%2BEVALUATION%252C%2BDR.%2BCONSULTATION&utm_content=Ad%2B2&campaign_id=6314098899549&fbclid=IwAR2ci8yj_UVzE_akNk84B83OG053arNlAungz_AQTIaza0n8jS1Wp1BgHKA" "Mozilla/5.0 (iPhone; CPU iPhone OS 16_1_1 like Mac OS X) AppleWebKit/605.1.15 (KHTML, like Gecko) Version/16.1 Mobile/15E148 Safari/604.1" "wellnessconceptsclinic.com"
66.220.149.1 - - [08/Feb/2023:08:22:16 -0800] "GET /wp-content/plugins/z-url-preview/zurlplugin.css?ver=5.9.5 HTTP/1.1" 200 20 "https://wellnessconceptsclinic.com/?utm_source=Facebook&utm_medium=Facebook_Right_Column&utm_campaign=Wellness%2BConcepts%2BClinic%252C%2BLLC%2B%257C%2BLEAD_GENERATION%2B%257C%2B%2528R%2529%2B%252449%2B-%2BThermographic%2BNeuropathy%2B%2B%257C%2BTHERMOGRAPHIC%2BSCAN%2BAND%2BREPORT%252C%2BEVALUATION%252C%2BDR.%2BCONSULTATION&utm_term=Custom%2BLocation%2B%257C%2BAll%2B%257C%2B%2528R%2529%2B%252449%2B-%2BThermographic%2BNeuropathy%2B%2B%257C%2BTHERMOGRAPHIC%2BSCAN%2BAND%2BREPORT%252C%2BEVALUATION%252C%2BDR.%2BCONSULTATION&utm_content=Ad%2B2&campaign_id=6314098899549&fbclid=IwAR2ci8yj_UVzE_akNk84B83OG053arNlAungz_AQTIaza0n8jS1Wp1BgHKA" "Mozilla/5.0 (iPhone; CPU iPhone OS 16_1_1 like Mac OS X) AppleWebKit/605.1.15 (KHTML, like Gecko) Version/16.1 Mobile/15E148 Safari/604.1" "wellnessconceptsclinic.com"
66.220.149.13 - - [08/Feb/2023:08:22:16 -0800] "GET /wp-includes/js/jquery/jquery-migrate.min.js?ver=3.3.2 HTTP/1.1" 200 4169 "https://wellnessconceptsclinic.com/?utm_source=Facebook&utm_medium=Facebook_Right_Column&utm_campaign=Wellness%2BConcepts%2BClinic%252C%2BLLC%2B%257C%2BLEAD_GENERATION%2B%257C%2B%2528R%2529%2B%252449%2B-%2BThermographic%2BNeuropathy%2B%2B%257C%2BTHERMOGRAPHIC%2BSCAN%2BAND%2BREPORT%252C%2BEVALUATION%252C%2BDR.%2BCONSULTATION&utm_term=Custom%2BLocation%2B%257C%2BAll%2B%257C%2B%2528R%2529%2B%252449%2B-%2BThermographic%2BNeuropathy%2B%2B%257C%2BTHERMOGRAPHIC%2BSCAN%2BAND%2BREPORT%252C%2BEVALUATION%252C%2BDR.%2BCONSULTATION&utm_content=Ad%2B2&campaign_id=6314098899549&fbclid=IwAR2ci8yj_UVzE_akNk84B83OG053arNlAungz_AQTIaza0n8jS1Wp1BgHKA" "Mozilla/5.0 (iPhone; CPU iPhone OS 16_1_1 like Mac OS X) AppleWebKit/605.1.15 (KHTML, like Gecko) Version/16.1 Mobile/15E148 Safari/604.1" "wellnessconceptsclinic.com"
66.220.149.7 - - [08/Feb/2023:08:22:16 -0800] "GET /wp-content/plugins/wp-facebook-reviews/public/js/wprev-public.js?ver=11.0 HTTP/1.1" 200 610 "https://wellnessconceptsclinic.com/?utm_source=Facebook&utm_medium=Facebook_Right_Column&utm_campaign=Wellness%2BConcepts%2BClinic%252C%2BLLC%2B%257C%2BLEAD_GENERATION%2B%257C%2B%2528R%2529%2B%252449%2B-%2BThermographic%2BNeuropathy%2B%2B%257C%2BTHERMOGRAPHIC%2BSCAN%2BAND%2BREPORT%252C%2BEVALUATION%252C%2BDR.%2BCONSULTATION&utm_term=Custom%2BLocation%2B%257C%2BAll%2B%257C%2B%2528R%2529%2B%252449%2B-%2BThermographic%2BNeuropathy%2B%2B%257C%2BTHERMOGRAPHIC%2BSCAN%2BAND%2BREPORT%252C%2BEVALUATION%252C%2BDR.%2BCONSULTATION&utm_content=Ad%2B2&campaign_id=6314098899549&fbclid=IwAR2ci8yj_UVzE_akNk84B83OG053arNlAungz_AQTIaza0n8jS1Wp1BgHKA" "Mozilla/5.0 (iPhone; CPU iPhone OS 16_1_1 like Mac OS X) AppleWebKit/605.1.15 (KHTML, like Gecko) Version/16.1 Mobile/15E148 Safari/604.1" "wellnessconceptsclinic.com"
66.220.149.1 - - [08/Feb/2023:08:22:16 -0800] "GET /wp-includes/js/jquery/jquery.min.js?ver=3.6.0 HTTP/1.1" 200 30908 "https://wellnessconceptsclinic.com/?utm_source=Facebook&utm_medium=Facebook_Right_Column&utm_campaign=Wellness%2BConcepts%2BClinic%252C%2BLLC%2B%257C%2BLEAD_GENERATION%2B%257C%2B%2528R%2529%2B%252449%2B-%2BThermographic%2BNeuropathy%2B%2B%257C%2BTHERMOGRAPHIC%2BSCAN%2BAND%2BREPORT%252C%2BEVALUATION%252C%2BDR.%2BCONSULTATION&utm_term=Custom%2BLocation%2B%257C%2BAll%2B%257C%2B%2528R%2529%2B%252449%2B-%2BThermographic%2BNeuropathy%2B%2B%257C%2BTHERMOGRAPHIC%2BSCAN%2BAND%2BREPORT%252C%2BEVALUATION%252C%2BDR.%2BCONSULTATION&utm_content=Ad%2B2&campaign_id=6314098899549&fbclid=IwAR2ci8yj_UVzE_akNk84B83OG053arNlAungz_AQTIaza0n8jS1Wp1BgHKA" "Mozilla/5.0 (iPhone; CPU iPhone OS 16_1_1 like Mac OS X) AppleWebKit/605.1.15 (KHTML, like Gecko) Version/16.1 Mobile/15E148 Safari/604.1" "wellnessconceptsclinic.com"
173.252.95.119 - - [08/Feb/2023:08:21:54 -0800] "GET /?utm_source=Facebook&utm_medium=Facebook_Right_Column&utm_campaign=Wellness%2BConcepts%2BClinic%252C%2BLLC%2B%257C%2BLEAD_GENERATION%2B%257C%2B%2528R%2529%2B%252449%2B-%2BThermographic%2BNeuropathy%2B%2B%257C%2BTHERMOGRAPHIC%2BSCAN%2BAND%2BREPORT%252C%2BEVALUATION%252C%2BDR.%2BCONSULTATION&utm_term=Custom%2BLocation%2B%257C%2BAll%2B%257C%2B%2528R%2529%2B%252449%2B-%2BThermographic%2BNeuropathy%2B%2B%257C%2BTHERMOGRAPHIC%2BSCAN%2BAND%2BREPORT%252C%2BEVALUATION%252C%2BDR.%2BCONSULTATION&utm_content=Ad%2B1&campaign_id=6314098899549 HTTP/1.1" 200 18384 "-" "Mozilla/5.0 (Linux; Android 6.0.1; Nexus 6P Build/MMB29P) AppleWebKit/537.36 (KHTML, like Gecko) Chrome/47.0.2526.83 Mobile Safari/537.36" "wellnessconceptsclinic.com"
66.220.149.7 - - [08/Feb/2023:08:22:16 -0800] "GET /wp-content/et-cache/9/et-core-unified-deferred-9.min.css?ver=1675693453 HTTP/1.1" 200 774 "https://wellnessconceptsclinic.com/?utm_source=Facebook&utm_medium=Facebook_Right_Column&utm_campaign=Wellness%2BConcepts%2BClinic%252C%2BLLC%2B%257C%2BLEAD_GENERATION%2B%257C%2B%2528R%2529%2B%252449%2B-%2BThermographic%2BNeuropathy%2B%2B%257C%2BTHERMOGRAPHIC%2BSCAN%2BAND%2BREPORT%252C%2BEVALUATION%252C%2BDR.%2BCONSULTATION&utm_term=Custom%2BLocation%2B%257C%2BAll%2B%257C%2B%2528R%2529%2B%252449%2B-%2BThermographic%2BNeuropathy%2B%2B%257C%2BTHERMOGRAPHIC%2BSCAN%2BAND%2BREPORT%252C%2BEVALUATION%252C%2BDR.%2BCONSULTATION&utm_content=Ad%2B2&campaign_id=6314098899549&fbclid=IwAR2ci8yj_UVzE_akNk84B83OG053arNlAungz_AQTIaza0n8jS1Wp1BgHKA" "Mozilla/5.0 (iPhone; CPU iPhone OS 16_1_1 like Mac OS X) AppleWebKit/605.1.15 (KHTML, like Gecko) Version/16.1 Mobile/15E148 Safari/604.1" "wellnessconceptsclinic.com"
66.220.149.13 - - [08/Feb/2023:08:22:16 -0800] "GET /wp-content/plugins/wp-facebook-reviews/public/js/wprs-unslider-min.js?ver=11.0 HTTP/1.1" 200 2349 "https://wellnessconceptsclinic.com/?utm_source=Facebook&utm_medium=Facebook_Right_Column&utm_campaign=Wellness%2BConcepts%2BClinic%252C%2BLLC%2B%257C%2BLEAD_GENERATION%2B%257C%2B%2528R%2529%2B%252449%2B-%2BThermographic%2BNeuropathy%2B%2B%257C%2BTHERMOGRAPHIC%2BSCAN%2BAND%2BREPORT%252C%2BEVALUATION%252C%2BDR.%2BCONSULTATION&utm_term=Custom%2BLocation%2B%257C%2BAll%2B%257C%2B%2528R%2529%2B%252449%2B-%2BThermographic%2BNeuropathy%2B%2B%257C%2BTHERMOGRAPHIC%2BSCAN%2BAND%2BREPORT%252C%2BEVALUATION%252C%2BDR.%2BCONSULTATION&utm_content=Ad%2B2&campaign_id=6314098899549&fbclid=IwAR2ci8yj_UVzE_akNk84B83OG053arNlAungz_AQTIaza0n8jS1Wp1BgHKA" "Mozilla/5.0 (iPhone; CPU iPhone OS 16_1_1 like Mac OS X) AppleWebKit/605.1.15 (KHTML, like Gecko) Version/16.1 Mobile/15E148 Safari/604.1" "wellnessconceptsclinic.com"
66.220.149.7 - - [08/Feb/2023:08:22:16 -0800] "GET /wp-content/plugins/wp-yelp-review-slider/public/js/wprev-public.js?ver=6.3 HTTP/1.1" 200 609 "https://wellnessconceptsclinic.com/?utm_source=Facebook&utm_medium=Facebook_Right_Column&utm_campaign=Wellness%2BConcepts%2BClinic%252C%2BLLC%2B%257C%2BLEAD_GENERATION%2B%257C%2B%2528R%2529%2B%252449%2B-%2BThermographic%2BNeuropathy%2B%2B%257C%2BTHERMOGRAPHIC%2BSCAN%2BAND%2BREPORT%252C%2BEVALUATION%252C%2BDR.%2BCONSULTATION&utm_term=Custom%2BLocation%2B%257C%2BAll%2B%257C%2B%2528R%2529%2B%252449%2B-%2BThermographic%2BNeuropathy%2B%2B%257C%2BTHERMOGRAPHIC%2BSCAN%2BAND%2BREPORT%252C%2BEVALUATION%252C%2BDR.%2BCONSULTATION&utm_content=Ad%2B2&campaign_id=6314098899549&fbclid=IwAR2ci8yj_UVzE_akNk84B83OG053arNlAungz_AQTIaza0n8jS1Wp1BgHKA" "Mozilla/5.0 (iPhone; CPU iPhone OS 16_1_1 like Mac OS X) AppleWebKit/605.1.15 (KHTML, like Gecko) Version/16.1 Mobile/15E148 Safari/604.1" "wellnessconceptsclinic.com"
66.220.149.13 - - [08/Feb/2023:08:22:16 -0800] "GET /wp-content/plugins/wp-yelp-review-slider/public/js/wprs-unslider-min.js?ver=6.3 HTTP/1.1" 200 2349 "https://wellnessconceptsclinic.com/?utm_source=Facebook&utm_medium=Facebook_Right_Column&utm_campaign=Wellness%2BConcepts%2BClinic%252C%2BLLC%2B%257C%2BLEAD_GENERATION%2B%257C%2B%2528R%2529%2B%252449%2B-%2BThermographic%2BNeuropathy%2B%2B%257C%2BTHERMOGRAPHIC%2BSCAN%2BAND%2BREPORT%252C%2BEVALUATION%252C%2BDR.%2BCONSULTATION&utm_term=Custom%2BLocation%2B%257C%2BAll%2B%257C%2B%2528R%2529%2B%252449%2B-%2BThermographic%2BNeuropathy%2B%2B%257C%2BTHERMOGRAPHIC%2BSCAN%2BAND%2BREPORT%252C%2BEVALUATION%252C%2BDR.%2BCONSULTATION&utm_content=Ad%2B2&campaign_id=6314098899549&fbclid=IwAR2ci8yj_UVzE_akNk84B83OG053arNlAungz_AQTIaza0n8jS1Wp1BgHKA" "Mozilla/5.0 (iPhone; CPU iPhone OS 16_1_1 like Mac OS X) AppleWebKit/605.1.15 (KHTML, like Gecko) Version/16.1 Mobile/15E148 Safari/604.1" "wellnessconceptsclinic.com"
66.220.149.7 - - [08/Feb/2023:08:22:16 -0800] "GET /wp-content/plugins/divi-booster/core/icons/socicon/fonts/Socicon.woff2?87visu HTTP/1.1" 200 64512 "https://wellnessconceptsclinic.com/?utm_source=Facebook&utm_medium=Facebook_Right_Column&utm_campaign=Wellness%2BConcepts%2BClinic%252C%2BLLC%2B%257C%2BLEAD_GENERATION%2B%257C%2B%2528R%2529%2B%252449%2B-%2BThermographic%2BNeuropathy%2B%2B%257C%2BTHERMOGRAPHIC%2BSCAN%2BAND%2BREPORT%252C%2BEVALUATION%252C%2BDR.%2BCONSULTATION&utm_term=Custom%2BLocation%2B%257C%2BAll%2B%257C%2B%2528R%2529%2B%252449%2B-%2BThermographic%2BNeuropathy%2B%2B%257C%2BTHERMOGRAPHIC%2BSCAN%2BAND%2BREPORT%252C%2BEVALUATION%252C%2BDR.%2BCONSULTATION&utm_content=Ad%2B2&campaign_id=6314098899549&fbclid=IwAR2ci8yj_UVzE_akNk84B83OG053arNlAungz_AQTIaza0n8jS1Wp1BgHKA" "Mozilla/5.0 (iPhone; CPU iPhone OS 16_1_1 like Mac OS X) AppleWebKit/605.1.15 (KHTML, like Gecko) Version/16.1 Mobile/15E148 Safari/604.1" "wellnessconceptsclinic.com"
66.220.149.1 - - [08/Feb/2023:08:22:16 -0800] "GET /wp-content/plugins/divi-booster/core/icons/socicon/style.css?ver=3.9.9 HTTP/1.1" 200 2812 "https://wellnessconceptsclinic.com/?utm_source=Facebook&utm_medium=Facebook_Right_Column&utm_campaign=Wellness%2BConcepts%2BClinic%252C%2BLLC%2B%257C%2BLEAD_GENERATION%2B%257C%2B%2528R%2529%2B%252449%2B-%2BThermographic%2BNeuropathy%2B%2B%257C%2BTHERMOGRAPHIC%2BSCAN%2BAND%2BREPORT%252C%2BEVALUATION%252C%2BDR.%2BCONSULTATION&utm_term=Custom%2BLocation%2B%257C%2BAll%2B%257C%2B%2528R%2529%2B%252449%2B-%2BThermographic%2BNeuropathy%2B%2B%257C%2BTHERMOGRAPHIC%2BSCAN%2BAND%2BREPORT%252C%2BEVALUATION%252C%2BDR.%2BCONSULTATION&utm_content=Ad%2B2&campaign_id=6314098899549&fbclid=IwAR2ci8yj_UVzE_akNk84B83OG053arNlAungz_AQTIaza0n8jS1Wp1BgHKA" "Mozilla/5.0 (iPhone; CPU iPhone OS 16_1_1 like Mac OS X) AppleWebKit/605.1.15 (KHTML, like Gecko) Version/16.1 Mobile/15E148 Safari/604.1" "wellnessconceptsclinic.com"
66.220.149.13 - - [08/Feb/2023:08:22:16 -0800] "GET /wp-content/plugins/divi-booster/core/icons/divi-booster-icons/icomoon/style.css?ver=3.9.9 HTTP/1.1" 200 453 "https://wellnessconceptsclinic.com/?utm_source=Facebook&utm_medium=Facebook_Right_Column&utm_campaign=Wellness%2BConcepts%2BClinic%252C%2BLLC%2B%257C%2BLEAD_GENERATION%2B%257C%2B%2528R%2529%2B%252449%2B-%2BThermographic%2BNeuropathy%2B%2B%257C%2BTHERMOGRAPHIC%2BSCAN%2BAND%2BREPORT%252C%2BEVALUATION%252C%2BDR.%2BCONSULTATION&utm_term=Custom%2BLocation%2B%257C%2BAll%2B%257C%2B%2528R%2529%2B%252449%2B-%2BThermographic%2BNeuropathy%2B%2B%257C%2BTHERMOGRAPHIC%2BSCAN%2BAND%2BREPORT%252C%2BEVALUATION%252C%2BDR.%2BCONSULTATION&utm_content=Ad%2B2&campaign_id=6314098899549&fbclid=IwAR2ci8yj_UVzE_akNk84B83OG053arNlAungz_AQTIaza0n8jS1Wp1BgHKA" "Mozilla/5.0 (iPhone; CPU iPhone OS 16_1_1 like Mac OS X) AppleWebKit/605.1.15 (KHTML, like Gecko) Version/16.1 Mobile/15E148 Safari/604.1" "wellnessconceptsclinic.com"
66.220.149.1 - - [08/Feb/2023:08:22:16 -0800] "GET /wp-content/themes/Divi/core/admin/fonts/modules/all/modules.ttf HTTP/1.1" 200 92400 "https://wellnessconceptsclinic.com/?utm_source=Facebook&utm_medium=Facebook_Right_Column&utm_campaign=Wellness%2BConcepts%2BClinic%252C%2BLLC%2B%257C%2BLEAD_GENERATION%2B%257C%2B%2528R%2529%2B%252449%2B-%2BThermographic%2BNeuropathy%2B%2B%257C%2BTHERMOGRAPHIC%2BSCAN%2BAND%2BREPORT%252C%2BEVALUATION%252C%2BDR.%2BCONSULTATION&utm_term=Custom%2BLocation%2B%257C%2BAll%2B%257C%2B%2528R%2529%2B%252449%2B-%2BThermographic%2BNeuropathy%2B%2B%257C%2BTHERMOGRAPHIC%2BSCAN%2BAND%2BREPORT%252C%2BEVALUATION%252C%2BDR.%2BCONSULTATION&utm_content=Ad%2B2&campaign_id=6314098899549&fbclid=IwAR2ci8yj_UVzE_akNk84B83OG053arNlAungz_AQTIaza0n8jS1Wp1BgHKA" "Mozilla/5.0 (iPhone; CPU iPhone OS 16_1_1 like Mac OS X) AppleWebKit/605.1.15 (KHTML, like Gecko) Version/16.1 Mobile/15E148 Safari/604.1" "wellnessconceptsclinic.com"
66.220.149.13 - - [08/Feb/2023:08:22:16 -0800] "GET /wp-content/plugins/tabs-responsive/assets/js/tabs-custom.js?ver=5.9.5 HTTP/1.1" 200 13700 "https://wellnessconceptsclinic.com/?utm_source=Facebook&utm_medium=Facebook_Right_Column&utm_campaign=Wellness%2BConcepts%2BClinic%252C%2BLLC%2B%257C%2BLEAD_GENERATION%2B%257C%2B%2528R%2529%2B%252449%2B-%2BThermographic%2BNeuropathy%2B%2B%257C%2BTHERMOGRAPHIC%2BSCAN%2BAND%2BREPORT%252C%2BEVALUATION%252C%2BDR.%2BCONSULTATION&utm_term=Custom%2BLocation%2B%257C%2BAll%2B%257C%2B%2528R%2529%2B%252449%2B-%2BThermographic%2BNeuropathy%2B%2B%257C%2BTHERMOGRAPHIC%2BSCAN%2BAND%2BREPORT%252C%2BEVALUATION%252C%2BDR.%2BCONSULTATION&utm_content=Ad%2B2&campaign_id=6314098899549&fbclid=IwAR2ci8yj_UVzE_akNk84B83OG053arNlAungz_AQTIaza0n8jS1Wp1BgHKA" "Mozilla/5.0 (iPhone; CPU iPhone OS 16_1_1 like Mac OS X) AppleWebKit/605.1.15 (KHTML, like Gecko) Version/16.1 Mobile/15E148 Safari/604.1" "wellnessconceptsclinic.com"
31.13.127.13 - - [08/Feb/2023:08:21:54 -0800] "GET /?utm_source=Facebook&utm_medium=Facebook_Right_Column&utm_campaign=Wellness%2BConcepts%2BClinic%252C%2BLLC%2B%257C%2BLEAD_GENERATION%2B%257C%2B%2528R%2529%2B%252449%2B-%2BThermographic%2BNeuropathy%2B%2B%257C%2BTHERMOGRAPHIC%2BSCAN%2BAND%2BREPORT%252C%2BEVALUATION%252C%2BDR.%2BCONSULTATION&utm_term=Custom%2BLocation%2B%257C%2BAll%2B%257C%2B%2528R%2529%2B%252449%2B-%2BThermographic%2BNeuropathy%2B%2B%257C%2BTHERMOGRAPHIC%2BSCAN%2BAND%2BREPORT%252C%2BEVALUATION%252C%2BDR.%2BCONSULTATION&utm_content=Ad%2B3&campaign_id=6314098899549&fbclid=IwAR1BhItnF5Bl6X_g2-qJzQTF8HbspRd_A99yIerJZcTtgFyXSL-lu0CNmhk HTTP/1.1" 301 - "-" "Mozilla/5.0 (Windows NT 10.0; Win64; x64) AppleWebKit/537.36 (KHTML, like Gecko) Chrome/108.0.0.0 Safari/537.36" "www.wellnessconceptsclinic.com"
66.220.149.13 - - [08/Feb/2023:08:22:16 -0800] "GET /wp-content/plugins/tabs-responsive/assets/js/bootstrap.js?ver=5.9.5 HTTP/1.1" 200 20 "https://wellnessconceptsclinic.com/?utm_source=Facebook&utm_medium=Facebook_Right_Column&utm_campaign=Wellness%2BConcepts%2BClinic%252C%2BLLC%2B%257C%2BLEAD_GENERATION%2B%257C%2B%2528R%2529%2B%252449%2B-%2BThermographic%2BNeuropathy%2B%2B%257C%2BTHERMOGRAPHIC%2BSCAN%2BAND%2BREPORT%252C%2BEVALUATION%252C%2BDR.%2BCONSULTATION&utm_term=Custom%2BLocation%2B%257C%2BAll%2B%257C%2B%2528R%2529%2B%252449%2B-%2BThermographic%2BNeuropathy%2B%2B%257C%2BTHERMOGRAPHIC%2BSCAN%2BAND%2BREPORT%252C%2BEVALUATION%252C%2BDR.%2BCONSULTATION&utm_content=Ad%2B2&campaign_id=6314098899549&fbclid=IwAR2ci8yj_UVzE_akNk84B83OG053arNlAungz_AQTIaza0n8jS1Wp1BgHKA" "Mozilla/5.0 (iPhone; CPU iPhone OS 16_1_1 like Mac OS X) AppleWebKit/605.1.15 (KHTML, like Gecko) Version/16.1 Mobile/15E148 Safari/604.1" "wellnessconceptsclinic.com"
66.220.149.13 - - [08/Feb/2023:08:22:16 -0800] "GET /wp-content/themes/Divi/js/scripts.min.js?ver=4.18.0 HTTP/1.1" 200 70295 "https://wellnessconceptsclinic.com/?utm_source=Facebook&utm_medium=Facebook_Right_Column&utm_campaign=Wellness%2BConcepts%2BClinic%252C%2BLLC%2B%257C%2BLEAD_GENERATION%2B%257C%2B%2528R%2529%2B%252449%2B-%2BThermographic%2BNeuropathy%2B%2B%257C%2BTHERMOGRAPHIC%2BSCAN%2BAND%2BREPORT%252C%2BEVALUATION%252C%2BDR.%2BCONSULTATION&utm_term=Custom%2BLocation%2B%257C%2BAll%2B%257C%2B%2528R%2529%2B%252449%2B-%2BThermographic%2BNeuropathy%2B%2B%257C%2BTHERMOGRAPHIC%2BSCAN%2BAND%2BREPORT%252C%2BEVALUATION%252C%2BDR.%2BCONSULTATION&utm_content=Ad%2B2&campaign_id=6314098899549&fbclid=IwAR2ci8yj_UVzE_akNk84B83OG053arNlAungz_AQTIaza0n8jS1Wp1BgHKA" "Mozilla/5.0 (iPhone; CPU iPhone OS 16_1_1 like Mac OS X) AppleWebKit/605.1.15 (KHTML, like Gecko) Version/16.1 Mobile/15E148 Safari/604.1" "wellnessconceptsclinic.com"
66.220.149.7 - - [08/Feb/2023:08:22:16 -0800] "GET /wp-content/themes/Divi/includes/builder/feature/dynamic-assets/assets/js/jquery.fitvids.js?ver=4.18.0 HTTP/1.1" 200 1341 "https://wellnessconceptsclinic.com/?utm_source=Facebook&utm_medium=Facebook_Right_Column&utm_campaign=Wellness%2BConcepts%2BClinic%252C%2BLLC%2B%257C%2BLEAD_GENERATION%2B%257C%2B%2528R%2529%2B%252449%2B-%2BThermographic%2BNeuropathy%2B%2B%257C%2BTHERMOGRAPHIC%2BSCAN%2BAND%2BREPORT%252C%2BEVALUATION%252C%2BDR.%2BCONSULTATION&utm_term=Custom%2BLocation%2B%257C%2BAll%2B%257C%2B%2528R%2529%2B%252449%2B-%2BThermographic%2BNeuropathy%2B%2B%257C%2BTHERMOGRAPHIC%2BSCAN%2BAND%2BREPORT%252C%2BEVALUATION%252C%2BDR.%2BCONSULTATION&utm_content=Ad%2B2&campaign_id=6314098899549&fbclid=IwAR2ci8yj_UVzE_akNk84B83OG053arNlAungz_AQTIaza0n8jS1Wp1BgHKA" "Mozilla/5.0 (iPhone; CPU iPhone OS 16_1_1 like Mac OS X) AppleWebKit/605.1.15 (KHTML, like Gecko) Version/16.1 Mobile/15E148 Safari/604.1" "wellnessconceptsclinic.com"
66.220.149.7 - - [08/Feb/2023:08:22:17 -0800] "GET /wp-content/themes/Divi/core/admin/js/common.js?ver=4.18.0 HTTP/1.1" 200 566 "https://wellnessconceptsclinic.com/?utm_source=Facebook&utm_medium=Facebook_Right_Column&utm_campaign=Wellness%2BConcepts%2BClinic%252C%2BLLC%2B%257C%2BLEAD_GENERATION%2B%257C%2B%2528R%2529%2B%252449%2B-%2BThermographic%2BNeuropathy%2B%2B%257C%2BTHERMOGRAPHIC%2BSCAN%2BAND%2BREPORT%252C%2BEVALUATION%252C%2BDR.%2BCONSULTATION&utm_term=Custom%2BLocation%2B%257C%2BAll%2B%257C%2B%2528R%2529%2B%252449%2B-%2BThermographic%2BNeuropathy%2B%2B%257C%2BTHERMOGRAPHIC%2BSCAN%2BAND%2BREPORT%252C%2BEVALUATION%252C%2BDR.%2BCONSULTATION&utm_content=Ad%2B2&campaign_id=6314098899549&fbclid=IwAR2ci8yj_UVzE_akNk84B83OG053arNlAungz_AQTIaza0n8jS1Wp1BgHKA" "Mozilla/5.0 (iPhone; CPU iPhone OS 16_1_1 like Mac OS X) AppleWebKit/605.1.15 (KHTML, like Gecko) Version/16.1 Mobile/15E148 Safari/604.1" "wellnessconceptsclinic.com"
66.220.149.7 - - [08/Feb/2023:08:22:17 -0800] "GET /wp-content/uploads/wtfdivi/wp_footer.js?ver=1620759003 HTTP/1.1" 200 183 "https://wellnessconceptsclinic.com/?utm_source=Facebook&utm_medium=Facebook_Right_Column&utm_campaign=Wellness%2BConcepts%2BClinic%252C%2BLLC%2B%257C%2BLEAD_GENERATION%2B%257C%2B%2528R%2529%2B%252449%2B-%2BThermographic%2BNeuropathy%2B%2B%257C%2BTHERMOGRAPHIC%2BSCAN%2BAND%2BREPORT%252C%2BEVALUATION%252C%2BDR.%2BCONSULTATION&utm_term=Custom%2BLocation%2B%257C%2BAll%2B%257C%2B%2528R%2529%2B%252449%2B-%2BThermographic%2BNeuropathy%2B%2B%257C%2BTHERMOGRAPHIC%2BSCAN%2BAND%2BREPORT%252C%2BEVALUATION%252C%2BDR.%2BCONSULTATION&utm_content=Ad%2B2&campaign_id=6314098899549&fbclid=IwAR2ci8yj_UVzE_akNk84B83OG053arNlAungz_AQTIaza0n8jS1Wp1BgHKA" "Mozilla/5.0 (iPhone; CPU iPhone OS 16_1_1 like Mac OS X) AppleWebKit/605.1.15 (KHTML, like Gecko) Version/16.1 Mobile/15E148 Safari/604.1" "wellnessconceptsclinic.com"
66.220.149.7 - - [08/Feb/2023:08:22:17 -0800] "GET /wellness/wp-content/uploads/2018/11/Screen-Shot-2018-11-06-at-9.58.39-AM.png HTTP/1.1" 200 26036 "https://wellnessconceptsclinic.com/?utm_source=Facebook&utm_medium=Facebook_Right_Column&utm_campaign=Wellness%2BConcepts%2BClinic%252C%2BLLC%2B%257C%2BLEAD_GENERATION%2B%257C%2B%2528R%2529%2B%252449%2B-%2BThermographic%2BNeuropathy%2B%2B%257C%2BTHERMOGRAPHIC%2BSCAN%2BAND%2BREPORT%252C%2BEVALUATION%252C%2BDR.%2BCONSULTATION&utm_term=Custom%2BLocation%2B%257C%2BAll%2B%257C%2B%2528R%2529%2B%252449%2B-%2BThermographic%2BNeuropathy%2B%2B%257C%2BTHERMOGRAPHIC%2BSCAN%2BAND%2BREPORT%252C%2BEVALUATION%252C%2BDR.%2BCONSULTATION&utm_content=Ad%2B2&campaign_id=6314098899549&fbclid=IwAR2ci8yj_UVzE_akNk84B83OG053arNlAungz_AQTIaza0n8jS1Wp1BgHKA" "Mozilla/5.0 (iPhone; CPU iPhone OS 16_1_1 like Mac OS X) AppleWebKit/605.1.15 (KHTML, like Gecko) Version/16.1 Mobile/15E148 Safari/604.1" "wellnessconceptsclinic.com"
66.220.149.1 - - [08/Feb/2023:08:22:17 -0800] "GET /wp-content/uploads/2022/01/MCR-Acu-pic.png HTTP/1.1" 404 88 "https://wellnessconceptsclinic.com/?utm_source=Facebook&utm_medium=Facebook_Right_Column&utm_campaign=Wellness%2BConcepts%2BClinic%252C%2BLLC%2B%257C%2BLEAD_GENERATION%2B%257C%2B%2528R%2529%2B%252449%2B-%2BThermographic%2BNeuropathy%2B%2B%257C%2BTHERMOGRAPHIC%2BSCAN%2BAND%2BREPORT%252C%2BEVALUATION%252C%2BDR.%2BCONSULTATION&utm_term=Custom%2BLocation%2B%257C%2BAll%2B%257C%2B%2528R%2529%2B%252449%2B-%2BThermographic%2BNeuropathy%2B%2B%257C%2BTHERMOGRAPHIC%2BSCAN%2BAND%2BREPORT%252C%2BEVALUATION%252C%2BDR.%2BCONSULTATION&utm_content=Ad%2B2&campaign_id=6314098899549&fbclid=IwAR2ci8yj_UVzE_akNk84B83OG053arNlAungz_AQTIaza0n8jS1Wp1BgHKA" "Mozilla/5.0 (iPhone; CPU iPhone OS 16_1_1 like Mac OS X) AppleWebKit/605.1.15 (KHTML, like Gecko) Version/16.1 Mobile/15E148 Safari/604.1" "wellnessconceptsclinic.com"
10.247.24.100 - - [08/Feb/2023:08:21:52 -0800] "POST /wp-cron.php?doing_wp_cron=1675873312.1449499130249023437500 HTTP/1.1" 200 372 "https://wellnessconceptsclinic.com/wp-cron.php?doing_wp_cron=1675873312.1449499130249023437500" "WordPress/5.9.5; https://wellnessconceptsclinic.com" "wellnessconceptsclinic.com"
66.220.149.1 - - [08/Feb/2023:08:22:17 -0800] "GET /wp-content/uploads/2021/10/Oct-2021-website-ad.jpg HTTP/1.1" 200 37692 "https://wellnessconceptsclinic.com/?utm_source=Facebook&utm_medium=Facebook_Right_Column&utm_campaign=Wellness%2BConcepts%2BClinic%252C%2BLLC%2B%257C%2BLEAD_GENERATION%2B%257C%2B%2528R%2529%2B%252449%2B-%2BThermographic%2BNeuropathy%2B%2B%257C%2BTHERMOGRAPHIC%2BSCAN%2BAND%2BREPORT%252C%2BEVALUATION%252C%2BDR.%2BCONSULTATION&utm_term=Custom%2BLocation%2B%257C%2BAll%2B%257C%2B%2528R%2529%2B%252449%2B-%2BThermographic%2BNeuropathy%2B%2B%257C%2BTHERMOGRAPHIC%2BSCAN%2BAND%2BREPORT%252C%2BEVALUATION%252C%2BDR.%2BCONSULTATION&utm_content=Ad%2B2&campaign_id=6314098899549&fbclid=IwAR2ci8yj_UVzE_akNk84B83OG053arNlAungz_AQTIaza0n8jS1Wp1BgHKA" "Mozilla/5.0 (iPhone; CPU iPhone OS 16_1_1 like Mac OS X) AppleWebKit/605.1.15 (KHTML, like Gecko) Version/16.1 Mobile/15E148 Safari/604.1" "wellnessconceptsclinic.com"
66.220.149.13 - - [08/Feb/2023:08:22:17 -0800] "GET /wp-content/uploads/2022/11/Bemer-.jpg HTTP/1.1" 200 149903 "https://wellnessconceptsclinic.com/?utm_source=Facebook&utm_medium=Facebook_Right_Column&utm_campaign=Wellness%2BConcepts%2BClinic%252C%2BLLC%2B%257C%2BLEAD_GENERATION%2B%257C%2B%2528R%2529%2B%252449%2B-%2BThermographic%2BNeuropathy%2B%2B%257C%2BTHERMOGRAPHIC%2BSCAN%2BAND%2BREPORT%252C%2BEVALUATION%252C%2BDR.%2BCONSULTATION&utm_term=Custom%2BLocation%2B%257C%2BAll%2B%257C%2B%2528R%2529%2B%252449%2B-%2BThermographic%2BNeuropathy%2B%2B%257C%2BTHERMOGRAPHIC%2BSCAN%2BAND%2BREPORT%252C%2BEVALUATION%252C%2BDR.%2BCONSULTATION&utm_content=Ad%2B2&campaign_id=6314098899549&fbclid=IwAR2ci8yj_UVzE_akNk84B83OG053arNlAungz_AQTIaza0n8jS1Wp1BgHKA" "Mozilla/5.0 (iPhone; CPU iPhone OS 16_1_1 like Mac OS X) AppleWebKit/605.1.15 (KHTML, like Gecko) Version/16.1 Mobile/15E148 Safari/604.1" "wellnessconceptsclinic.com"
66.220.149.7 - - [08/Feb/2023:08:22:17 -0800] "GET /wp-content/uploads/2022/10/pic.jpg HTTP/1.1" 200 61825 "https://wellnessconceptsclinic.com/?utm_source=Facebook&utm_medium=Facebook_Right_Column&utm_campaign=Wellness%2BConcepts%2BClinic%252C%2BLLC%2B%257C%2BLEAD_GENERATION%2B%257C%2B%2528R%2529%2B%252449%2B-%2BThermographic%2BNeuropathy%2B%2B%257C%2BTHERMOGRAPHIC%2BSCAN%2BAND%2BREPORT%252C%2BEVALUATION%252C%2BDR.%2BCONSULTATION&utm_term=Custom%2BLocation%2B%257C%2BAll%2B%257C%2B%2528R%2529%2B%252449%2B-%2BThermographic%2BNeuropathy%2B%2B%257C%2BTHERMOGRAPHIC%2BSCAN%2BAND%2BREPORT%252C%2BEVALUATION%252C%2BDR.%2BCONSULTATION&utm_content=Ad%2B2&campaign_id=6314098899549&fbclid=IwAR2ci8yj_UVzE_akNk84B83OG053arNlAungz_AQTIaza0n8jS1Wp1BgHKA" "Mozilla/5.0 (iPhone; CPU iPhone OS 16_1_1 like Mac OS X) AppleWebKit/605.1.15 (KHTML, like Gecko) Version/16.1 Mobile/15E148 Safari/604.1" "wellnessconceptsclinic.com"
66.220.149.1 - - [08/Feb/2023:08:22:17 -0800] "GET /wp-content/uploads/2023/02/Feb-1-2023-1280x722.jpg HTTP/1.1" 200 93374 "https://wellnessconceptsclinic.com/?utm_source=Facebook&utm_medium=Facebook_Right_Column&utm_campaign=Wellness%2BConcepts%2BClinic%252C%2BLLC%2B%257C%2BLEAD_GENERATION%2B%257C%2B%2528R%2529%2B%252449%2B-%2BThermographic%2BNeuropathy%2B%2B%257C%2BTHERMOGRAPHIC%2BSCAN%2BAND%2BREPORT%252C%2BEVALUATION%252C%2BDR.%2BCONSULTATION&utm_term=Custom%2BLocation%2B%257C%2BAll%2B%257C%2B%2528R%2529%2B%252449%2B-%2BThermographic%2BNeuropathy%2B%2B%257C%2BTHERMOGRAPHIC%2BSCAN%2BAND%2BREPORT%252C%2BEVALUATION%252C%2BDR.%2BCONSULTATION&utm_content=Ad%2B2&campaign_id=6314098899549&fbclid=IwAR2ci8yj_UVzE_akNk84B83OG053arNlAungz_AQTIaza0n8jS1Wp1BgHKA" "Mozilla/5.0 (iPhone; CPU iPhone OS 16_1_1 like Mac OS X) AppleWebKit/605.1.15 (KHTML, like Gecko) Version/16.1 Mobile/15E148 Safari/604.1" "wellnessconceptsclinic.com"
173.252.127.117 - - [08/Feb/2023:08:22:09 -0800] "GET /?utm_source=Facebook&utm_medium=Facebook_Right_Column&utm_campaign=Wellness%2BConcepts%2BClinic%252C%2BLLC%2B%257C%2BLEAD_GENERATION%2B%257C%2B%2528R%2529%2B%252449%2B-%2BThermographic%2BNeuropathy%2B%2B%257C%2BTHERMOGRAPHIC%2BSCAN%2BAND%2BREPORT%252C%2BEVALUATION%252C%2BDR.%2BCONSULTATION&utm_term=Custom%2BLocation%2B%257C%2BAll%2B%257C%2B%2528R%2529%2B%252449%2B-%2BThermographic%2BNeuropathy%2B%2B%257C%2BTHERMOGRAPHIC%2BSCAN%2BAND%2BREPORT%252C%2BEVALUATION%252C%2BDR.%2BCONSULTATION&utm_content=Ad%2B5&campaign_id=6314098899549&fbclid=IwAR2BFYUHtnAb0-098AX0v05g7S0LQvZ9ofDSrs4d_B7Ga_IwS5dOgOUUt-4 HTTP/1.1" 200 180756 "-" "Mozilla/5.0 (iPhone; CPU iPhone OS 16_0 like Mac OS X) AppleWebKit/605.1.15 (KHTML, like Gecko) Version/16.0 Mobile/15E148 Safari/604.1" "wellnessconceptsclinic.com"
66.220.149.7 - - [08/Feb/2023:08:22:17 -0800] "GET /wp-content/uploads/2021/05/185300231_1124006634769468_196384368853979452_n.jpg HTTP/1.1" 200 146243 "https://wellnessconceptsclinic.com/?utm_source=Facebook&utm_medium=Facebook_Right_Column&utm_campaign=Wellness%2BConcepts%2BClinic%252C%2BLLC%2B%257C%2BLEAD_GENERATION%2B%257C%2B%2528R%2529%2B%252449%2B-%2BThermographic%2BNeuropathy%2B%2B%257C%2BTHERMOGRAPHIC%2BSCAN%2BAND%2BREPORT%252C%2BEVALUATION%252C%2BDR.%2BCONSULTATION&utm_term=Custom%2BLocation%2B%257C%2BAll%2B%257C%2B%2528R%2529%2B%252449%2B-%2BThermographic%2BNeuropathy%2B%2B%257C%2BTHERMOGRAPHIC%2BSCAN%2BAND%2BREPORT%252C%2BEVALUATION%252C%2BDR.%2BCONSULTATION&utm_content=Ad%2B2&campaign_id=6314098899549&fbclid=IwAR2ci8yj_UVzE_akNk84B83OG053arNlAungz_AQTIaza0n8jS1Wp1BgHKA" "Mozilla/5.0 (iPhone; CPU iPhone OS 16_1_1 like Mac OS X) AppleWebKit/605.1.15 (KHTML, like Gecko) Version/16.1 Mobile/15E148 Safari/604.1" "wellnessconceptsclinic.com"
173.252.127.9 - - [08/Feb/2023:08:22:17 -0800] "GET /wp-content/uploads/wtfdivi/wp_head.css?ver=1620759003 HTTP/1.1" 200 441 "https://wellnessconceptsclinic.com/?utm_source=Facebook&utm_medium=Facebook_Right_Column&utm_campaign=Wellness%2BConcepts%2BClinic%252C%2BLLC%2B%257C%2BLEAD_GENERATION%2B%257C%2B%2528R%2529%2B%252449%2B-%2BThermographic%2BNeuropathy%2B%2B%257C%2BTHERMOGRAPHIC%2BSCAN%2BAND%2BREPORT%252C%2BEVALUATION%252C%2BDR.%2BCONSULTATION&utm_term=Custom%2BLocation%2B%257C%2BAll%2B%257C%2B%2528R%2529%2B%252449%2B-%2BThermographic%2BNeuropathy%2B%2B%257C%2BTHERMOGRAPHIC%2BSCAN%2BAND%2BREPORT%252C%2BEVALUATION%252C%2BDR.%2BCONSULTATION&utm_content=Ad%2B5&campaign_id=6314098899549&fbclid=IwAR2BFYUHtnAb0-098AX0v05g7S0LQvZ9ofDSrs4d_B7Ga_IwS5dOgOUUt-4" "Mozilla/5.0 (iPhone; CPU iPhone OS 16_0 like Mac OS X) AppleWebKit/605.1.15 (KHTML, like Gecko) Version/16.0 Mobile/15E148 Safari/604.1" "wellnessconceptsclinic.com"
173.252.127.13 - - [08/Feb/2023:08:22:17 -0800] "GET /wp-content/plugins/tabs-responsive/assets/css/bootstrap-front.css?ver=5.9.5 HTTP/1.1" 200 2640 "https://wellnessconceptsclinic.com/?utm_source=Facebook&utm_medium=Facebook_Right_Column&utm_campaign=Wellness%2BConcepts%2BClinic%252C%2BLLC%2B%257C%2BLEAD_GENERATION%2B%257C%2B%2528R%2529%2B%252449%2B-%2BThermographic%2BNeuropathy%2B%2B%257C%2BTHERMOGRAPHIC%2BSCAN%2BAND%2BREPORT%252C%2BEVALUATION%252C%2BDR.%2BCONSULTATION&utm_term=Custom%2BLocation%2B%257C%2BAll%2B%257C%2B%2528R%2529%2B%252449%2B-%2BThermographic%2BNeuropathy%2B%2B%257C%2BTHERMOGRAPHIC%2BSCAN%2BAND%2BREPORT%252C%2BEVALUATION%252C%2BDR.%2BCONSULTATION&utm_content=Ad%2B5&campaign_id=6314098899549&fbclid=IwAR2BFYUHtnAb0-098AX0v05g7S0LQvZ9ofDSrs4d_B7Ga_IwS5dOgOUUt-4" "Mozilla/5.0 (iPhone; CPU iPhone OS 16_0 like Mac OS X) AppleWebKit/605.1.15 (KHTML, like Gecko) Version/16.0 Mobile/15E148 Safari/604.1" "wellnessconceptsclinic.com"
173.252.127.118 - - [08/Feb/2023:08:22:17 -0800] "GET /wp-content/plugins/tabs-responsive/assets/css/font-awesome/css/font-awesome.min.css?ver=5.9.5 HTTP/1.1" 200 4696 "https://wellnessconceptsclinic.com/?utm_source=Facebook&utm_medium=Facebook_Right_Column&utm_campaign=Wellness%2BConcepts%2BClinic%252C%2BLLC%2B%257C%2BLEAD_GENERATION%2B%257C%2B%2528R%2529%2B%252449%2B-%2BThermographic%2BNeuropathy%2B%2B%257C%2BTHERMOGRAPHIC%2BSCAN%2BAND%2BREPORT%252C%2BEVALUATION%252C%2BDR.%2BCONSULTATION&utm_term=Custom%2BLocation%2B%257C%2BAll%2B%257C%2B%2528R%2529%2B%252449%2B-%2BThermographic%2BNeuropathy%2B%2B%257C%2BTHERMOGRAPHIC%2BSCAN%2BAND%2BREPORT%252C%2BEVALUATION%252C%2BDR.%2BCONSULTATION&utm_content=Ad%2B5&campaign_id=6314098899549&fbclid=IwAR2BFYUHtnAb0-098AX0v05g7S0LQvZ9ofDSrs4d_B7Ga_IwS5dOgOUUt-4" "Mozilla/5.0 (iPhone; CPU iPhone OS 16_0 like Mac OS X) AppleWebKit/605.1.15 (KHTML, like Gecko) Version/16.0 Mobile/15E148 Safari/604.1" "wellnessconceptsclinic.com"
173.252.127.9 - - [08/Feb/2023:08:22:17 -0800] "GET /wp-content/plugins/tabs-responsive/assets/css/animate.css?ver=5.9.5 HTTP/1.1" 200 4936 "https://wellnessconceptsclinic.com/?utm_source=Facebook&utm_medium=Facebook_Right_Column&utm_campaign=Wellness%2BConcepts%2BClinic%252C%2BLLC%2B%257C%2BLEAD_GENERATION%2B%257C%2B%2528R%2529%2B%252449%2B-%2BThermographic%2BNeuropathy%2B%2B%257C%2BTHERMOGRAPHIC%2BSCAN%2BAND%2BREPORT%252C%2BEVALUATION%252C%2BDR.%2BCONSULTATION&utm_term=Custom%2BLocation%2B%257C%2BAll%2B%257C%2B%2528R%2529%2B%252449%2B-%2BThermographic%2BNeuropathy%2B%2B%257C%2BTHERMOGRAPHIC%2BSCAN%2BAND%2BREPORT%252C%2BEVALUATION%252C%2BDR.%2BCONSULTATION&utm_content=Ad%2B5&campaign_id=6314098899549&fbclid=IwAR2BFYUHtnAb0-098AX0v05g7S0LQvZ9ofDSrs4d_B7Ga_IwS5dOgOUUt-4" "Mozilla/5.0 (iPhone; CPU iPhone OS 16_0 like Mac OS X) AppleWebKit/605.1.15 (KHTML, like Gecko) Version/16.0 Mobile/15E148 Safari/604.1" "wellnessconceptsclinic.com"
173.252.127.118 - - [08/Feb/2023:08:22:17 -0800] "GET /wp-content/plugins/wp-facebook-reviews/public/css/wprev-fb-combine.css?ver=11.0 HTTP/1.1" 200 1859 "https://wellnessconceptsclinic.com/?utm_source=Facebook&utm_medium=Facebook_Right_Column&utm_campaign=Wellness%2BConcepts%2BClinic%252C%2BLLC%2B%257C%2BLEAD_GENERATION%2B%257C%2B%2528R%2529%2B%252449%2B-%2BThermographic%2BNeuropathy%2B%2B%257C%2BTHERMOGRAPHIC%2BSCAN%2BAND%2BREPORT%252C%2BEVALUATION%252C%2BDR.%2BCONSULTATION&utm_term=Custom%2BLocation%2B%257C%2BAll%2B%257C%2B%2528R%2529%2B%252449%2B-%2BThermographic%2BNeuropathy%2B%2B%257C%2BTHERMOGRAPHIC%2BSCAN%2BAND%2BREPORT%252C%2BEVALUATION%252C%2BDR.%2BCONSULTATION&utm_content=Ad%2B5&campaign_id=6314098899549&fbclid=IwAR2BFYUHtnAb0-098AX0v05g7S0LQvZ9ofDSrs4d_B7Ga_IwS5dOgOUUt-4" "Mozilla/5.0 (iPhone; CPU iPhone OS 16_0 like Mac OS X) AppleWebKit/605.1.15 (KHTML, like Gecko) Version/16.0 Mobile/15E148 Safari/604.1" "wellnessconceptsclinic.com"
173.252.127.13 - - [08/Feb/2023:08:22:17 -0800] "GET /wp-content/plugins/wp-yelp-review-slider/public/css/wprev-public_template1.css?ver=6.3 HTTP/1.1" 200 1198 "https://wellnessconceptsclinic.com/?utm_source=Facebook&utm_medium=Facebook_Right_Column&utm_campaign=Wellness%2BConcepts%2BClinic%252C%2BLLC%2B%257C%2BLEAD_GENERATION%2B%257C%2B%2528R%2529%2B%252449%2B-%2BThermographic%2BNeuropathy%2B%2B%257C%2BTHERMOGRAPHIC%2BSCAN%2BAND%2BREPORT%252C%2BEVALUATION%252C%2BDR.%2BCONSULTATION&utm_term=Custom%2BLocation%2B%257C%2BAll%2B%257C%2B%2528R%2529%2B%252449%2B-%2BThermographic%2BNeuropathy%2B%2B%257C%2BTHERMOGRAPHIC%2BSCAN%2BAND%2BREPORT%252C%2BEVALUATION%252C%2BDR.%2BCONSULTATION&utm_content=Ad%2B5&campaign_id=6314098899549&fbclid=IwAR2BFYUHtnAb0-098AX0v05g7S0LQvZ9ofDSrs4d_B7Ga_IwS5dOgOUUt-4" "Mozilla/5.0 (iPhone; CPU iPhone OS 16_0 like Mac OS X) AppleWebKit/605.1.15 (KHTML, like Gecko) Version/16.0 Mobile/15E148 Safari/604.1" "wellnessconceptsclinic.com"
66.220.149.1 - - [08/Feb/2023:08:22:18 -0800] "GET /wp-content/uploads/2023/02/Feb-2-2023-1280x721.jpg HTTP/1.1" 200 129329 "https://wellnessconceptsclinic.com/?utm_source=Facebook&utm_medium=Facebook_Right_Column&utm_campaign=Wellness%2BConcepts%2BClinic%252C%2BLLC%2B%257C%2BLEAD_GENERATION%2B%257C%2B%2528R%2529%2B%252449%2B-%2BThermographic%2BNeuropathy%2B%2B%257C%2BTHERMOGRAPHIC%2BSCAN%2BAND%2BREPORT%252C%2BEVALUATION%252C%2BDR.%2BCONSULTATION&utm_term=Custom%2BLocation%2B%257C%2BAll%2B%257C%2B%2528R%2529%2B%252449%2B-%2BThermographic%2BNeuropathy%2B%2B%257C%2BTHERMOGRAPHIC%2BSCAN%2BAND%2BREPORT%252C%2BEVALUATION%252C%2BDR.%2BCONSULTATION&utm_content=Ad%2B2&campaign_id=6314098899549&fbclid=IwAR2ci8yj_UVzE_akNk84B83OG053arNlAungz_AQTIaza0n8jS1Wp1BgHKA" "Mozilla/5.0 (iPhone; CPU iPhone OS 16_1_1 like Mac OS X) AppleWebKit/605.1.15 (KHTML, like Gecko) Version/16.1 Mobile/15E148 Safari/604.1" "wellnessconceptsclinic.com"
173.252.127.118 - - [08/Feb/2023:08:22:18 -0800] "GET /wp-content/plugins/wp-yelp-review-slider/public/css/wpyelp_w3.css?ver=6.3 HTTP/1.1" 200 499 "https://wellnessconceptsclinic.com/?utm_source=Facebook&utm_medium=Facebook_Right_Column&utm_campaign=Wellness%2BConcepts%2BClinic%252C%2BLLC%2B%257C%2BLEAD_GENERATION%2B%257C%2B%2528R%2529%2B%252449%2B-%2BThermographic%2BNeuropathy%2B%2B%257C%2BTHERMOGRAPHIC%2BSCAN%2BAND%2BREPORT%252C%2BEVALUATION%252C%2BDR.%2BCONSULTATION&utm_term=Custom%2BLocation%2B%257C%2BAll%2B%257C%2B%2528R%2529%2B%252449%2B-%2BThermographic%2BNeuropathy%2B%2B%257C%2BTHERMOGRAPHIC%2BSCAN%2BAND%2BREPORT%252C%2BEVALUATION%252C%2BDR.%2BCONSULTATION&utm_content=Ad%2B5&campaign_id=6314098899549&fbclid=IwAR2BFYUHtnAb0-098AX0v05g7S0LQvZ9ofDSrs4d_B7Ga_IwS5dOgOUUt-4" "Mozilla/5.0 (iPhone; CPU iPhone OS 16_0 like Mac OS X) AppleWebKit/605.1.15 (KHTML, like Gecko) Version/16.0 Mobile/15E148 Safari/604.1" "wellnessconceptsclinic.com"
173.252.127.13 - - [08/Feb/2023:08:22:18 -0800] "GET /wp-content/plugins/wp-yelp-review-slider/public/css/wprs_unslider.css?ver=6.3 HTTP/1.1" 200 533 "https://wellnessconceptsclinic.com/?utm_source=Facebook&utm_medium=Facebook_Right_Column&utm_campaign=Wellness%2BConcepts%2BClinic%252C%2BLLC%2B%257C%2BLEAD_GENERATION%2B%257C%2B%2528R%2529%2B%252449%2B-%2BThermographic%2BNeuropathy%2B%2B%257C%2BTHERMOGRAPHIC%2BSCAN%2BAND%2BREPORT%252C%2BEVALUATION%252C%2BDR.%2BCONSULTATION&utm_term=Custom%2BLocation%2B%257C%2BAll%2B%257C%2B%2528R%2529%2B%252449%2B-%2BThermographic%2BNeuropathy%2B%2B%257C%2BTHERMOGRAPHIC%2BSCAN%2BAND%2BREPORT%252C%2BEVALUATION%252C%2BDR.%2BCONSULTATION&utm_content=Ad%2B5&campaign_id=6314098899549&fbclid=IwAR2BFYUHtnAb0-098AX0v05g7S0LQvZ9ofDSrs4d_B7Ga_IwS5dOgOUUt-4" "Mozilla/5.0 (iPhone; CPU iPhone OS 16_0 like Mac OS X) AppleWebKit/605.1.15 (KHTML, like Gecko) Version/16.0 Mobile/15E148 Safari/604.1" "wellnessconceptsclinic.com"
173.252.127.9 - - [08/Feb/2023:08:22:18 -0800] "GET /wp-content/plugins/wp-yelp-review-slider/public/css/wprs_unslider-dots.css?ver=6.3 HTTP/1.1" 200 247 "https://wellnessconceptsclinic.com/?utm_source=Facebook&utm_medium=Facebook_Right_Column&utm_campaign=Wellness%2BConcepts%2BClinic%252C%2BLLC%2B%257C%2BLEAD_GENERATION%2B%257C%2B%2528R%2529%2B%252449%2B-%2BThermographic%2BNeuropathy%2B%2B%257C%2BTHERMOGRAPHIC%2BSCAN%2BAND%2BREPORT%252C%2BEVALUATION%252C%2BDR.%2BCONSULTATION&utm_term=Custom%2BLocation%2B%257C%2BAll%2B%257C%2B%2528R%2529%2B%252449%2B-%2BThermographic%2BNeuropathy%2B%2B%257C%2BTHERMOGRAPHIC%2BSCAN%2BAND%2BREPORT%252C%2BEVALUATION%252C%2BDR.%2BCONSULTATION&utm_content=Ad%2B5&campaign_id=6314098899549&fbclid=IwAR2BFYUHtnAb0-098AX0v05g7S0LQvZ9ofDSrs4d_B7Ga_IwS5dOgOUUt-4" "Mozilla/5.0 (iPhone; CPU iPhone OS 16_0 like Mac OS X) AppleWebKit/605.1.15 (KHTML, like Gecko) Version/16.0 Mobile/15E148 Safari/604.1" "wellnessconceptsclinic.com"
66.220.149.13 - - [08/Feb/2023:08:22:18 -0800] "GET /wp-content/uploads/2023/02/Feb-3-2023-1280x722.jpg HTTP/1.1" 200 103108 "https://wellnessconceptsclinic.com/?utm_source=Facebook&utm_medium=Facebook_Right_Column&utm_campaign=Wellness%2BConcepts%2BClinic%252C%2BLLC%2B%257C%2BLEAD_GENERATION%2B%257C%2B%2528R%2529%2B%252449%2B-%2BThermographic%2BNeuropathy%2B%2B%257C%2BTHERMOGRAPHIC%2BSCAN%2BAND%2BREPORT%252C%2BEVALUATION%252C%2BDR.%2BCONSULTATION&utm_term=Custom%2BLocation%2B%257C%2BAll%2B%257C%2B%2528R%2529%2B%252449%2B-%2BThermographic%2BNeuropathy%2B%2B%257C%2BTHERMOGRAPHIC%2BSCAN%2BAND%2BREPORT%252C%2BEVALUATION%252C%2BDR.%2BCONSULTATION&utm_content=Ad%2B2&campaign_id=6314098899549&fbclid=IwAR2ci8yj_UVzE_akNk84B83OG053arNlAungz_AQTIaza0n8jS1Wp1BgHKA" "Mozilla/5.0 (iPhone; CPU iPhone OS 16_1_1 like Mac OS X) AppleWebKit/605.1.15 (KHTML, like Gecko) Version/16.1 Mobile/15E148 Safari/604.1" "wellnessconceptsclinic.com"
173.252.127.9 - - [08/Feb/2023:08:22:18 -0800] "GET /wp-content/plugins/z-url-preview/zurlplugin.css?ver=5.9.5 HTTP/1.1" 200 20 "https://wellnessconceptsclinic.com/?utm_source=Facebook&utm_medium=Facebook_Right_Column&utm_campaign=Wellness%2BConcepts%2BClinic%252C%2BLLC%2B%257C%2BLEAD_GENERATION%2B%257C%2B%2528R%2529%2B%252449%2B-%2BThermographic%2BNeuropathy%2B%2B%257C%2BTHERMOGRAPHIC%2BSCAN%2BAND%2BREPORT%252C%2BEVALUATION%252C%2BDR.%2BCONSULTATION&utm_term=Custom%2BLocation%2B%257C%2BAll%2B%257C%2B%2528R%2529%2B%252449%2B-%2BThermographic%2BNeuropathy%2B%2B%257C%2BTHERMOGRAPHIC%2BSCAN%2BAND%2BREPORT%252C%2BEVALUATION%252C%2BDR.%2BCONSULTATION&utm_content=Ad%2B5&campaign_id=6314098899549&fbclid=IwAR2BFYUHtnAb0-098AX0v05g7S0LQvZ9ofDSrs4d_B7Ga_IwS5dOgOUUt-4" "Mozilla/5.0 (iPhone; CPU iPhone OS 16_0 like Mac OS X) AppleWebKit/605.1.15 (KHTML, like Gecko) Version/16.0 Mobile/15E148 Safari/604.1" "wellnessconceptsclinic.com"
173.252.127.118 - - [08/Feb/2023:08:22:18 -0800] "GET /wp-includes/js/jquery/jquery-migrate.min.js?ver=3.3.2 HTTP/1.1" 200 4169 "https://wellnessconceptsclinic.com/?utm_source=Facebook&utm_medium=Facebook_Right_Column&utm_campaign=Wellness%2BConcepts%2BClinic%252C%2BLLC%2B%257C%2BLEAD_GENERATION%2B%257C%2B%2528R%2529%2B%252449%2B-%2BThermographic%2BNeuropathy%2B%2B%257C%2BTHERMOGRAPHIC%2BSCAN%2BAND%2BREPORT%252C%2BEVALUATION%252C%2BDR.%2BCONSULTATION&utm_term=Custom%2BLocation%2B%257C%2BAll%2B%257C%2B%2528R%2529%2B%252449%2B-%2BThermographic%2BNeuropathy%2B%2B%257C%2BTHERMOGRAPHIC%2BSCAN%2BAND%2BREPORT%252C%2BEVALUATION%252C%2BDR.%2BCONSULTATION&utm_content=Ad%2B5&campaign_id=6314098899549&fbclid=IwAR2BFYUHtnAb0-098AX0v05g7S0LQvZ9ofDSrs4d_B7Ga_IwS5dOgOUUt-4" "Mozilla/5.0 (iPhone; CPU iPhone OS 16_0 like Mac OS X) AppleWebKit/605.1.15 (KHTML, like Gecko) Version/16.0 Mobile/15E148 Safari/604.1" "wellnessconceptsclinic.com"
