31.13.127.19 - - [08/Feb/2023:08:21:15 -0800] "GET /wp-content/plugins/divi-booster/core/icons/socicon/fonts/Socicon.woff2?87visu HTTP/1.1" 200 64512 "https://wellnessconceptsclinic.com/?utm_source=Facebook&utm_medium=Facebook_Right_Column&utm_campaign=Wellness%2BConcepts%2BClinic%252C%2BLLC%2B%257C%2BLEAD_GENERATION%2B%257C%2B%2528R%2529%2B%252449%2B-%2BThermographic%2BNeuropathy%2B%2B%257C%2BTHERMOGRAPHIC%2BSCAN%2BAND%2BREPORT%252C%2BEVALUATION%252C%2BDR.%2BCONSULTATION&utm_term=Custom%2BLocation%2B%257C%2BAll%2B%257C%2B%2528R%2529%2B%252449%2B-%2BThermographic%2BNeuropathy%2B%2B%257C%2BTHERMOGRAPHIC%2BSCAN%2BAND%2BREPORT%252C%2BEVALUATION%252C%2BDR.%2BCONSULTATION&utm_content=Ad%2B5&campaign_id=6314098899549&fbclid=IwAR3Hw9h7xB9NVLhFP6DtlhnsQMkz8JAt-PHzXsnJGLh9xG0ZmXcxaTZUlxc" "Mozilla/5.0 (Windows NT 10.0; Win64; x64) AppleWebKit/537.36 (KHTML, like Gecko) Chrome/96.0.4664.45 Safari/537.36" "wellnessconceptsclinic.com"
31.13.127.23 - - [08/Feb/2023:08:21:15 -0800] "GET /wp-content/plugins/divi-booster/core/icons/socicon/style.css?ver=3.9.9 HTTP/1.1" 200 2812 "https://wellnessconceptsclinic.com/?utm_source=Facebook&utm_medium=Facebook_Right_Column&utm_campaign=Wellness%2BConcepts%2BClinic%252C%2BLLC%2B%257C%2BLEAD_GENERATION%2B%257C%2B%2528R%2529%2B%252449%2B-%2BThermographic%2BNeuropathy%2B%2B%257C%2BTHERMOGRAPHIC%2BSCAN%2BAND%2BREPORT%252C%2BEVALUATION%252C%2BDR.%2BCONSULTATION&utm_term=Custom%2BLocation%2B%257C%2BAll%2B%257C%2B%2528R%2529%2B%252449%2B-%2BThermographic%2BNeuropathy%2B%2B%257C%2BTHERMOGRAPHIC%2BSCAN%2BAND%2BREPORT%252C%2BEVALUATION%252C%2BDR.%2BCONSULTATION&utm_content=Ad%2B5&campaign_id=6314098899549&fbclid=IwAR3Hw9h7xB9NVLhFP6DtlhnsQMkz8JAt-PHzXsnJGLh9xG0ZmXcxaTZUlxc" "Mozilla/5.0 (Windows NT 10.0; Win64; x64) AppleWebKit/537.36 (KHTML, like Gecko) Chrome/96.0.4664.45 Safari/537.36" "wellnessconceptsclinic.com"
31.13.127.15 - - [08/Feb/2023:08:21:09 -0800] "GET /?utm_source=Facebook&utm_medium=Facebook_Right_Column&utm_campaign=Wellness%2BConcepts%2BClinic%252C%2BLLC%2B%257C%2BLEAD_GENERATION%2B%257C%2B%2528R%2529%2B%252449%2B-%2BThermographic%2BNeuropathy%2B%2B%257C%2BTHERMOGRAPHIC%2BSCAN%2BAND%2BREPORT%252C%2BEVALUATION%252C%2BDR.%2BCONSULTATION&utm_term=Custom%2BLocation%2B%257C%2BAll%2B%257C%2B%2528R%2529%2B%252449%2B-%2BThermographic%2BNeuropathy%2B%2B%257C%2BTHERMOGRAPHIC%2BSCAN%2BAND%2BREPORT%252C%2BEVALUATION%252C%2BDR.%2BCONSULTATION&utm_content=Ad%2B1&campaign_id=6314098899549&fbclid=IwAR2_ctJmHAXddcdw3q15IQ3s1AUte4wV4RqPKEhb2SdqJq3y6mJNZynh9Io HTTP/1.1" 200 184889 "-" "Mozilla/5.0 (Windows NT 10.0; Win64; x64) AppleWebKit/537.36 (KHTML, like Gecko) Chrome/74.0.3729.131 Safari/537.36" "wellnessconceptsclinic.com"
31.13.127.116 - - [08/Feb/2023:08:21:15 -0800] "GET /wp-content/plugins/divi-booster/core/icons/divi-booster-icons/icomoon/style.css?ver=3.9.9 HTTP/1.1" 200 453 "https://wellnessconceptsclinic.com/?utm_source=Facebook&utm_medium=Facebook_Right_Column&utm_campaign=Wellness%2BConcepts%2BClinic%252C%2BLLC%2B%257C%2BLEAD_GENERATION%2B%257C%2B%2528R%2529%2B%252449%2B-%2BThermographic%2BNeuropathy%2B%2B%257C%2BTHERMOGRAPHIC%2BSCAN%2BAND%2BREPORT%252C%2BEVALUATION%252C%2BDR.%2BCONSULTATION&utm_term=Custom%2BLocation%2B%257C%2BAll%2B%257C%2B%2528R%2529%2B%252449%2B-%2BThermographic%2BNeuropathy%2B%2B%257C%2BTHERMOGRAPHIC%2BSCAN%2BAND%2BREPORT%252C%2BEVALUATION%252C%2BDR.%2BCONSULTATION&utm_content=Ad%2B5&campaign_id=6314098899549&fbclid=IwAR3Hw9h7xB9NVLhFP6DtlhnsQMkz8JAt-PHzXsnJGLh9xG0ZmXcxaTZUlxc" "Mozilla/5.0 (Windows NT 10.0; Win64; x64) AppleWebKit/537.36 (KHTML, like Gecko) Chrome/96.0.4664.45 Safari/537.36" "wellnessconceptsclinic.com"
31.13.127.6 - - [08/Feb/2023:08:21:15 -0800] "GET /wp-content/uploads/wtfdivi/wp_head.css?ver=1620759003 HTTP/1.1" 200 441 "https://wellnessconceptsclinic.com/?utm_source=Facebook&utm_medium=Facebook_Right_Column&utm_campaign=Wellness%2BConcepts%2BClinic%252C%2BLLC%2B%257C%2BLEAD_GENERATION%2B%257C%2B%2528R%2529%2B%252449%2B-%2BThermographic%2BNeuropathy%2B%2B%257C%2BTHERMOGRAPHIC%2BSCAN%2BAND%2BREPORT%252C%2BEVALUATION%252C%2BDR.%2BCONSULTATION&utm_term=Custom%2BLocation%2B%257C%2BAll%2B%257C%2B%2528R%2529%2B%252449%2B-%2BThermographic%2BNeuropathy%2B%2B%257C%2BTHERMOGRAPHIC%2BSCAN%2BAND%2BREPORT%252C%2BEVALUATION%252C%2BDR.%2BCONSULTATION&utm_content=Ad%2B1&campaign_id=6314098899549&fbclid=IwAR2_ctJmHAXddcdw3q15IQ3s1AUte4wV4RqPKEhb2SdqJq3y6mJNZynh9Io" "Mozilla/5.0 (Windows NT 10.0; Win64; x64) AppleWebKit/537.36 (KHTML, like Gecko) Chrome/74.0.3729.131 Safari/537.36" "wellnessconceptsclinic.com"
31.13.127.26 - - [08/Feb/2023:08:21:15 -0800] "GET /wp-content/plugins/tabs-responsive/assets/css/bootstrap-front.css?ver=5.9.5 HTTP/1.1" 200 2640 "https://wellnessconceptsclinic.com/?utm_source=Facebook&utm_medium=Facebook_Right_Column&utm_campaign=Wellness%2BConcepts%2BClinic%252C%2BLLC%2B%257C%2BLEAD_GENERATION%2B%257C%2B%2528R%2529%2B%252449%2B-%2BThermographic%2BNeuropathy%2B%2B%257C%2BTHERMOGRAPHIC%2BSCAN%2BAND%2BREPORT%252C%2BEVALUATION%252C%2BDR.%2BCONSULTATION&utm_term=Custom%2BLocation%2B%257C%2BAll%2B%257C%2B%2528R%2529%2B%252449%2B-%2BThermographic%2BNeuropathy%2B%2B%257C%2BTHERMOGRAPHIC%2BSCAN%2BAND%2BREPORT%252C%2BEVALUATION%252C%2BDR.%2BCONSULTATION&utm_content=Ad%2B1&campaign_id=6314098899549&fbclid=IwAR2_ctJmHAXddcdw3q15IQ3s1AUte4wV4RqPKEhb2SdqJq3y6mJNZynh9Io" "Mozilla/5.0 (Windows NT 10.0; Win64; x64) AppleWebKit/537.36 (KHTML, like Gecko) Chrome/74.0.3729.131 Safari/537.36" "wellnessconceptsclinic.com"
31.13.127.8 - - [08/Feb/2023:08:21:15 -0800] "GET /wp-content/plugins/tabs-responsive/assets/css/font-awesome/css/font-awesome.min.css?ver=5.9.5 HTTP/1.1" 200 4696 "https://wellnessconceptsclinic.com/?utm_source=Facebook&utm_medium=Facebook_Right_Column&utm_campaign=Wellness%2BConcepts%2BClinic%252C%2BLLC%2B%257C%2BLEAD_GENERATION%2B%257C%2B%2528R%2529%2B%252449%2B-%2BThermographic%2BNeuropathy%2B%2B%257C%2BTHERMOGRAPHIC%2BSCAN%2BAND%2BREPORT%252C%2BEVALUATION%252C%2BDR.%2BCONSULTATION&utm_term=Custom%2BLocation%2B%257C%2BAll%2B%257C%2B%2528R%2529%2B%252449%2B-%2BThermographic%2BNeuropathy%2B%2B%257C%2BTHERMOGRAPHIC%2BSCAN%2BAND%2BREPORT%252C%2BEVALUATION%252C%2BDR.%2BCONSULTATION&utm_content=Ad%2B1&campaign_id=6314098899549&fbclid=IwAR2_ctJmHAXddcdw3q15IQ3s1AUte4wV4RqPKEhb2SdqJq3y6mJNZynh9Io" "Mozilla/5.0 (Windows NT 10.0; Win64; x64) AppleWebKit/537.36 (KHTML, like Gecko) Chrome/74.0.3729.131 Safari/537.36" "wellnessconceptsclinic.com"
31.13.127.26 - - [08/Feb/2023:08:21:15 -0800] "GET /wp-content/plugins/wp-facebook-reviews/public/css/wprev-fb-combine.css?ver=11.0 HTTP/1.1" 200 1859 "https://wellnessconceptsclinic.com/?utm_source=Facebook&utm_medium=Facebook_Right_Column&utm_campaign=Wellness%2BConcepts%2BClinic%252C%2BLLC%2B%257C%2BLEAD_GENERATION%2B%257C%2B%2528R%2529%2B%252449%2B-%2BThermographic%2BNeuropathy%2B%2B%257C%2BTHERMOGRAPHIC%2BSCAN%2BAND%2BREPORT%252C%2BEVALUATION%252C%2BDR.%2BCONSULTATION&utm_term=Custom%2BLocation%2B%257C%2BAll%2B%257C%2B%2528R%2529%2B%252449%2B-%2BThermographic%2BNeuropathy%2B%2B%257C%2BTHERMOGRAPHIC%2BSCAN%2BAND%2BREPORT%252C%2BEVALUATION%252C%2BDR.%2BCONSULTATION&utm_content=Ad%2B1&campaign_id=6314098899549&fbclid=IwAR2_ctJmHAXddcdw3q15IQ3s1AUte4wV4RqPKEhb2SdqJq3y6mJNZynh9Io" "Mozilla/5.0 (Windows NT 10.0; Win64; x64) AppleWebKit/537.36 (KHTML, like Gecko) Chrome/74.0.3729.131 Safari/537.36" "wellnessconceptsclinic.com"
31.13.127.6 - - [08/Feb/2023:08:21:15 -0800] "GET /wp-content/plugins/tabs-responsive/assets/css/animate.css?ver=5.9.5 HTTP/1.1" 200 4936 "https://wellnessconceptsclinic.com/?utm_source=Facebook&utm_medium=Facebook_Right_Column&utm_campaign=Wellness%2BConcepts%2BClinic%252C%2BLLC%2B%257C%2BLEAD_GENERATION%2B%257C%2B%2528R%2529%2B%252449%2B-%2BThermographic%2BNeuropathy%2B%2B%257C%2BTHERMOGRAPHIC%2BSCAN%2BAND%2BREPORT%252C%2BEVALUATION%252C%2BDR.%2BCONSULTATION&utm_term=Custom%2BLocation%2B%257C%2BAll%2B%257C%2B%2528R%2529%2B%252449%2B-%2BThermographic%2BNeuropathy%2B%2B%257C%2BTHERMOGRAPHIC%2BSCAN%2BAND%2BREPORT%252C%2BEVALUATION%252C%2BDR.%2BCONSULTATION&utm_content=Ad%2B1&campaign_id=6314098899549&fbclid=IwAR2_ctJmHAXddcdw3q15IQ3s1AUte4wV4RqPKEhb2SdqJq3y6mJNZynh9Io" "Mozilla/5.0 (Windows NT 10.0; Win64; x64) AppleWebKit/537.36 (KHTML, like Gecko) Chrome/74.0.3729.131 Safari/537.36" "wellnessconceptsclinic.com"
31.13.127.8 - - [08/Feb/2023:08:21:15 -0800] "GET /wp-content/plugins/wp-yelp-review-slider/public/css/wprev-public_template1.css?ver=6.3 HTTP/1.1" 200 1198 "https://wellnessconceptsclinic.com/?utm_source=Facebook&utm_medium=Facebook_Right_Column&utm_campaign=Wellness%2BConcepts%2BClinic%252C%2BLLC%2B%257C%2BLEAD_GENERATION%2B%257C%2B%2528R%2529%2B%252449%2B-%2BThermographic%2BNeuropathy%2B%2B%257C%2BTHERMOGRAPHIC%2BSCAN%2BAND%2BREPORT%252C%2BEVALUATION%252C%2BDR.%2BCONSULTATION&utm_term=Custom%2BLocation%2B%257C%2BAll%2B%257C%2B%2528R%2529%2B%252449%2B-%2BThermographic%2BNeuropathy%2B%2B%257C%2BTHERMOGRAPHIC%2BSCAN%2BAND%2BREPORT%252C%2BEVALUATION%252C%2BDR.%2BCONSULTATION&utm_content=Ad%2B1&campaign_id=6314098899549&fbclid=IwAR2_ctJmHAXddcdw3q15IQ3s1AUte4wV4RqPKEhb2SdqJq3y6mJNZynh9Io" "Mozilla/5.0 (Windows NT 10.0; Win64; x64) AppleWebKit/537.36 (KHTML, like Gecko) Chrome/74.0.3729.131 Safari/537.36" "wellnessconceptsclinic.com"
31.13.127.24 - - [08/Feb/2023:08:21:15 -0800] "GET /wp-content/themes/Divi/core/admin/fonts/modules/all/modules.ttf HTTP/1.1" 200 92400 "https://wellnessconceptsclinic.com/?utm_source=Facebook&utm_medium=Facebook_Right_Column&utm_campaign=Wellness%2BConcepts%2BClinic%252C%2BLLC%2B%257C%2BLEAD_GENERATION%2B%257C%2B%2528R%2529%2B%252449%2B-%2BThermographic%2BNeuropathy%2B%2B%257C%2BTHERMOGRAPHIC%2BSCAN%2BAND%2BREPORT%252C%2BEVALUATION%252C%2BDR.%2BCONSULTATION&utm_term=Custom%2BLocation%2B%257C%2BAll%2B%257C%2B%2528R%2529%2B%252449%2B-%2BThermographic%2BNeuropathy%2B%2B%257C%2BTHERMOGRAPHIC%2BSCAN%2BAND%2BREPORT%252C%2BEVALUATION%252C%2BDR.%2BCONSULTATION&utm_content=Ad%2B5&campaign_id=6314098899549&fbclid=IwAR3Hw9h7xB9NVLhFP6DtlhnsQMkz8JAt-PHzXsnJGLh9xG0ZmXcxaTZUlxc" "Mozilla/5.0 (Windows NT 10.0; Win64; x64) AppleWebKit/537.36 (KHTML, like Gecko) Chrome/96.0.4664.45 Safari/537.36" "wellnessconceptsclinic.com"
31.13.127.26 - - [08/Feb/2023:08:21:15 -0800] "GET /wp-content/plugins/wp-yelp-review-slider/public/css/wpyelp_w3.css?ver=6.3 HTTP/1.1" 200 499 "https://wellnessconceptsclinic.com/?utm_source=Facebook&utm_medium=Facebook_Right_Column&utm_campaign=Wellness%2BConcepts%2BClinic%252C%2BLLC%2B%257C%2BLEAD_GENERATION%2B%257C%2B%2528R%2529%2B%252449%2B-%2BThermographic%2BNeuropathy%2B%2B%257C%2BTHERMOGRAPHIC%2BSCAN%2BAND%2BREPORT%252C%2BEVALUATION%252C%2BDR.%2BCONSULTATION&utm_term=Custom%2BLocation%2B%257C%2BAll%2B%257C%2B%2528R%2529%2B%252449%2B-%2BThermographic%2BNeuropathy%2B%2B%257C%2BTHERMOGRAPHIC%2BSCAN%2BAND%2BREPORT%252C%2BEVALUATION%252C%2BDR.%2BCONSULTATION&utm_content=Ad%2B1&campaign_id=6314098899549&fbclid=IwAR2_ctJmHAXddcdw3q15IQ3s1AUte4wV4RqPKEhb2SdqJq3y6mJNZynh9Io" "Mozilla/5.0 (Windows NT 10.0; Win64; x64) AppleWebKit/537.36 (KHTML, like Gecko) Chrome/74.0.3729.131 Safari/537.36" "wellnessconceptsclinic.com"
31.13.127.6 - - [08/Feb/2023:08:21:16 -0800] "GET /wp-content/plugins/wp-yelp-review-slider/public/css/wprs_unslider-dots.css?ver=6.3 HTTP/1.1" 200 247 "https://wellnessconceptsclinic.com/?utm_source=Facebook&utm_medium=Facebook_Right_Column&utm_campaign=Wellness%2BConcepts%2BClinic%252C%2BLLC%2B%257C%2BLEAD_GENERATION%2B%257C%2B%2528R%2529%2B%252449%2B-%2BThermographic%2BNeuropathy%2B%2B%257C%2BTHERMOGRAPHIC%2BSCAN%2BAND%2BREPORT%252C%2BEVALUATION%252C%2BDR.%2BCONSULTATION&utm_term=Custom%2BLocation%2B%257C%2BAll%2B%257C%2B%2528R%2529%2B%252449%2B-%2BThermographic%2BNeuropathy%2B%2B%257C%2BTHERMOGRAPHIC%2BSCAN%2BAND%2BREPORT%252C%2BEVALUATION%252C%2BDR.%2BCONSULTATION&utm_content=Ad%2B1&campaign_id=6314098899549&fbclid=IwAR2_ctJmHAXddcdw3q15IQ3s1AUte4wV4RqPKEhb2SdqJq3y6mJNZynh9Io" "Mozilla/5.0 (Windows NT 10.0; Win64; x64) AppleWebKit/537.36 (KHTML, like Gecko) Chrome/74.0.3729.131 Safari/537.36" "wellnessconceptsclinic.com"
31.13.127.8 - - [08/Feb/2023:08:21:16 -0800] "GET /wp-content/plugins/wp-yelp-review-slider/public/css/wprs_unslider.css?ver=6.3 HTTP/1.1" 200 533 "https://wellnessconceptsclinic.com/?utm_source=Facebook&utm_medium=Facebook_Right_Column&utm_campaign=Wellness%2BConcepts%2BClinic%252C%2BLLC%2B%257C%2BLEAD_GENERATION%2B%257C%2B%2528R%2529%2B%252449%2B-%2BThermographic%2BNeuropathy%2B%2B%257C%2BTHERMOGRAPHIC%2BSCAN%2BAND%2BREPORT%252C%2BEVALUATION%252C%2BDR.%2BCONSULTATION&utm_term=Custom%2BLocation%2B%257C%2BAll%2B%257C%2B%2528R%2529%2B%252449%2B-%2BThermographic%2BNeuropathy%2B%2B%257C%2BTHERMOGRAPHIC%2BSCAN%2BAND%2BREPORT%252C%2BEVALUATION%252C%2BDR.%2BCONSULTATION&utm_content=Ad%2B1&campaign_id=6314098899549&fbclid=IwAR2_ctJmHAXddcdw3q15IQ3s1AUte4wV4RqPKEhb2SdqJq3y6mJNZynh9Io" "Mozilla/5.0 (Windows NT 10.0; Win64; x64) AppleWebKit/537.36 (KHTML, like Gecko) Chrome/74.0.3729.131 Safari/537.36" "wellnessconceptsclinic.com"
66.220.149.19 - - [08/Feb/2023:08:21:16 -0800] "GET /wp-content/uploads/2022/01/MCR-Acu-pic.png HTTP/1.1" 404 88 "https://wellnessconceptsclinic.com/?utm_source=Facebook&utm_medium=Facebook_Right_Column&utm_campaign=Wellness%2BConcepts%2BClinic%252C%2BLLC%2B%257C%2BLEAD_GENERATION%2B%257C%2B%2528R%2529%2B%252449%2B-%2BThermographic%2BNeuropathy%2B%2B%257C%2BTHERMOGRAPHIC%2BSCAN%2BAND%2BREPORT%252C%2BEVALUATION%252C%2BDR.%2BCONSULTATION&utm_term=Custom%2BLocation%2B%257C%2BAll%2B%257C%2B%2528R%2529%2B%252449%2B-%2BThermographic%2BNeuropathy%2B%2B%257C%2BTHERMOGRAPHIC%2BSCAN%2BAND%2BREPORT%252C%2BEVALUATION%252C%2BDR.%2BCONSULTATION&utm_content=Ad%2B1&campaign_id=6314098899549&fbclid=IwAR2yaq2k2VAZ-O-Y2XX8qFcW7qa_-09DVNIm85L9NrrFHQUaY1YZAZyxhKU" "Mozilla/5.0 (Linux; Android 6.0.1; Nexus 5X Build/MMB29P) AppleWebKit/537.36 (KHTML, like Gecko) Chrome/109.0.5414.101 Mobile Safari/537.36 (compatible; Googlebot/2.1; +http://www.google.com/bot.html)" "wellnessconceptsclinic.com"
31.13.127.1 - - [08/Feb/2023:08:21:16 -0800] "GET /wp-content/plugins/tabs-responsive/assets/js/tabs-custom.js?ver=5.9.5 HTTP/1.1" 200 13700 "https://wellnessconceptsclinic.com/?utm_source=Facebook&utm_medium=Facebook_Right_Column&utm_campaign=Wellness%2BConcepts%2BClinic%252C%2BLLC%2B%257C%2BLEAD_GENERATION%2B%257C%2B%2528R%2529%2B%252449%2B-%2BThermographic%2BNeuropathy%2B%2B%257C%2BTHERMOGRAPHIC%2BSCAN%2BAND%2BREPORT%252C%2BEVALUATION%252C%2BDR.%2BCONSULTATION&utm_term=Custom%2BLocation%2B%257C%2BAll%2B%257C%2B%2528R%2529%2B%252449%2B-%2BThermographic%2BNeuropathy%2B%2B%257C%2BTHERMOGRAPHIC%2BSCAN%2BAND%2BREPORT%252C%2BEVALUATION%252C%2BDR.%2BCONSULTATION&utm_content=Ad%2B5&campaign_id=6314098899549&fbclid=IwAR3Hw9h7xB9NVLhFP6DtlhnsQMkz8JAt-PHzXsnJGLh9xG0ZmXcxaTZUlxc" "Mozilla/5.0 (Windows NT 10.0; Win64; x64) AppleWebKit/537.36 (KHTML, like Gecko) Chrome/96.0.4664.45 Safari/537.36" "wellnessconceptsclinic.com"
31.13.127.120 - - [08/Feb/2023:08:21:16 -0800] "GET /wp-content/plugins/tabs-responsive/assets/js/bootstrap.js?ver=5.9.5 HTTP/1.1" 200 20 "https://wellnessconceptsclinic.com/?utm_source=Facebook&utm_medium=Facebook_Right_Column&utm_campaign=Wellness%2BConcepts%2BClinic%252C%2BLLC%2B%257C%2BLEAD_GENERATION%2B%257C%2B%2528R%2529%2B%252449%2B-%2BThermographic%2BNeuropathy%2B%2B%257C%2BTHERMOGRAPHIC%2BSCAN%2BAND%2BREPORT%252C%2BEVALUATION%252C%2BDR.%2BCONSULTATION&utm_term=Custom%2BLocation%2B%257C%2BAll%2B%257C%2B%2528R%2529%2B%252449%2B-%2BThermographic%2BNeuropathy%2B%2B%257C%2BTHERMOGRAPHIC%2BSCAN%2BAND%2BREPORT%252C%2BEVALUATION%252C%2BDR.%2BCONSULTATION&utm_content=Ad%2B5&campaign_id=6314098899549&fbclid=IwAR3Hw9h7xB9NVLhFP6DtlhnsQMkz8JAt-PHzXsnJGLh9xG0ZmXcxaTZUlxc" "Mozilla/5.0 (Windows NT 10.0; Win64; x64) AppleWebKit/537.36 (KHTML, like Gecko) Chrome/96.0.4664.45 Safari/537.36" "wellnessconceptsclinic.com"
31.13.127.8 - - [08/Feb/2023:08:21:16 -0800] "GET /wp-content/plugins/z-url-preview/zurlplugin.css?ver=5.9.5 HTTP/1.1" 200 20 "https://wellnessconceptsclinic.com/?utm_source=Facebook&utm_medium=Facebook_Right_Column&utm_campaign=Wellness%2BConcepts%2BClinic%252C%2BLLC%2B%257C%2BLEAD_GENERATION%2B%257C%2B%2528R%2529%2B%252449%2B-%2BThermographic%2BNeuropathy%2B%2B%257C%2BTHERMOGRAPHIC%2BSCAN%2BAND%2BREPORT%252C%2BEVALUATION%252C%2BDR.%2BCONSULTATION&utm_term=Custom%2BLocation%2B%257C%2BAll%2B%257C%2B%2528R%2529%2B%252449%2B-%2BThermographic%2BNeuropathy%2B%2B%257C%2BTHERMOGRAPHIC%2BSCAN%2BAND%2BREPORT%252C%2BEVALUATION%252C%2BDR.%2BCONSULTATION&utm_content=Ad%2B1&campaign_id=6314098899549&fbclid=IwAR2_ctJmHAXddcdw3q15IQ3s1AUte4wV4RqPKEhb2SdqJq3y6mJNZynh9Io" "Mozilla/5.0 (Windows NT 10.0; Win64; x64) AppleWebKit/537.36 (KHTML, like Gecko) Chrome/74.0.3729.131 Safari/537.36" "wellnessconceptsclinic.com"
31.13.127.26 - - [08/Feb/2023:08:21:16 -0800] "GET /wp-includes/js/jquery/jquery-migrate.min.js?ver=3.3.2 HTTP/1.1" 200 4169 "https://wellnessconceptsclinic.com/?utm_source=Facebook&utm_medium=Facebook_Right_Column&utm_campaign=Wellness%2BConcepts%2BClinic%252C%2BLLC%2B%257C%2BLEAD_GENERATION%2B%257C%2B%2528R%2529%2B%252449%2B-%2BThermographic%2BNeuropathy%2B%2B%257C%2BTHERMOGRAPHIC%2BSCAN%2BAND%2BREPORT%252C%2BEVALUATION%252C%2BDR.%2BCONSULTATION&utm_term=Custom%2BLocation%2B%257C%2BAll%2B%257C%2B%2528R%2529%2B%252449%2B-%2BThermographic%2BNeuropathy%2B%2B%257C%2BTHERMOGRAPHIC%2BSCAN%2BAND%2BREPORT%252C%2BEVALUATION%252C%2BDR.%2BCONSULTATION&utm_content=Ad%2B1&campaign_id=6314098899549&fbclid=IwAR2_ctJmHAXddcdw3q15IQ3s1AUte4wV4RqPKEhb2SdqJq3y6mJNZynh9Io" "Mozilla/5.0 (Windows NT 10.0; Win64; x64) AppleWebKit/537.36 (KHTML, like Gecko) Chrome/74.0.3729.131 Safari/537.36" "wellnessconceptsclinic.com"
31.13.127.6 - - [08/Feb/2023:08:21:16 -0800] "GET /wp-content/plugins/wp-facebook-reviews/public/js/wprev-public.js?ver=11.0 HTTP/1.1" 200 610 "https://wellnessconceptsclinic.com/?utm_source=Facebook&utm_medium=Facebook_Right_Column&utm_campaign=Wellness%2BConcepts%2BClinic%252C%2BLLC%2B%257C%2BLEAD_GENERATION%2B%257C%2B%2528R%2529%2B%252449%2B-%2BThermographic%2BNeuropathy%2B%2B%257C%2BTHERMOGRAPHIC%2BSCAN%2BAND%2BREPORT%252C%2BEVALUATION%252C%2BDR.%2BCONSULTATION&utm_term=Custom%2BLocation%2B%257C%2BAll%2B%257C%2B%2528R%2529%2B%252449%2B-%2BThermographic%2BNeuropathy%2B%2B%257C%2BTHERMOGRAPHIC%2BSCAN%2BAND%2BREPORT%252C%2BEVALUATION%252C%2BDR.%2BCONSULTATION&utm_content=Ad%2B1&campaign_id=6314098899549&fbclid=IwAR2_ctJmHAXddcdw3q15IQ3s1AUte4wV4RqPKEhb2SdqJq3y6mJNZynh9Io" "Mozilla/5.0 (Windows NT 10.0; Win64; x64) AppleWebKit/537.36 (KHTML, like Gecko) Chrome/74.0.3729.131 Safari/537.36" "wellnessconceptsclinic.com"
31.13.127.8 - - [08/Feb/2023:08:21:16 -0800] "GET /wp-includes/js/jquery/jquery.min.js?ver=3.6.0 HTTP/1.1" 200 30908 "https://wellnessconceptsclinic.com/?utm_source=Facebook&utm_medium=Facebook_Right_Column&utm_campaign=Wellness%2BConcepts%2BClinic%252C%2BLLC%2B%257C%2BLEAD_GENERATION%2B%257C%2B%2528R%2529%2B%252449%2B-%2BThermographic%2BNeuropathy%2B%2B%257C%2BTHERMOGRAPHIC%2BSCAN%2BAND%2BREPORT%252C%2BEVALUATION%252C%2BDR.%2BCONSULTATION&utm_term=Custom%2BLocation%2B%257C%2BAll%2B%257C%2B%2528R%2529%2B%252449%2B-%2BThermographic%2BNeuropathy%2B%2B%257C%2BTHERMOGRAPHIC%2BSCAN%2BAND%2BREPORT%252C%2BEVALUATION%252C%2BDR.%2BCONSULTATION&utm_content=Ad%2B1&campaign_id=6314098899549&fbclid=IwAR2_ctJmHAXddcdw3q15IQ3s1AUte4wV4RqPKEhb2SdqJq3y6mJNZynh9Io" "Mozilla/5.0 (Windows NT 10.0; Win64; x64) AppleWebKit/537.36 (KHTML, like Gecko) Chrome/74.0.3729.131 Safari/537.36" "wellnessconceptsclinic.com"
31.13.127.120 - - [08/Feb/2023:08:21:16 -0800] "GET /wp-content/themes/Divi/js/scripts.min.js?ver=4.18.0 HTTP/1.1" 200 70295 "https://wellnessconceptsclinic.com/?utm_source=Facebook&utm_medium=Facebook_Right_Column&utm_campaign=Wellness%2BConcepts%2BClinic%252C%2BLLC%2B%257C%2BLEAD_GENERATION%2B%257C%2B%2528R%2529%2B%252449%2B-%2BThermographic%2BNeuropathy%2B%2B%257C%2BTHERMOGRAPHIC%2BSCAN%2BAND%2BREPORT%252C%2BEVALUATION%252C%2BDR.%2BCONSULTATION&utm_term=Custom%2BLocation%2B%257C%2BAll%2B%257C%2B%2528R%2529%2B%252449%2B-%2BThermographic%2BNeuropathy%2B%2B%257C%2BTHERMOGRAPHIC%2BSCAN%2BAND%2BREPORT%252C%2BEVALUATION%252C%2BDR.%2BCONSULTATION&utm_content=Ad%2B5&campaign_id=6314098899549&fbclid=IwAR3Hw9h7xB9NVLhFP6DtlhnsQMkz8JAt-PHzXsnJGLh9xG0ZmXcxaTZUlxc" "Mozilla/5.0 (Windows NT 10.0; Win64; x64) AppleWebKit/537.36 (KHTML, like Gecko) Chrome/96.0.4664.45 Safari/537.36" "wellnessconceptsclinic.com"
31.13.127.26 - - [08/Feb/2023:08:21:16 -0800] "GET /wp-content/et-cache/9/et-core-unified-deferred-9.min.css?ver=1675693453 HTTP/1.1" 200 774 "https://wellnessconceptsclinic.com/?utm_source=Facebook&utm_medium=Facebook_Right_Column&utm_campaign=Wellness%2BConcepts%2BClinic%252C%2BLLC%2B%257C%2BLEAD_GENERATION%2B%257C%2B%2528R%2529%2B%252449%2B-%2BThermographic%2BNeuropathy%2B%2B%257C%2BTHERMOGRAPHIC%2BSCAN%2BAND%2BREPORT%252C%2BEVALUATION%252C%2BDR.%2BCONSULTATION&utm_term=Custom%2BLocation%2B%257C%2BAll%2B%257C%2B%2528R%2529%2B%252449%2B-%2BThermographic%2BNeuropathy%2B%2B%257C%2BTHERMOGRAPHIC%2BSCAN%2BAND%2BREPORT%252C%2BEVALUATION%252C%2BDR.%2BCONSULTATION&utm_content=Ad%2B1&campaign_id=6314098899549&fbclid=IwAR2_ctJmHAXddcdw3q15IQ3s1AUte4wV4RqPKEhb2SdqJq3y6mJNZynh9Io" "Mozilla/5.0 (Windows NT 10.0; Win64; x64) AppleWebKit/537.36 (KHTML, like Gecko) Chrome/74.0.3729.131 Safari/537.36" "wellnessconceptsclinic.com"
31.13.127.6 - - [08/Feb/2023:08:21:16 -0800] "GET /wp-content/plugins/wp-facebook-reviews/public/js/wprs-unslider-min.js?ver=11.0 HTTP/1.1" 200 2349 "https://wellnessconceptsclinic.com/?utm_source=Facebook&utm_medium=Facebook_Right_Column&utm_campaign=Wellness%2BConcepts%2BClinic%252C%2BLLC%2B%257C%2BLEAD_GENERATION%2B%257C%2B%2528R%2529%2B%252449%2B-%2BThermographic%2BNeuropathy%2B%2B%257C%2BTHERMOGRAPHIC%2BSCAN%2BAND%2BREPORT%252C%2BEVALUATION%252C%2BDR.%2BCONSULTATION&utm_term=Custom%2BLocation%2B%257C%2BAll%2B%257C%2B%2528R%2529%2B%252449%2B-%2BThermographic%2BNeuropathy%2B%2B%257C%2BTHERMOGRAPHIC%2BSCAN%2BAND%2BREPORT%252C%2BEVALUATION%252C%2BDR.%2BCONSULTATION&utm_content=Ad%2B1&campaign_id=6314098899549&fbclid=IwAR2_ctJmHAXddcdw3q15IQ3s1AUte4wV4RqPKEhb2SdqJq3y6mJNZynh9Io" "Mozilla/5.0 (Windows NT 10.0; Win64; x64) AppleWebKit/537.36 (KHTML, like Gecko) Chrome/74.0.3729.131 Safari/537.36" "wellnessconceptsclinic.com"
31.13.127.1 - - [08/Feb/2023:08:21:16 -0800] "GET /wp-content/themes/Divi/includes/builder/feature/dynamic-assets/assets/js/jquery.fitvids.js?ver=4.18.0 HTTP/1.1" 200 1341 "https://wellnessconceptsclinic.com/?utm_source=Facebook&utm_medium=Facebook_Right_Column&utm_campaign=Wellness%2BConcepts%2BClinic%252C%2BLLC%2B%257C%2BLEAD_GENERATION%2B%257C%2B%2528R%2529%2B%252449%2B-%2BThermographic%2BNeuropathy%2B%2B%257C%2BTHERMOGRAPHIC%2BSCAN%2BAND%2BREPORT%252C%2BEVALUATION%252C%2BDR.%2BCONSULTATION&utm_term=Custom%2BLocation%2B%257C%2BAll%2B%257C%2B%2528R%2529%2B%252449%2B-%2BThermographic%2BNeuropathy%2B%2B%257C%2BTHERMOGRAPHIC%2BSCAN%2BAND%2BREPORT%252C%2BEVALUATION%252C%2BDR.%2BCONSULTATION&utm_content=Ad%2B5&campaign_id=6314098899549&fbclid=IwAR3Hw9h7xB9NVLhFP6DtlhnsQMkz8JAt-PHzXsnJGLh9xG0ZmXcxaTZUlxc" "Mozilla/5.0 (Windows NT 10.0; Win64; x64) AppleWebKit/537.36 (KHTML, like Gecko) Chrome/96.0.4664.45 Safari/537.36" "wellnessconceptsclinic.com"
31.13.127.26 - - [08/Feb/2023:08:21:16 -0800] "GET /wp-content/plugins/wp-yelp-review-slider/public/js/wprev-public.js?ver=6.3 HTTP/1.1" 200 609 "https://wellnessconceptsclinic.com/?utm_source=Facebook&utm_medium=Facebook_Right_Column&utm_campaign=Wellness%2BConcepts%2BClinic%252C%2BLLC%2B%257C%2BLEAD_GENERATION%2B%257C%2B%2528R%2529%2B%252449%2B-%2BThermographic%2BNeuropathy%2B%2B%257C%2BTHERMOGRAPHIC%2BSCAN%2BAND%2BREPORT%252C%2BEVALUATION%252C%2BDR.%2BCONSULTATION&utm_term=Custom%2BLocation%2B%257C%2BAll%2B%257C%2B%2528R%2529%2B%252449%2B-%2BThermographic%2BNeuropathy%2B%2B%257C%2BTHERMOGRAPHIC%2BSCAN%2BAND%2BREPORT%252C%2BEVALUATION%252C%2BDR.%2BCONSULTATION&utm_content=Ad%2B1&campaign_id=6314098899549&fbclid=IwAR2_ctJmHAXddcdw3q15IQ3s1AUte4wV4RqPKEhb2SdqJq3y6mJNZynh9Io" "Mozilla/5.0 (Windows NT 10.0; Win64; x64) AppleWebKit/537.36 (KHTML, like Gecko) Chrome/74.0.3729.131 Safari/537.36" "wellnessconceptsclinic.com"
31.13.127.6 - - [08/Feb/2023:08:21:16 -0800] "GET /wp-content/plugins/wp-yelp-review-slider/public/js/wprs-unslider-min.js?ver=6.3 HTTP/1.1" 200 2349 "https://wellnessconceptsclinic.com/?utm_source=Facebook&utm_medium=Facebook_Right_Column&utm_campaign=Wellness%2BConcepts%2BClinic%252C%2BLLC%2B%257C%2BLEAD_GENERATION%2B%257C%2B%2528R%2529%2B%252449%2B-%2BThermographic%2BNeuropathy%2B%2B%257C%2BTHERMOGRAPHIC%2BSCAN%2BAND%2BREPORT%252C%2BEVALUATION%252C%2BDR.%2BCONSULTATION&utm_term=Custom%2BLocation%2B%257C%2BAll%2B%257C%2B%2528R%2529%2B%252449%2B-%2BThermographic%2BNeuropathy%2B%2B%257C%2BTHERMOGRAPHIC%2BSCAN%2BAND%2BREPORT%252C%2BEVALUATION%252C%2BDR.%2BCONSULTATION&utm_content=Ad%2B1&campaign_id=6314098899549&fbclid=IwAR2_ctJmHAXddcdw3q15IQ3s1AUte4wV4RqPKEhb2SdqJq3y6mJNZynh9Io" "Mozilla/5.0 (Windows NT 10.0; Win64; x64) AppleWebKit/537.36 (KHTML, like Gecko) Chrome/74.0.3729.131 Safari/537.36" "wellnessconceptsclinic.com"
31.13.127.116 - - [08/Feb/2023:08:21:16 -0800] "GET /favicon.ico HTTP/1.1" 404 88 "https://www.wellnessconceptsclinic.com/?utm_source=Facebook&utm_medium=Facebook_Right_Column&utm_campaign=Wellness%2BConcepts%2BClinic%252C%2BLLC%2B%257C%2BLEAD_GENERATION%2B%257C%2B%2528R%2529%2B%252449%2B-%2BThermographic%2BNeuropathy%2B%2B%257C%2BTHERMOGRAPHIC%2BSCAN%2BAND%2BREPORT%252C%2BEVALUATION%252C%2BDR.%2BCONSULTATION&utm_term=Custom%2BLocation%2B%257C%2BAll%2B%257C%2B%2528R%2529%2B%252449%2B-%2BThermographic%2BNeuropathy%2B%2B%257C%2BTHERMOGRAPHIC%2BSCAN%2BAND%2BREPORT%252C%2BEVALUATION%252C%2BDR.%2BCONSULTATION&utm_content=Ad%2B2&campaign_id=6314098899549&fbclid=IwAR3VtP9sGp1_mlU8YOWQQ-rVpDsrW9X8paiQM7HBh83ETCAomVriLnbRDq8" "Mozilla/5.0 (Windows NT 10.0; Win64; x64) AppleWebKit/537.36 (KHTML, like Gecko) Chrome/109.0.0.0 Safari/537.36 Edg/109.0.1518.78" "www.wellnessconceptsclinic.com"
31.13.127.8 - - [08/Feb/2023:08:21:16 -0800] "GET /wp-content/plugins/divi-booster/core/icons/socicon/fonts/Socicon.woff2?87visu HTTP/1.1" 200 64512 "https://wellnessconceptsclinic.com/?utm_source=Facebook&utm_medium=Facebook_Right_Column&utm_campaign=Wellness%2BConcepts%2BClinic%252C%2BLLC%2B%257C%2BLEAD_GENERATION%2B%257C%2B%2528R%2529%2B%252449%2B-%2BThermographic%2BNeuropathy%2B%2B%257C%2BTHERMOGRAPHIC%2BSCAN%2BAND%2BREPORT%252C%2BEVALUATION%252C%2BDR.%2BCONSULTATION&utm_term=Custom%2BLocation%2B%257C%2BAll%2B%257C%2B%2528R%2529%2B%252449%2B-%2BThermographic%2BNeuropathy%2B%2B%257C%2BTHERMOGRAPHIC%2BSCAN%2BAND%2BREPORT%252C%2BEVALUATION%252C%2BDR.%2BCONSULTATION&utm_content=Ad%2B1&campaign_id=6314098899549&fbclid=IwAR2_ctJmHAXddcdw3q15IQ3s1AUte4wV4RqPKEhb2SdqJq3y6mJNZynh9Io" "Mozilla/5.0 (Windows NT 10.0; Win64; x64) AppleWebKit/537.36 (KHTML, like Gecko) Chrome/74.0.3729.131 Safari/537.36" "wellnessconceptsclinic.com"
31.13.127.1 - - [08/Feb/2023:08:21:16 -0800] "GET /wp-content/themes/Divi/core/admin/js/common.js?ver=4.18.0 HTTP/1.1" 200 566 "https://wellnessconceptsclinic.com/?utm_source=Facebook&utm_medium=Facebook_Right_Column&utm_campaign=Wellness%2BConcepts%2BClinic%252C%2BLLC%2B%257C%2BLEAD_GENERATION%2B%257C%2B%2528R%2529%2B%252449%2B-%2BThermographic%2BNeuropathy%2B%2B%257C%2BTHERMOGRAPHIC%2BSCAN%2BAND%2BREPORT%252C%2BEVALUATION%252C%2BDR.%2BCONSULTATION&utm_term=Custom%2BLocation%2B%257C%2BAll%2B%257C%2B%2528R%2529%2B%252449%2B-%2BThermographic%2BNeuropathy%2B%2B%257C%2BTHERMOGRAPHIC%2BSCAN%2BAND%2BREPORT%252C%2BEVALUATION%252C%2BDR.%2BCONSULTATION&utm_content=Ad%2B5&campaign_id=6314098899549&fbclid=IwAR3Hw9h7xB9NVLhFP6DtlhnsQMkz8JAt-PHzXsnJGLh9xG0ZmXcxaTZUlxc" "Mozilla/5.0 (Windows NT 10.0; Win64; x64) AppleWebKit/537.36 (KHTML, like Gecko) Chrome/96.0.4664.45 Safari/537.36" "wellnessconceptsclinic.com"
31.13.127.6 - - [08/Feb/2023:08:21:16 -0800] "GET /wp-content/plugins/divi-booster/core/icons/socicon/style.css?ver=3.9.9 HTTP/1.1" 200 2812 "https://wellnessconceptsclinic.com/?utm_source=Facebook&utm_medium=Facebook_Right_Column&utm_campaign=Wellness%2BConcepts%2BClinic%252C%2BLLC%2B%257C%2BLEAD_GENERATION%2B%257C%2B%2528R%2529%2B%252449%2B-%2BThermographic%2BNeuropathy%2B%2B%257C%2BTHERMOGRAPHIC%2BSCAN%2BAND%2BREPORT%252C%2BEVALUATION%252C%2BDR.%2BCONSULTATION&utm_term=Custom%2BLocation%2B%257C%2BAll%2B%257C%2B%2528R%2529%2B%252449%2B-%2BThermographic%2BNeuropathy%2B%2B%257C%2BTHERMOGRAPHIC%2BSCAN%2BAND%2BREPORT%252C%2BEVALUATION%252C%2BDR.%2BCONSULTATION&utm_content=Ad%2B1&campaign_id=6314098899549&fbclid=IwAR2_ctJmHAXddcdw3q15IQ3s1AUte4wV4RqPKEhb2SdqJq3y6mJNZynh9Io" "Mozilla/5.0 (Windows NT 10.0; Win64; x64) AppleWebKit/537.36 (KHTML, like Gecko) Chrome/74.0.3729.131 Safari/537.36" "wellnessconceptsclinic.com"
31.13.127.24 - - [08/Feb/2023:08:21:16 -0800] "GET /wp-content/uploads/wtfdivi/wp_footer.js?ver=1620759003 HTTP/1.1" 200 183 "https://wellnessconceptsclinic.com/?utm_source=Facebook&utm_medium=Facebook_Right_Column&utm_campaign=Wellness%2BConcepts%2BClinic%252C%2BLLC%2B%257C%2BLEAD_GENERATION%2B%257C%2B%2528R%2529%2B%252449%2B-%2BThermographic%2BNeuropathy%2B%2B%257C%2BTHERMOGRAPHIC%2BSCAN%2BAND%2BREPORT%252C%2BEVALUATION%252C%2BDR.%2BCONSULTATION&utm_term=Custom%2BLocation%2B%257C%2BAll%2B%257C%2B%2528R%2529%2B%252449%2B-%2BThermographic%2BNeuropathy%2B%2B%257C%2BTHERMOGRAPHIC%2BSCAN%2BAND%2BREPORT%252C%2BEVALUATION%252C%2BDR.%2BCONSULTATION&utm_content=Ad%2B5&campaign_id=6314098899549&fbclid=IwAR3Hw9h7xB9NVLhFP6DtlhnsQMkz8JAt-PHzXsnJGLh9xG0ZmXcxaTZUlxc" "Mozilla/5.0 (Windows NT 10.0; Win64; x64) AppleWebKit/537.36 (KHTML, like Gecko) Chrome/96.0.4664.45 Safari/537.36" "wellnessconceptsclinic.com"
31.13.127.26 - - [08/Feb/2023:08:21:16 -0800] "GET /wp-content/plugins/divi-booster/core/icons/divi-booster-icons/icomoon/style.css?ver=3.9.9 HTTP/1.1" 200 453 "https://wellnessconceptsclinic.com/?utm_source=Facebook&utm_medium=Facebook_Right_Column&utm_campaign=Wellness%2BConcepts%2BClinic%252C%2BLLC%2B%257C%2BLEAD_GENERATION%2B%257C%2B%2528R%2529%2B%252449%2B-%2BThermographic%2BNeuropathy%2B%2B%257C%2BTHERMOGRAPHIC%2BSCAN%2BAND%2BREPORT%252C%2BEVALUATION%252C%2BDR.%2BCONSULTATION&utm_term=Custom%2BLocation%2B%257C%2BAll%2B%257C%2B%2528R%2529%2B%252449%2B-%2BThermographic%2BNeuropathy%2B%2B%257C%2BTHERMOGRAPHIC%2BSCAN%2BAND%2BREPORT%252C%2BEVALUATION%252C%2BDR.%2BCONSULTATION&utm_content=Ad%2B1&campaign_id=6314098899549&fbclid=IwAR2_ctJmHAXddcdw3q15IQ3s1AUte4wV4RqPKEhb2SdqJq3y6mJNZynh9Io" "Mozilla/5.0 (Windows NT 10.0; Win64; x64) AppleWebKit/537.36 (KHTML, like Gecko) Chrome/74.0.3729.131 Safari/537.36" "wellnessconceptsclinic.com"
31.13.127.6 - - [08/Feb/2023:08:21:16 -0800] "GET /wp-content/themes/Divi/core/admin/fonts/modules/all/modules.ttf HTTP/1.1" 200 92400 "https://wellnessconceptsclinic.com/?utm_source=Facebook&utm_medium=Facebook_Right_Column&utm_campaign=Wellness%2BConcepts%2BClinic%252C%2BLLC%2B%257C%2BLEAD_GENERATION%2B%257C%2B%2528R%2529%2B%252449%2B-%2BThermographic%2BNeuropathy%2B%2B%257C%2BTHERMOGRAPHIC%2BSCAN%2BAND%2BREPORT%252C%2BEVALUATION%252C%2BDR.%2BCONSULTATION&utm_term=Custom%2BLocation%2B%257C%2BAll%2B%257C%2B%2528R%2529%2B%252449%2B-%2BThermographic%2BNeuropathy%2B%2B%257C%2BTHERMOGRAPHIC%2BSCAN%2BAND%2BREPORT%252C%2BEVALUATION%252C%2BDR.%2BCONSULTATION&utm_content=Ad%2B1&campaign_id=6314098899549&fbclid=IwAR2_ctJmHAXddcdw3q15IQ3s1AUte4wV4RqPKEhb2SdqJq3y6mJNZynh9Io" "Mozilla/5.0 (Windows NT 10.0; Win64; x64) AppleWebKit/537.36 (KHTML, like Gecko) Chrome/74.0.3729.131 Safari/537.36" "wellnessconceptsclinic.com"
31.13.127.116 - - [08/Feb/2023:08:20:56 -0800] "GET /?utm_source=Facebook&utm_medium=Facebook_Right_Column&utm_campaign=Wellness%2BConcepts%2BClinic%252C%2BLLC%2B%257C%2BLEAD_GENERATION%2B%257C%2B%2528R%2529%2B%252449%2B-%2BThermographic%2BNeuropathy%2B%2B%257C%2BTHERMOGRAPHIC%2BSCAN%2BAND%2BREPORT%252C%2BEVALUATION%252C%2BDR.%2BCONSULTATION&utm_term=Custom%2BLocation%2B%257C%2BAll%2B%257C%2B%2528R%2529%2B%252449%2B-%2BThermographic%2BNeuropathy%2B%2B%257C%2BTHERMOGRAPHIC%2BSCAN%2BAND%2BREPORT%252C%2BEVALUATION%252C%2BDR.%2BCONSULTATION&utm_content=Ad%2B2&campaign_id=6314098899549&fbclid=IwAR3VtP9sGp1_mlU8YOWQQ-rVpDsrW9X8paiQM7HBh83ETCAomVriLnbRDq8 HTTP/1.1" 301 - "-" "Mozilla/5.0 (Windows NT 10.0; Win64; x64) AppleWebKit/537.36 (KHTML, like Gecko) Chrome/109.0.0.0 Safari/537.36 Edg/109.0.1518.78" "www.wellnessconceptsclinic.com"
31.13.127.26 - - [08/Feb/2023:08:21:16 -0800] "GET /wp-content/plugins/tabs-responsive/assets/js/tabs-custom.js?ver=5.9.5 HTTP/1.1" 200 13700 "https://wellnessconceptsclinic.com/?utm_source=Facebook&utm_medium=Facebook_Right_Column&utm_campaign=Wellness%2BConcepts%2BClinic%252C%2BLLC%2B%257C%2BLEAD_GENERATION%2B%257C%2B%2528R%2529%2B%252449%2B-%2BThermographic%2BNeuropathy%2B%2B%257C%2BTHERMOGRAPHIC%2BSCAN%2BAND%2BREPORT%252C%2BEVALUATION%252C%2BDR.%2BCONSULTATION&utm_term=Custom%2BLocation%2B%257C%2BAll%2B%257C%2B%2528R%2529%2B%252449%2B-%2BThermographic%2BNeuropathy%2B%2B%257C%2BTHERMOGRAPHIC%2BSCAN%2BAND%2BREPORT%252C%2BEVALUATION%252C%2BDR.%2BCONSULTATION&utm_content=Ad%2B1&campaign_id=6314098899549&fbclid=IwAR2_ctJmHAXddcdw3q15IQ3s1AUte4wV4RqPKEhb2SdqJq3y6mJNZynh9Io" "Mozilla/5.0 (Windows NT 10.0; Win64; x64) AppleWebKit/537.36 (KHTML, like Gecko) Chrome/74.0.3729.131 Safari/537.36" "wellnessconceptsclinic.com"
31.13.127.120 - - [08/Feb/2023:08:21:16 -0800] "GET /wellness/wp-content/uploads/2018/11/Screen-Shot-2018-11-06-at-9.58.39-AM.png HTTP/1.1" 200 26036 "https://wellnessconceptsclinic.com/?utm_source=Facebook&utm_medium=Facebook_Right_Column&utm_campaign=Wellness%2BConcepts%2BClinic%252C%2BLLC%2B%257C%2BLEAD_GENERATION%2B%257C%2B%2528R%2529%2B%252449%2B-%2BThermographic%2BNeuropathy%2B%2B%257C%2BTHERMOGRAPHIC%2BSCAN%2BAND%2BREPORT%252C%2BEVALUATION%252C%2BDR.%2BCONSULTATION&utm_term=Custom%2BLocation%2B%257C%2BAll%2B%257C%2B%2528R%2529%2B%252449%2B-%2BThermographic%2BNeuropathy%2B%2B%257C%2BTHERMOGRAPHIC%2BSCAN%2BAND%2BREPORT%252C%2BEVALUATION%252C%2BDR.%2BCONSULTATION&utm_content=Ad%2B5&campaign_id=6314098899549&fbclid=IwAR3Hw9h7xB9NVLhFP6DtlhnsQMkz8JAt-PHzXsnJGLh9xG0ZmXcxaTZUlxc" "Mozilla/5.0 (Windows NT 10.0; Win64; x64) AppleWebKit/537.36 (KHTML, like Gecko) Chrome/96.0.4664.45 Safari/537.36" "wellnessconceptsclinic.com"
31.13.127.24 - - [08/Feb/2023:08:21:16 -0800] "GET /wp-content/uploads/2022/01/MCR-Acu-pic.png HTTP/1.1" 404 88 "https://wellnessconceptsclinic.com/?utm_source=Facebook&utm_medium=Facebook_Right_Column&utm_campaign=Wellness%2BConcepts%2BClinic%252C%2BLLC%2B%257C%2BLEAD_GENERATION%2B%257C%2B%2528R%2529%2B%252449%2B-%2BThermographic%2BNeuropathy%2B%2B%257C%2BTHERMOGRAPHIC%2BSCAN%2BAND%2BREPORT%252C%2BEVALUATION%252C%2BDR.%2BCONSULTATION&utm_term=Custom%2BLocation%2B%257C%2BAll%2B%257C%2B%2528R%2529%2B%252449%2B-%2BThermographic%2BNeuropathy%2B%2B%257C%2BTHERMOGRAPHIC%2BSCAN%2BAND%2BREPORT%252C%2BEVALUATION%252C%2BDR.%2BCONSULTATION&utm_content=Ad%2B5&campaign_id=6314098899549&fbclid=IwAR3Hw9h7xB9NVLhFP6DtlhnsQMkz8JAt-PHzXsnJGLh9xG0ZmXcxaTZUlxc" "Mozilla/5.0 (Windows NT 10.0; Win64; x64) AppleWebKit/537.36 (KHTML, like Gecko) Chrome/96.0.4664.45 Safari/537.36" "wellnessconceptsclinic.com"
66.220.149.117 - - [08/Feb/2023:08:21:16 -0800] "GET /wp-content/uploads/2022/02/pic-2022.jpg HTTP/1.1" 404 88 "https://wellnessconceptsclinic.com/?utm_source=Facebook&utm_medium=Facebook_Right_Column&utm_campaign=Wellness%2BConcepts%2BClinic%252C%2BLLC%2B%257C%2BLEAD_GENERATION%2B%257C%2B%2528R%2529%2B%252449%2B-%2BThermographic%2BNeuropathy%2B%2B%257C%2BTHERMOGRAPHIC%2BSCAN%2BAND%2BREPORT%252C%2BEVALUATION%252C%2BDR.%2BCONSULTATION&utm_term=Custom%2BLocation%2B%257C%2BAll%2B%257C%2B%2528R%2529%2B%252449%2B-%2BThermographic%2BNeuropathy%2B%2B%257C%2BTHERMOGRAPHIC%2BSCAN%2BAND%2BREPORT%252C%2BEVALUATION%252C%2BDR.%2BCONSULTATION&utm_content=Ad%2B1&campaign_id=6314098899549&fbclid=IwAR2yaq2k2VAZ-O-Y2XX8qFcW7qa_-09DVNIm85L9NrrFHQUaY1YZAZyxhKU" "Mozilla/5.0 (Linux; Android 6.0.1; Nexus 5X Build/MMB29P) AppleWebKit/537.36 (KHTML, like Gecko) Chrome/109.0.5414.101 Mobile Safari/537.36 (compatible; Googlebot/2.1; +http://www.google.com/bot.html)" "wellnessconceptsclinic.com"
31.13.127.26 - - [08/Feb/2023:08:21:17 -0800] "GET /wp-content/plugins/tabs-responsive/assets/js/bootstrap.js?ver=5.9.5 HTTP/1.1" 200 20 "https://wellnessconceptsclinic.com/?utm_source=Facebook&utm_medium=Facebook_Right_Column&utm_campaign=Wellness%2BConcepts%2BClinic%252C%2BLLC%2B%257C%2BLEAD_GENERATION%2B%257C%2B%2528R%2529%2B%252449%2B-%2BThermographic%2BNeuropathy%2B%2B%257C%2BTHERMOGRAPHIC%2BSCAN%2BAND%2BREPORT%252C%2BEVALUATION%252C%2BDR.%2BCONSULTATION&utm_term=Custom%2BLocation%2B%257C%2BAll%2B%257C%2B%2528R%2529%2B%252449%2B-%2BThermographic%2BNeuropathy%2B%2B%257C%2BTHERMOGRAPHIC%2BSCAN%2BAND%2BREPORT%252C%2BEVALUATION%252C%2BDR.%2BCONSULTATION&utm_content=Ad%2B1&campaign_id=6314098899549&fbclid=IwAR2_ctJmHAXddcdw3q15IQ3s1AUte4wV4RqPKEhb2SdqJq3y6mJNZynh9Io" "Mozilla/5.0 (Windows NT 10.0; Win64; x64) AppleWebKit/537.36 (KHTML, like Gecko) Chrome/74.0.3729.131 Safari/537.36" "wellnessconceptsclinic.com"
31.13.127.120 - - [08/Feb/2023:08:21:17 -0800] "GET /wp-content/uploads/2021/10/Oct-2021-website-ad.jpg HTTP/1.1" 200 37692 "https://wellnessconceptsclinic.com/?utm_source=Facebook&utm_medium=Facebook_Right_Column&utm_campaign=Wellness%2BConcepts%2BClinic%252C%2BLLC%2B%257C%2BLEAD_GENERATION%2B%257C%2B%2528R%2529%2B%252449%2B-%2BThermographic%2BNeuropathy%2B%2B%257C%2BTHERMOGRAPHIC%2BSCAN%2BAND%2BREPORT%252C%2BEVALUATION%252C%2BDR.%2BCONSULTATION&utm_term=Custom%2BLocation%2B%257C%2BAll%2B%257C%2B%2528R%2529%2B%252449%2B-%2BThermographic%2BNeuropathy%2B%2B%257C%2BTHERMOGRAPHIC%2BSCAN%2BAND%2BREPORT%252C%2BEVALUATION%252C%2BDR.%2BCONSULTATION&utm_content=Ad%2B5&campaign_id=6314098899549&fbclid=IwAR3Hw9h7xB9NVLhFP6DtlhnsQMkz8JAt-PHzXsnJGLh9xG0ZmXcxaTZUlxc" "Mozilla/5.0 (Windows NT 10.0; Win64; x64) AppleWebKit/537.36 (KHTML, like Gecko) Chrome/96.0.4664.45 Safari/537.36" "wellnessconceptsclinic.com"
31.13.127.1 - - [08/Feb/2023:08:21:17 -0800] "GET /wp-content/uploads/2023/02/Feb-1-2023-1280x722.jpg HTTP/1.1" 200 93374 "https://wellnessconceptsclinic.com/?utm_source=Facebook&utm_medium=Facebook_Right_Column&utm_campaign=Wellness%2BConcepts%2BClinic%252C%2BLLC%2B%257C%2BLEAD_GENERATION%2B%257C%2B%2528R%2529%2B%252449%2B-%2BThermographic%2BNeuropathy%2B%2B%257C%2BTHERMOGRAPHIC%2BSCAN%2BAND%2BREPORT%252C%2BEVALUATION%252C%2BDR.%2BCONSULTATION&utm_term=Custom%2BLocation%2B%257C%2BAll%2B%257C%2B%2528R%2529%2B%252449%2B-%2BThermographic%2BNeuropathy%2B%2B%257C%2BTHERMOGRAPHIC%2BSCAN%2BAND%2BREPORT%252C%2BEVALUATION%252C%2BDR.%2BCONSULTATION&utm_content=Ad%2B5&campaign_id=6314098899549&fbclid=IwAR3Hw9h7xB9NVLhFP6DtlhnsQMkz8JAt-PHzXsnJGLh9xG0ZmXcxaTZUlxc" "Mozilla/5.0 (Windows NT 10.0; Win64; x64) AppleWebKit/537.36 (KHTML, like Gecko) Chrome/96.0.4664.45 Safari/537.36" "wellnessconceptsclinic.com"
31.13.127.24 - - [08/Feb/2023:08:21:17 -0800] "GET /wp-content/uploads/2022/10/pic.jpg HTTP/1.1" 200 61825 "https://wellnessconceptsclinic.com/?utm_source=Facebook&utm_medium=Facebook_Right_Column&utm_campaign=Wellness%2BConcepts%2BClinic%252C%2BLLC%2B%257C%2BLEAD_GENERATION%2B%257C%2B%2528R%2529%2B%252449%2B-%2BThermographic%2BNeuropathy%2B%2B%257C%2BTHERMOGRAPHIC%2BSCAN%2BAND%2BREPORT%252C%2BEVALUATION%252C%2BDR.%2BCONSULTATION&utm_term=Custom%2BLocation%2B%257C%2BAll%2B%257C%2B%2528R%2529%2B%252449%2B-%2BThermographic%2BNeuropathy%2B%2B%257C%2BTHERMOGRAPHIC%2BSCAN%2BAND%2BREPORT%252C%2BEVALUATION%252C%2BDR.%2BCONSULTATION&utm_content=Ad%2B5&campaign_id=6314098899549&fbclid=IwAR3Hw9h7xB9NVLhFP6DtlhnsQMkz8JAt-PHzXsnJGLh9xG0ZmXcxaTZUlxc" "Mozilla/5.0 (Windows NT 10.0; Win64; x64) AppleWebKit/537.36 (KHTML, like Gecko) Chrome/96.0.4664.45 Safari/537.36" "wellnessconceptsclinic.com"
31.13.127.8 - - [08/Feb/2023:08:21:17 -0800] "GET /wp-content/themes/Divi/js/scripts.min.js?ver=4.18.0 HTTP/1.1" 200 70295 "https://wellnessconceptsclinic.com/?utm_source=Facebook&utm_medium=Facebook_Right_Column&utm_campaign=Wellness%2BConcepts%2BClinic%252C%2BLLC%2B%257C%2BLEAD_GENERATION%2B%257C%2B%2528R%2529%2B%252449%2B-%2BThermographic%2BNeuropathy%2B%2B%257C%2BTHERMOGRAPHIC%2BSCAN%2BAND%2BREPORT%252C%2BEVALUATION%252C%2BDR.%2BCONSULTATION&utm_term=Custom%2BLocation%2B%257C%2BAll%2B%257C%2B%2528R%2529%2B%252449%2B-%2BThermographic%2BNeuropathy%2B%2B%257C%2BTHERMOGRAPHIC%2BSCAN%2BAND%2BREPORT%252C%2BEVALUATION%252C%2BDR.%2BCONSULTATION&utm_content=Ad%2B1&campaign_id=6314098899549&fbclid=IwAR2_ctJmHAXddcdw3q15IQ3s1AUte4wV4RqPKEhb2SdqJq3y6mJNZynh9Io" "Mozilla/5.0 (Windows NT 10.0; Win64; x64) AppleWebKit/537.36 (KHTML, like Gecko) Chrome/74.0.3729.131 Safari/537.36" "wellnessconceptsclinic.com"
31.13.127.26 - - [08/Feb/2023:08:21:17 -0800] "GET /wp-content/themes/Divi/includes/builder/feature/dynamic-assets/assets/js/jquery.fitvids.js?ver=4.18.0 HTTP/1.1" 200 1341 "https://wellnessconceptsclinic.com/?utm_source=Facebook&utm_medium=Facebook_Right_Column&utm_campaign=Wellness%2BConcepts%2BClinic%252C%2BLLC%2B%257C%2BLEAD_GENERATION%2B%257C%2B%2528R%2529%2B%252449%2B-%2BThermographic%2BNeuropathy%2B%2B%257C%2BTHERMOGRAPHIC%2BSCAN%2BAND%2BREPORT%252C%2BEVALUATION%252C%2BDR.%2BCONSULTATION&utm_term=Custom%2BLocation%2B%257C%2BAll%2B%257C%2B%2528R%2529%2B%252449%2B-%2BThermographic%2BNeuropathy%2B%2B%257C%2BTHERMOGRAPHIC%2BSCAN%2BAND%2BREPORT%252C%2BEVALUATION%252C%2BDR.%2BCONSULTATION&utm_content=Ad%2B1&campaign_id=6314098899549&fbclid=IwAR2_ctJmHAXddcdw3q15IQ3s1AUte4wV4RqPKEhb2SdqJq3y6mJNZynh9Io" "Mozilla/5.0 (Windows NT 10.0; Win64; x64) AppleWebKit/537.36 (KHTML, like Gecko) Chrome/74.0.3729.131 Safari/537.36" "wellnessconceptsclinic.com"
31.13.127.26 - - [08/Feb/2023:08:21:17 -0800] "GET /wp-content/themes/Divi/core/admin/js/common.js?ver=4.18.0 HTTP/1.1" 200 566 "https://wellnessconceptsclinic.com/?utm_source=Facebook&utm_medium=Facebook_Right_Column&utm_campaign=Wellness%2BConcepts%2BClinic%252C%2BLLC%2B%257C%2BLEAD_GENERATION%2B%257C%2B%2528R%2529%2B%252449%2B-%2BThermographic%2BNeuropathy%2B%2B%257C%2BTHERMOGRAPHIC%2BSCAN%2BAND%2BREPORT%252C%2BEVALUATION%252C%2BDR.%2BCONSULTATION&utm_term=Custom%2BLocation%2B%257C%2BAll%2B%257C%2B%2528R%2529%2B%252449%2B-%2BThermographic%2BNeuropathy%2B%2B%257C%2BTHERMOGRAPHIC%2BSCAN%2BAND%2BREPORT%252C%2BEVALUATION%252C%2BDR.%2BCONSULTATION&utm_content=Ad%2B1&campaign_id=6314098899549&fbclid=IwAR2_ctJmHAXddcdw3q15IQ3s1AUte4wV4RqPKEhb2SdqJq3y6mJNZynh9Io" "Mozilla/5.0 (Windows NT 10.0; Win64; x64) AppleWebKit/537.36 (KHTML, like Gecko) Chrome/74.0.3729.131 Safari/537.36" "wellnessconceptsclinic.com"
31.13.127.120 - - [08/Feb/2023:08:21:17 -0800] "GET /wp-content/uploads/2022/11/Bemer-.jpg HTTP/1.1" 200 149903 "https://wellnessconceptsclinic.com/?utm_source=Facebook&utm_medium=Facebook_Right_Column&utm_campaign=Wellness%2BConcepts%2BClinic%252C%2BLLC%2B%257C%2BLEAD_GENERATION%2B%257C%2B%2528R%2529%2B%252449%2B-%2BThermographic%2BNeuropathy%2B%2B%257C%2BTHERMOGRAPHIC%2BSCAN%2BAND%2BREPORT%252C%2BEVALUATION%252C%2BDR.%2BCONSULTATION&utm_term=Custom%2BLocation%2B%257C%2BAll%2B%257C%2B%2528R%2529%2B%252449%2B-%2BThermographic%2BNeuropathy%2B%2B%257C%2BTHERMOGRAPHIC%2BSCAN%2BAND%2BREPORT%252C%2BEVALUATION%252C%2BDR.%2BCONSULTATION&utm_content=Ad%2B5&campaign_id=6314098899549&fbclid=IwAR3Hw9h7xB9NVLhFP6DtlhnsQMkz8JAt-PHzXsnJGLh9xG0ZmXcxaTZUlxc" "Mozilla/5.0 (Windows NT 10.0; Win64; x64) AppleWebKit/537.36 (KHTML, like Gecko) Chrome/96.0.4664.45 Safari/537.36" "wellnessconceptsclinic.com"
31.13.127.26 - - [08/Feb/2023:08:21:17 -0800] "GET /wp-content/uploads/wtfdivi/wp_footer.js?ver=1620759003 HTTP/1.1" 200 183 "https://wellnessconceptsclinic.com/?utm_source=Facebook&utm_medium=Facebook_Right_Column&utm_campaign=Wellness%2BConcepts%2BClinic%252C%2BLLC%2B%257C%2BLEAD_GENERATION%2B%257C%2B%2528R%2529%2B%252449%2B-%2BThermographic%2BNeuropathy%2B%2B%257C%2BTHERMOGRAPHIC%2BSCAN%2BAND%2BREPORT%252C%2BEVALUATION%252C%2BDR.%2BCONSULTATION&utm_term=Custom%2BLocation%2B%257C%2BAll%2B%257C%2B%2528R%2529%2B%252449%2B-%2BThermographic%2BNeuropathy%2B%2B%257C%2BTHERMOGRAPHIC%2BSCAN%2BAND%2BREPORT%252C%2BEVALUATION%252C%2BDR.%2BCONSULTATION&utm_content=Ad%2B1&campaign_id=6314098899549&fbclid=IwAR2_ctJmHAXddcdw3q15IQ3s1AUte4wV4RqPKEhb2SdqJq3y6mJNZynh9Io" "Mozilla/5.0 (Windows NT 10.0; Win64; x64) AppleWebKit/537.36 (KHTML, like Gecko) Chrome/74.0.3729.131 Safari/537.36" "wellnessconceptsclinic.com"
69.171.251.22 - - [08/Feb/2023:08:20:56 -0800] "GET /?utm_source=Facebook&utm_medium=Facebook_Right_Column&utm_campaign=Wellness%2BConcepts%2BClinic%252C%2BLLC%2B%257C%2BLEAD_GENERATION%2B%257C%2B%2528R%2529%2B%252449%2B-%2BThermographic%2BNeuropathy%2B%2B%257C%2BTHERMOGRAPHIC%2BSCAN%2BAND%2BREPORT%252C%2BEVALUATION%252C%2BDR.%2BCONSULTATION&utm_term=Custom%2BLocation%2B%257C%2BAll%2B%257C%2B%2528R%2529%2B%252449%2B-%2BThermographic%2BNeuropathy%2B%2B%257C%2BTHERMOGRAPHIC%2BSCAN%2BAND%2BREPORT%252C%2BEVALUATION%252C%2BDR.%2BCONSULTATION&utm_content=Ad%2B5&campaign_id=6314098899549&fbclid=IwAR2Zxidk7i2gSaFbv1jG8masbnc2ZgPFuwPMFw980mVEfbzWqcd4zNu1Z2g HTTP/1.1" 301 - "-" "Mozilla/5.0 (Linux; Android 13; SM-G991U) AppleWebKit/537.36 (KHTML, like Gecko) Chrome/109.0.0.0 Mobile Safari/537.36" "www.wellnessconceptsclinic.com"
66.220.149.15 - - [08/Feb/2023:08:21:09 -0800] "GET /?utm_source=Facebook&utm_medium=Facebook_Right_Column&utm_campaign=Wellness%2BConcepts%2BClinic%252C%2BLLC%2B%257C%2BLEAD_GENERATION%2B%257C%2B%2528R%2529%2B%252449%2B-%2BThermographic%2BNeuropathy%2B%2B%257C%2BTHERMOGRAPHIC%2BSCAN%2BAND%2BREPORT%252C%2BEVALUATION%252C%2BDR.%2BCONSULTATION&utm_term=Custom%2BLocation%2B%257C%2BAll%2B%257C%2B%2528R%2529%2B%252449%2B-%2BThermographic%2BNeuropathy%2B%2B%257C%2BTHERMOGRAPHIC%2BSCAN%2BAND%2BREPORT%252C%2BEVALUATION%252C%2BDR.%2BCONSULTATION&utm_content=Ad%2B2&campaign_id=6314098899549&fbclid=IwAR31tO6_4tJjoJrQ50IU_XN6J5Rs4c-qKD86o0VBgZGzKG9WrgRQc6LrdOo HTTP/1.1" 200 180762 "-" "Mozilla/5.0 (Linux; Android 13; Pixel 6) AppleWebKit/537.36 (KHTML, like Gecko) Chrome/109.0.0.0 Mobile Safari/537.36" "wellnessconceptsclinic.com"
31.13.127.6 - - [08/Feb/2023:08:21:17 -0800] "GET /wellness/wp-content/uploads/2018/11/Screen-Shot-2018-11-06-at-9.58.39-AM.png HTTP/1.1" 200 26036 "https://wellnessconceptsclinic.com/?utm_source=Facebook&utm_medium=Facebook_Right_Column&utm_campaign=Wellness%2BConcepts%2BClinic%252C%2BLLC%2B%257C%2BLEAD_GENERATION%2B%257C%2B%2528R%2529%2B%252449%2B-%2BThermographic%2BNeuropathy%2B%2B%257C%2BTHERMOGRAPHIC%2BSCAN%2BAND%2BREPORT%252C%2BEVALUATION%252C%2BDR.%2BCONSULTATION&utm_term=Custom%2BLocation%2B%257C%2BAll%2B%257C%2B%2528R%2529%2B%252449%2B-%2BThermographic%2BNeuropathy%2B%2B%257C%2BTHERMOGRAPHIC%2BSCAN%2BAND%2BREPORT%252C%2BEVALUATION%252C%2BDR.%2BCONSULTATION&utm_content=Ad%2B1&campaign_id=6314098899549&fbclid=IwAR2_ctJmHAXddcdw3q15IQ3s1AUte4wV4RqPKEhb2SdqJq3y6mJNZynh9Io" "Mozilla/5.0 (Windows NT 10.0; Win64; x64) AppleWebKit/537.36 (KHTML, like Gecko) Chrome/74.0.3729.131 Safari/537.36" "wellnessconceptsclinic.com"
31.13.127.14 - - [08/Feb/2023:08:21:17 -0800] "GET /wp-content/plugins/wp-flybox/static/FlyBoxSpriteLeft.png HTTP/1.1" 200 43015 "https://wellnessconceptsclinic.com/?utm_source=Facebook&utm_medium=Facebook_Right_Column&utm_campaign=Wellness%2BConcepts%2BClinic%252C%2BLLC%2B%257C%2BLEAD_GENERATION%2B%257C%2B%2528R%2529%2B%252449%2B-%2BThermographic%2BNeuropathy%2B%2B%257C%2BTHERMOGRAPHIC%2BSCAN%2BAND%2BREPORT%252C%2BEVALUATION%252C%2BDR.%2BCONSULTATION&utm_term=Custom%2BLocation%2B%257C%2BAll%2B%257C%2B%2528R%2529%2B%252449%2B-%2BThermographic%2BNeuropathy%2B%2B%257C%2BTHERMOGRAPHIC%2BSCAN%2BAND%2BREPORT%252C%2BEVALUATION%252C%2BDR.%2BCONSULTATION&utm_content=Ad%2B5&campaign_id=6314098899549&fbclid=IwAR3Hw9h7xB9NVLhFP6DtlhnsQMkz8JAt-PHzXsnJGLh9xG0ZmXcxaTZUlxc" "Mozilla/5.0 (Windows NT 10.0; Win64; x64) AppleWebKit/537.36 (KHTML, like Gecko) Chrome/96.0.4664.45 Safari/537.36" "wellnessconceptsclinic.com"
31.13.127.1 - - [08/Feb/2023:08:21:17 -0800] "GET /wp-content/uploads/2021/05/185300231_1124006634769468_196384368853979452_n.jpg HTTP/1.1" 200 146243 "https://wellnessconceptsclinic.com/?utm_source=Facebook&utm_medium=Facebook_Right_Column&utm_campaign=Wellness%2BConcepts%2BClinic%252C%2BLLC%2B%257C%2BLEAD_GENERATION%2B%257C%2B%2528R%2529%2B%252449%2B-%2BThermographic%2BNeuropathy%2B%2B%257C%2BTHERMOGRAPHIC%2BSCAN%2BAND%2BREPORT%252C%2BEVALUATION%252C%2BDR.%2BCONSULTATION&utm_term=Custom%2BLocation%2B%257C%2BAll%2B%257C%2B%2528R%2529%2B%252449%2B-%2BThermographic%2BNeuropathy%2B%2B%257C%2BTHERMOGRAPHIC%2BSCAN%2BAND%2BREPORT%252C%2BEVALUATION%252C%2BDR.%2BCONSULTATION&utm_content=Ad%2B5&campaign_id=6314098899549&fbclid=IwAR3Hw9h7xB9NVLhFP6DtlhnsQMkz8JAt-PHzXsnJGLh9xG0ZmXcxaTZUlxc" "Mozilla/5.0 (Windows NT 10.0; Win64; x64) AppleWebKit/537.36 (KHTML, like Gecko) Chrome/96.0.4664.45 Safari/537.36" "wellnessconceptsclinic.com"
31.13.127.7 - - [08/Feb/2023:08:21:17 -0800] "GET /wp-content/uploads/2022/01/MCR-Acu-pic.png HTTP/1.1" 404 88 "https://wellnessconceptsclinic.com/?utm_source=Facebook&utm_medium=Facebook_Right_Column&utm_campaign=Wellness%2BConcepts%2BClinic%252C%2BLLC%2B%257C%2BLEAD_GENERATION%2B%257C%2B%2528R%2529%2B%252449%2B-%2BThermographic%2BNeuropathy%2B%2B%257C%2BTHERMOGRAPHIC%2BSCAN%2BAND%2BREPORT%252C%2BEVALUATION%252C%2BDR.%2BCONSULTATION&utm_term=Custom%2BLocation%2B%257C%2BAll%2B%257C%2B%2528R%2529%2B%252449%2B-%2BThermographic%2BNeuropathy%2B%2B%257C%2BTHERMOGRAPHIC%2BSCAN%2BAND%2BREPORT%252C%2BEVALUATION%252C%2BDR.%2BCONSULTATION&utm_content=Ad%2B1&campaign_id=6314098899549&fbclid=IwAR2_ctJmHAXddcdw3q15IQ3s1AUte4wV4RqPKEhb2SdqJq3y6mJNZynh9Io" "Mozilla/5.0 (Windows NT 10.0; Win64; x64) AppleWebKit/537.36 (KHTML, like Gecko) Chrome/74.0.3729.131 Safari/537.36" "wellnessconceptsclinic.com"
